{"id":2055,"date":"2021-09-14T14:08:35","date_gmt":"2021-09-14T12:08:35","guid":{"rendered":"https:\/\/salve-corda.org\/?post_type=documentation&#038;p=2055"},"modified":"2022-03-06T23:46:14","modified_gmt":"2022-03-06T22:46:14","slug":"doc-2","status":"publish","type":"documentation","link":"https:\/\/salve-corda.org\/de\/documentation\/doc-2\/","title":{"rendered":"\"Flyer\" Salve Corda zum Verteilen"},"content":{"rendered":"<p class=\"has-medium-font-size wp-block-paragraph\">Ce document d&#8217;une page est destin\u00e9 \u00e0 pr\u00e9senter rapidement Salve Corda. Il faut l&#8217;imprimer en plusieurs exemplaires et ne pas h\u00e9siter \u00e0 la distribuer aux personnes rencontr\u00e9es, aux amis etc. <\/p>\n\n\n\n<p class=\"has-medium-font-size wp-block-paragraph\"><mark style=\"background-color:rgba(0, 0, 0, 0)\" class=\"has-inline-color has-luminous-vivid-amber-color\">Eine beispiellose Krise<\/mark><br><br><em>\u00a0<mark style=\"background-color:rgba(0, 0, 0, 0);color:#0271a0\" class=\"has-inline-color\">&#8220;La crise que l\u2019occident traverse ne s\u2019est jamais v\u00e9cue dans l\u2019Histoire. Aucune soci\u00e9t\u00e9 n\u2019a l\u00e9gif\u00e9r\u00e9 ce qu\u2019on l\u00e9gif\u00e8re aujourd\u2019hui en Occident. Aucune civilisation !\u00a0&#8221;\u00a0\u00a0<\/mark>\u00a0\u00a0 \u00a0\u00a0\u00a0\u00a0\u00a0\u00a0\u00a0\u00a0\u00a0\u00a0\u00a0\u00a0\u00a0\u00a0\u00a0\u00a0\u00a0\u00a0\u00a0\u00a0\u00a0\u00a0\u00a0\u00a0\u00a0\u00a0\u00a0Papst Benedikt XVI.<\/em><br><br><em>&#8220;<mark style=\"background-color:rgba(0, 0, 0, 0);color:#0171a1\" class=\"has-inline-color\">La fl\u00e8che de la cath\u00e9drale de Paris s\u2019est effondr\u00e9e : ce n\u2019est pas un hasard ! Notre Dame de Paris symbolise tout l\u2019occident. A force de se d\u00e9tourner de Dieu l\u2019Occident s\u2019effondre. Cette civilisation vit une crise mortelle.&#8221;\u00a0\u00a0<\/mark>\u00a0\u00a0\u00a0\u00a0\u00a0\u00a0\u00a0\u00a0\u00a0 \u00a0\u00a0\u00a0\u00a0\u00a0\u00a0\u00a0\u00a0\u00a0\u00a0\u00a0\u00a0\u00a0\u00a0\u00a0\u00a0\u00a0\u00a0\u00a0\u00a0\u00a0\u00a0\u00a0\u00a0\u00a0\u00a0\u00a0\u00a0\u00a0\u00a0\u00a0\u00a0\u00a0\u00a0\u00a0\u00a0\u00a0\u00a0\u00a0\u00a0\u00a0\u00a0\u00a0\u00a0\u00a0\u00a0\u00a0\u00a0\u00a0\u00a0\u00a0\u00a0\u00a0\u00a0\u00a0\u00a0\u00a0\u00a0\u00a0\u00a0\u00a0\u00a0\u00a0\u00a0\u00a0\u00a0\u00a0\u00a0\u00a0\u00a0\u00a0\u00a0\u00a0\u00a0\u00a0\u00a0\u00a0\u00a0\u00a0\u00a0\u00a0\u00a0 \u00a0 Kardinal Sarah<\/em><br><br><mark style=\"background-color:rgba(0, 0, 0, 0)\" class=\"has-inline-color has-luminous-vivid-amber-color\">Gott hat uns den Ausweg gegeben<\/mark><br><br>Angesichts des weltweiten Ausma\u00dfes der moralischen, spirituellen, politischen und sozialen Krise, die wir durchleben, verstehen immer mehr von uns, dass wir mit menschlichen Mitteln allein nicht in der Lage sind, die Welt zu retten. <strong><u>k\u00f6nnen niemals allein<\/u><\/strong> den sich anbahnenden Kollaps aufhalten. Ein direktes g\u00f6ttliches Eingreifen ist erforderlich. Aber wie kann man es erreichen?  Diese Frage zu stellen, bedeutet, sie zu beantworten, denn wir sollten uns daran erinnern, dass die Heilige Jungfrau 1917 in Fatima zu uns kam und sagte <strong><u>welches der von Gott gewollte Weg ist<\/u><\/strong> um die Bekehrung der Welt und den Frieden zu erlangen: die Hingabe an ihr Unbeflecktes Herz durch <strong><u>ganz bestimmte Gebete und Handlungen.<\/u><\/strong> (f\u00fcnf Anfragen an die Gl\u00e4ubigen und zwei an den Papst).<br><br><em>\"<mark style=\"background-color:rgba(0, 0, 0, 0);color:#016e9d\" class=\"has-inline-color\">Gott will in der Welt die Verehrung meines Unbefleckten Herzens etablieren\".\u00a0<\/mark>\u00a0 Die Heilige Jungfrau in Fatima, 1917<\/em><br><br><em>\"<mark style=\"background-color:rgba(0, 0, 0, 0);color:#016e9d\" class=\"has-inline-color\">Gott will diese Hingabe<strong> <u>und nicht eine andere<\/u><\/strong>\".<\/mark><\/em>\u00a0 <em>Schwester Lucia, Seherin von Fatima M\u00e4rz 1939<\/em><br><br><mark style=\"background-color:rgba(0, 0, 0, 0)\" class=\"has-inline-color has-luminous-vivid-amber-color\">Worauf warten wir, um seinen Forderungen zu folgen?<\/mark><br><br>Gott braucht nicht, dass wir Millionen sind! In seiner Barmherzigkeit schickte er sich an, Sodom und Gomorrha f\u00fcr zehn Gerechte zu retten. Es bedarf also lediglich einer gewissen Anzahl von Gl\u00e4ubigen, die sich mit Glauben, Demut und Beharrlichkeit daf\u00fcr einsetzen <strong><u>um genau das umzusetzen, was Gott uns aufgetragen hat<\/u><\/strong>. Wenn wir dies tun, wird sich das in Fatima versprochene Eingreifen der Heiligen Jungfrau erf\u00fcllen.<br><br><em>\u00a0<mark style=\"background-color:rgba(0, 0, 0, 0);color:#0270a0\" class=\"has-inline-color\">\"<strong>Am Ende wird mein Unbeflecktes Herz triumphieren<\/strong>. Der Heilige Vater wird mir Russland weihen, das sich bekehren wird, und der Welt wird eine gewisse Zeit des Friedens geschenkt werden.\"\u00a0\u00a0\u00a0<\/mark>Die Heilige Jungfrau in Fatima, 23. Oktober 1917<\/em><\/p>\n\n\n\n<p class=\"has-medium-font-size wp-block-paragraph\"><mark style=\"background-color:rgba(0, 0, 0, 0)\" class=\"has-inline-color has-luminous-vivid-amber-color\">Salve Corda*<\/mark><\/p>\n\n\n\n<p class=\"has-medium-font-size wp-block-paragraph\">Salve Corda ist ein B\u00fcndnis, das Menschen aus allen Schichten - auch Kinder - zusammenbringt, die sich entschieden haben, f\u00fcr die Bekehrung der Welt und den Frieden zu handeln, indem sie <strong><u>nach den f\u00fcnf Forderungen von Fatima<\/u><\/strong>. Salve Corda ist keineswegs eine \"n-te Bewegung\", sondern greift nicht in das Engagement jedes Einzelnen ein, sondern verst\u00e4rkt es vielmehr.<\/p>\n\n\n\n<p class=\"has-medium-font-size wp-block-paragraph\"><em>&#8220;<span style=\"color:#0074a6\" class=\"has-inline-color\">Il n\u2019est jamais trop tard pour recourir aux c\u0153urs de J\u00e9sus et Marie&#8221; <\/span>Heilige Jacinta, Seherin von Fatima<\/em><\/p>\n\n\n\n<p class=\"wp-block-paragraph\">* <span style=\"font-size: revert;\">aus dem Lateinischen: Wir gr\u00fc\u00dfen euch Herzen (von Jesus und Maria)<\/span><\/p>\n\n\n\n<div class=\"wp-block-buttons is-layout-flex wp-block-buttons-is-layout-flex\">\n<div class=\"wp-block-button\"><a class=\"wp-block-button__link\" href=\"https:\/\/salve-corda.org\/wp-content\/uploads\/2021\/09\/teaser-SC-VF.pdf\" target=\"_blank\" rel=\"noreferrer noopener\">pdf ansehen und herunterladen<\/a><\/div>\n<\/div>\n\n\n\n<div class=\"wp-block-buttons is-layout-flex wp-block-buttons-is-layout-flex\"><\/div>\n\n\n\n<p class=\"wp-block-paragraph\"><\/p>","protected":false},"featured_media":1401,"template":"","class_list":["post-2055","documentation","type-documentation","status-publish","has-post-thumbnail","hentry"],"_links":{"self":[{"href":"https:\/\/salve-corda.org\/de\/wp-json\/wp\/v2\/documentation\/2055","targetHints":{"allow":["GET"]}}],"collection":[{"href":"https:\/\/salve-corda.org\/de\/wp-json\/wp\/v2\/documentation"}],"about":[{"href":"https:\/\/salve-corda.org\/de\/wp-json\/wp\/v2\/types\/documentation"}],"version-history":[{"count":1,"href":"https:\/\/salve-corda.org\/de\/wp-json\/wp\/v2\/documentation\/2055\/revisions"}],"predecessor-version":[{"id":4783,"href":"https:\/\/salve-corda.org\/de\/wp-json\/wp\/v2\/documentation\/2055\/revisions\/4783"}],"wp:featuredmedia":[{"embeddable":true,"href":"https:\/\/salve-corda.org\/de\/wp-json\/wp\/v2\/media\/1401"}],"wp:attachment":[{"href":"https:\/\/salve-corda.org\/de\/wp-json\/wp\/v2\/media?parent=2055"}],"curies":[{"name":"wp","href":"https:\/\/api.w.org\/{rel}","templated":true}]}}

<p class="has-medium-font-size wp-block-paragraph">Ce document d&#8217;une page est destiné à présenter rapidement Salve Corda. Il faut l&#8217;imprimer en plusieurs exemplaires et ne pas hésiter à la distribuer aux personnes rencontrées, aux amis etc. </p>



<p class="has-medium-font-size wp-block-paragraph"><mark style="background-color:rgba(0, 0, 0, 0)" class="has-inline-color has-luminous-vivid-amber-color">Eine beispiellose Krise</mark><br><br><em> <mark style="background-color:rgba(0, 0, 0, 0);color:#0271a0" class="has-inline-color">&#8220;La crise que l’occident traverse ne s’est jamais vécue dans l’Histoire. Aucune société n’a légiféré ce qu’on légifère aujourd’hui en Occident. Aucune civilisation ! &#8221;  </mark>                              Papst Benedikt XVI.</em><br><br><em>&#8220;<mark style="background-color:rgba(0, 0, 0, 0);color:#0171a1" class="has-inline-color">La flèche de la cathédrale de Paris s’est effondrée : ce n’est pas un hasard ! Notre Dame de Paris symbolise tout l’occident. A force de se détourner de Dieu l’Occident s’effondre. Cette civilisation vit une crise mortelle.&#8221;  </mark>                                                                                               Kardinal Sarah</em><br><br><mark style="background-color:rgba(0, 0, 0, 0)" class="has-inline-color has-luminous-vivid-amber-color">Gott hat uns den Ausweg gegeben</mark><br><br>Angesichts des weltweiten Ausmaßes der moralischen, spirituellen, politischen und sozialen Krise, die wir durchleben, verstehen immer mehr von uns, dass wir mit menschlichen Mitteln allein nicht in der Lage sind, die Welt zu retten. <strong><u>können niemals allein</u></strong> den sich anbahnenden Kollaps aufhalten. Ein direktes göttliches Eingreifen ist erforderlich. Aber wie kann man es erreichen?  Diese Frage zu stellen, bedeutet, sie zu beantworten, denn wir sollten uns daran erinnern, dass die Heilige Jungfrau 1917 in Fatima zu uns kam und sagte <strong><u>welches der von Gott gewollte Weg ist</u></strong> um die Bekehrung der Welt und den Frieden zu erlangen: die Hingabe an ihr Unbeflecktes Herz durch <strong><u>ganz bestimmte Gebete und Handlungen.</u></strong> (fünf Anfragen an die Gläubigen und zwei an den Papst).<br><br><em>"<mark style="background-color:rgba(0, 0, 0, 0);color:#016e9d" class="has-inline-color">Gott will in der Welt die Verehrung meines Unbefleckten Herzens etablieren". </mark>  Die Heilige Jungfrau in Fatima, 1917</em><br><br><em>"<mark style="background-color:rgba(0, 0, 0, 0);color:#016e9d" class="has-inline-color">Gott will diese Hingabe<strong> <u>und nicht eine andere</u></strong>".</mark></em>  <em>Schwester Lucia, Seherin von Fatima März 1939</em><br><br><mark style="background-color:rgba(0, 0, 0, 0)" class="has-inline-color has-luminous-vivid-amber-color">Worauf warten wir, um seinen Forderungen zu folgen?</mark><br><br>Gott braucht nicht, dass wir Millionen sind! In seiner Barmherzigkeit schickte er sich an, Sodom und Gomorrha für zehn Gerechte zu retten. Es bedarf also lediglich einer gewissen Anzahl von Gläubigen, die sich mit Glauben, Demut und Beharrlichkeit dafür einsetzen <strong><u>um genau das umzusetzen, was Gott uns aufgetragen hat</u></strong>. Wenn wir dies tun, wird sich das in Fatima versprochene Eingreifen der Heiligen Jungfrau erfüllen.<br><br><em> <mark style="background-color:rgba(0, 0, 0, 0);color:#0270a0" class="has-inline-color">"<strong>Am Ende wird mein Unbeflecktes Herz triumphieren</strong>. Der Heilige Vater wird mir Russland weihen, das sich bekehren wird, und der Welt wird eine gewisse Zeit des Friedens geschenkt werden."   </mark>Die Heilige Jungfrau in Fatima, 23. Oktober 1917</em></p>



<p class="has-medium-font-size wp-block-paragraph"><mark style="background-color:rgba(0, 0, 0, 0)" class="has-inline-color has-luminous-vivid-amber-color">Salve Corda*</mark></p>



<p class="has-medium-font-size wp-block-paragraph">Salve Corda ist ein Bündnis, das Menschen aus allen Schichten - auch Kinder - zusammenbringt, die sich entschieden haben, für die Bekehrung der Welt und den Frieden zu handeln, indem sie <strong><u>nach den fünf Forderungen von Fatima</u></strong>. Salve Corda ist keineswegs eine "n-te Bewegung", sondern greift nicht in das Engagement jedes Einzelnen ein, sondern verstärkt es vielmehr.</p>



<p class="has-medium-font-size wp-block-paragraph"><em>&#8220;<span style="color:#0074a6" class="has-inline-color">Il n’est jamais trop tard pour recourir aux cœurs de Jésus et Marie&#8221; </span>Heilige Jacinta, Seherin von Fatima</em></p>



<p class="wp-block-paragraph">* <span style="font-size: revert;">aus dem Lateinischen: Wir grüßen euch Herzen (von Jesus und Maria)</span></p>



<div class="wp-block-buttons is-layout-flex wp-block-buttons-is-layout-flex">
<div class="wp-block-button"><a class="wp-block-button__link" href="https://salve-corda.org/wp-content/uploads/2021/09/teaser-SC-VF.pdf" target="_blank" rel="noreferrer noopener">pdf ansehen und herunterladen</a></div>
</div>



<div class="wp-block-buttons is-layout-flex wp-block-buttons-is-layout-flex"></div>



<p class="wp-block-paragraph"></p>
