{"id":2045,"date":"2021-09-14T13:34:56","date_gmt":"2021-09-14T11:34:56","guid":{"rendered":"https:\/\/salve-corda.org\/?post_type=lettres&#038;p=2045"},"modified":"2021-12-17T19:19:11","modified_gmt":"2021-12-17T18:19:11","slug":"lettre-2","status":"publish","type":"meditations","link":"https:\/\/salve-corda.org\/de\/meditations\/lettre-2\/","title":{"rendered":"Unterst\u00fctzungsbrief von Monsignore Schneider"},"content":{"rendered":"<p class=\"has-medium-font-size wp-block-paragraph\">Liebe Anh\u00e4nger von Salve Corda!<\/p>\n\n\n\n<p class=\"wp-block-paragraph\" style=\"font-size:18px\">Mit tiefer Freude komme ich, um der gro\u00dfen Allianz um die Herzen Jesu und Marias, die Sie ins Leben gerufen haben, meine spirituelle Unterst\u00fctzung zu geben. Vor dem Hintergrund einer beispiellosen globalen Krise ist Ihr Ziel, konkret auf ihren Aufruf zu reagieren, absolut aktuell.<\/p>\n\n\n\n<p class=\"wp-block-paragraph\" style=\"font-size:18px\">Diese Verehrung der Herzen Jesu und Marias entwickelt sich heute sehr stark, und das ist absolut wesentlich. Leider werden die pr\u00e4zisen Bitten an Christus und die Heilige Jungfrau, die untrennbar mit dieser Verehrung verbunden sind, allzu oft vergessen. Das gro\u00dfe Verdienst von Salve Corda besteht gerade darin, dass es an ihre zentrale Bedeutung erinnert und seine T\u00e4tigkeit auf ihre Umsetzung gr\u00fcndet.<\/p>\n\n\n\n<p class=\"wp-block-paragraph\" style=\"font-size:18px\">Au\u00dferdem fehlt es heute an der Einheit unter den Gl\u00e4ubigen. Der Ansatz von Salve Corda entspricht diesem Bed\u00fcrfnis, indem er eben ein \"B\u00fcndnis\" ist und nicht eine neue Bewegung, die sich zu den vielen anderen gesellt. Ja, angesichts der Widrigkeiten unserer modernen Welt m\u00fcssen wir uns unter dem Banner der Herzen Jesu und Marias vereinen und ihre Forderungen in unserem Leben umsetzen.<\/p>\n\n\n\n<p class=\"wp-block-paragraph\" style=\"font-size:18px\">Erinnern wir uns an die sch\u00f6nen Worte der Hoffnung der Heiligen Jacinta: \"Es ist nie zu sp\u00e4t, sich an die Herzen Jesu und Marias zu wenden\".<\/p>\n\n\n\n<p class=\"wp-block-paragraph\" style=\"font-size:18px\">Daher segne ich von der Kathedrale Unserer Lieben Frau von Fatima in Kasachstan aus das B\u00fcndnis Salve Corda und lade die Gl\u00e4ubigen ein, sich ihm anzuschlie\u00dfen. M\u00f6ge Ihr Weg weiterhin auf Demut, dem Geist des Gehorsams und dem Glauben an den endg\u00fcltigen Sieg der Heiligen Jungfrau beruhen.<\/p>\n\n\n\n<p class=\"wp-block-paragraph\" style=\"font-size:18px\">In Kana sagte Maria zu den Dienern: \"Was er euch sagt, das tut\". Die Diener gehorchten und das Wunder geschah.<\/p>\n\n\n\n<p class=\"wp-block-paragraph\" style=\"font-size:18px\">Heute gilt das Gleiche: Tun wir, was die Heilige Jungfrau in Fatima von uns verlangt hat, und Gott wird den V\u00f6lkern die Gnaden der Bekehrung und des Friedens gew\u00e4hren, die die Welt so dringend braucht.<\/p>\n\n\n\n<p class=\"wp-block-paragraph\" style=\"font-size:18px\"><strong>+ Athanasius Schneider, Weihbischof der Erzdi\u00f6zese St. Maria in Astana<\/strong><\/p>","protected":false},"featured_media":4645,"template":"","class_list":["post-2045","meditations","type-meditations","status-publish","has-post-thumbnail","hentry"],"_links":{"self":[{"href":"https:\/\/salve-corda.org\/de\/wp-json\/wp\/v2\/meditations\/2045","targetHints":{"allow":["GET"]}}],"collection":[{"href":"https:\/\/salve-corda.org\/de\/wp-json\/wp\/v2\/meditations"}],"about":[{"href":"https:\/\/salve-corda.org\/de\/wp-json\/wp\/v2\/types\/meditations"}],"version-history":[{"count":0,"href":"https:\/\/salve-corda.org\/de\/wp-json\/wp\/v2\/meditations\/2045\/revisions"}],"wp:featuredmedia":[{"embeddable":true,"href":"https:\/\/salve-corda.org\/de\/wp-json\/wp\/v2\/media\/4645"}],"wp:attachment":[{"href":"https:\/\/salve-corda.org\/de\/wp-json\/wp\/v2\/media?parent=2045"}],"curies":[{"name":"wp","href":"https:\/\/api.w.org\/{rel}","templated":true}]}}

Unterstützungsbrief von Monsignore Schneider

<p class="has-medium-font-size wp-block-paragraph">Liebe Anhänger von Salve Corda!</p>



<p class="wp-block-paragraph" style="font-size:18px">Mit tiefer Freude komme ich, um der großen Allianz um die Herzen Jesu und Marias, die Sie ins Leben gerufen haben, meine spirituelle Unterstützung zu geben. Vor dem Hintergrund einer beispiellosen globalen Krise ist Ihr Ziel, konkret auf ihren Aufruf zu reagieren, absolut aktuell.</p>



<p class="wp-block-paragraph" style="font-size:18px">Diese Verehrung der Herzen Jesu und Marias entwickelt sich heute sehr stark, und das ist absolut wesentlich. Leider werden die präzisen Bitten an Christus und die Heilige Jungfrau, die untrennbar mit dieser Verehrung verbunden sind, allzu oft vergessen. Das große Verdienst von Salve Corda besteht gerade darin, dass es an ihre zentrale Bedeutung erinnert und seine Tätigkeit auf ihre Umsetzung gründet.</p>



<p class="wp-block-paragraph" style="font-size:18px">Außerdem fehlt es heute an der Einheit unter den Gläubigen. Der Ansatz von Salve Corda entspricht diesem Bedürfnis, indem er eben ein "Bündnis" ist und nicht eine neue Bewegung, die sich zu den vielen anderen gesellt. Ja, angesichts der Widrigkeiten unserer modernen Welt müssen wir uns unter dem Banner der Herzen Jesu und Marias vereinen und ihre Forderungen in unserem Leben umsetzen.</p>



<p class="wp-block-paragraph" style="font-size:18px">Erinnern wir uns an die schönen Worte der Hoffnung der Heiligen Jacinta: "Es ist nie zu spät, sich an die Herzen Jesu und Marias zu wenden".</p>



<p class="wp-block-paragraph" style="font-size:18px">Daher segne ich von der Kathedrale Unserer Lieben Frau von Fatima in Kasachstan aus das Bündnis Salve Corda und lade die Gläubigen ein, sich ihm anzuschließen. Möge Ihr Weg weiterhin auf Demut, dem Geist des Gehorsams und dem Glauben an den endgültigen Sieg der Heiligen Jungfrau beruhen.</p>



<p class="wp-block-paragraph" style="font-size:18px">In Kana sagte Maria zu den Dienern: "Was er euch sagt, das tut". Die Diener gehorchten und das Wunder geschah.</p>



<p class="wp-block-paragraph" style="font-size:18px">Heute gilt das Gleiche: Tun wir, was die Heilige Jungfrau in Fatima von uns verlangt hat, und Gott wird den Völkern die Gnaden der Bekehrung und des Friedens gewähren, die die Welt so dringend braucht.</p>



<p class="wp-block-paragraph" style="font-size:18px"><strong>+ Athanasius Schneider, Weihbischof der Erzdiözese St. Maria in Astana</strong></p>
