{"id":1654,"date":"2021-09-01T09:50:48","date_gmt":"2021-09-01T07:50:48","guid":{"rendered":"https:\/\/salve-corda.org\/?page_id=1654"},"modified":"2022-05-09T22:42:04","modified_gmt":"2022-05-09T20:42:04","slug":"etre-missionnaire-officiel","status":"publish","type":"page","link":"https:\/\/salve-corda.org\/de\/etre-missionnaire-officiel\/","title":{"rendered":"Z \u00catre missionnaire officiel"},"content":{"rendered":"<div data-elementor-type=\"wp-page\" data-elementor-id=\"1654\" class=\"elementor elementor-1654\">\n\t\t\t\t\t\t<section class=\"elementor-section elementor-top-section elementor-element elementor-element-8fdd96d elementor-section-boxed elementor-section-height-default elementor-section-height-default\" data-id=\"8fdd96d\" data-element_type=\"section\" data-e-type=\"section\">\n\t\t\t\t\t\t<div class=\"elementor-container elementor-column-gap-default\">\n\t\t\t\t\t<div class=\"elementor-column elementor-col-100 elementor-top-column elementor-element elementor-element-eb97a79\" data-id=\"eb97a79\" data-element_type=\"column\" data-e-type=\"column\">\n\t\t\t<div class=\"elementor-widget-wrap elementor-element-populated\">\n\t\t\t\t\t\t<div class=\"elementor-element elementor-element-8d8b31d elementor-widget elementor-widget-spacer\" data-id=\"8d8b31d\" data-element_type=\"widget\" data-e-type=\"widget\" data-widget_type=\"spacer.default\">\n\t\t\t\t<div class=\"elementor-widget-container\">\n\t\t\t\t\t\t\t<div class=\"elementor-spacer\">\n\t\t\t<div class=\"elementor-spacer-inner\"><\/div>\n\t\t<\/div>\n\t\t\t\t\t\t<\/div>\n\t\t\t\t<\/div>\n\t\t\t\t\t<\/div>\n\t\t<\/div>\n\t\t\t\t\t<\/div>\n\t\t<\/section>\n\t\t\t\t<section class=\"elementor-section elementor-top-section elementor-element elementor-element-1e0b8e2 elementor-section-boxed elementor-section-height-default elementor-section-height-default\" data-id=\"1e0b8e2\" data-element_type=\"section\" data-e-type=\"section\">\n\t\t\t\t\t\t<div class=\"elementor-container elementor-column-gap-default\">\n\t\t\t\t\t<div class=\"elementor-column elementor-col-100 elementor-top-column elementor-element elementor-element-960900e\" data-id=\"960900e\" data-element_type=\"column\" data-e-type=\"column\">\n\t\t\t<div class=\"elementor-widget-wrap elementor-element-populated\">\n\t\t\t\t\t\t<div class=\"elementor-element elementor-element-2e70e94 elementor-widget elementor-widget-heading\" data-id=\"2e70e94\" data-element_type=\"widget\" data-e-type=\"widget\" data-widget_type=\"heading.default\">\n\t\t\t\t<div class=\"elementor-widget-container\">\n\t\t\t\t\t<h2 class=\"elementor-heading-title elementor-size-default\">DEM KREIS DER SALVE CORDA-MISSIONARE BEITRETEN<\/h2>\t\t\t\t<\/div>\n\t\t\t\t<\/div>\n\t\t\t\t\t<\/div>\n\t\t<\/div>\n\t\t\t\t\t<\/div>\n\t\t<\/section>\n\t\t\t\t<section class=\"elementor-section elementor-top-section elementor-element elementor-element-9398919 elementor-section-boxed elementor-section-height-default elementor-section-height-default\" data-id=\"9398919\" data-element_type=\"section\" data-e-type=\"section\">\n\t\t\t\t\t\t<div class=\"elementor-container elementor-column-gap-default\">\n\t\t\t\t\t<div class=\"elementor-column elementor-col-50 elementor-top-column elementor-element elementor-element-06a86bd\" data-id=\"06a86bd\" data-element_type=\"column\" data-e-type=\"column\">\n\t\t\t<div class=\"elementor-widget-wrap elementor-element-populated\">\n\t\t\t\t\t\t<div class=\"elementor-element elementor-element-bb05a77 elementor-widget elementor-widget-image\" data-id=\"bb05a77\" data-element_type=\"widget\" data-e-type=\"widget\" data-widget_type=\"image.default\">\n\t\t\t\t<div class=\"elementor-widget-container\">\n\t\t\t\t\t\t\t\t\t\t\t\t\t\t\t<img fetchpriority=\"high\" decoding=\"async\" width=\"342\" height=\"342\" src=\"https:\/\/salve-corda.org\/wp-content\/uploads\/2021\/09\/st-louis-M-grignon.png\" class=\"attachment-large size-large wp-image-2087\" alt=\"\" srcset=\"https:\/\/salve-corda.org\/wp-content\/uploads\/2021\/09\/st-louis-M-grignon.png 342w, https:\/\/salve-corda.org\/wp-content\/uploads\/2021\/09\/st-louis-M-grignon-300x300.png 300w, https:\/\/salve-corda.org\/wp-content\/uploads\/2021\/09\/st-louis-M-grignon-150x150.png 150w, https:\/\/salve-corda.org\/wp-content\/uploads\/2021\/09\/st-louis-M-grignon-100x100.png 100w\" sizes=\"(max-width: 342px) 100vw, 342px\" \/>\t\t\t\t\t\t\t\t\t\t\t\t\t\t\t<\/div>\n\t\t\t\t<\/div>\n\t\t\t\t\t<\/div>\n\t\t<\/div>\n\t\t\t\t<div class=\"elementor-column elementor-col-50 elementor-top-column elementor-element elementor-element-5c1fe19\" data-id=\"5c1fe19\" data-element_type=\"column\" data-e-type=\"column\">\n\t\t\t<div class=\"elementor-widget-wrap elementor-element-populated\">\n\t\t\t\t\t\t<div class=\"elementor-element elementor-element-5b75fc0 elementor-widget elementor-widget-text-editor\" data-id=\"5b75fc0\" data-element_type=\"widget\" data-e-type=\"widget\" data-widget_type=\"text-editor.default\">\n\t\t\t\t<div class=\"elementor-widget-container\">\n\t\t\t\t\t\t\t\t\t<p>Il est tr\u00e8s important de r\u00e9pandre le plus possible autour de soi la d\u00e9votion aux C\u0153urs de J\u00e9sus et Marie si l&#8217;on veut obtenir la conversion du monde et la paix.\u00a0En effet cette d\u00e9votion voulue par Dieu est tr\u00e8s souvent\u00a0 m\u00e9connue ou oubli\u00e9e. Lorsqu\u2019on en parle autour de soi, beaucoup de gens d\u00e9couvrent et disent: \u00ab\u00a0je n\u2019en avais pas entendu parler\u00a0\u00bb , \u00ab\u00a0c\u2019est extraordinaire\u00a0\u00bb \u00ab\u00a0pourquoi n\u2019avoir pas su cela plus t\u00f4t\u00a0\u00bb<\/p><p>\u00a0<\/p><p>Es ist also davon auszugehen, dass wir in\u00a0<u><b>Missionsland<\/b><\/u><b>.\u00a0<\/b>Nat\u00fcrlich sollte dieser missionarische Geist alle Mitglieder von Salve Corda beseelen, aber dennoch braucht es Personen, die sich speziell dieser Aufgabe widmen. Diese Personen sollten ein Mindestma\u00df an Kommunikationsf\u00e4higkeit und ein gewisses Charisma besitzen. Wenn Sie sich also bereit f\u00fchlen, werden Sie offizielle Missionare der Herzen Jesu und Marias.<\/p>\t\t\t\t\t\t\t\t<\/div>\n\t\t\t\t<\/div>\n\t\t\t\t\t<\/div>\n\t\t<\/div>\n\t\t\t\t\t<\/div>\n\t\t<\/section>\n\t\t\t\t<section class=\"elementor-section elementor-top-section elementor-element elementor-element-2ebf9c9 elementor-section-boxed elementor-section-height-default elementor-section-height-default\" data-id=\"2ebf9c9\" data-element_type=\"section\" data-e-type=\"section\">\n\t\t\t\t\t\t<div class=\"elementor-container elementor-column-gap-default\">\n\t\t\t\t\t<div class=\"elementor-column elementor-col-100 elementor-top-column elementor-element elementor-element-d94470f\" data-id=\"d94470f\" data-element_type=\"column\" data-e-type=\"column\">\n\t\t\t<div class=\"elementor-widget-wrap elementor-element-populated\">\n\t\t\t\t\t\t<div class=\"elementor-element elementor-element-7c70bf4 elementor-widget elementor-widget-text-editor\" data-id=\"7c70bf4\" data-element_type=\"widget\" data-e-type=\"widget\" data-widget_type=\"text-editor.default\">\n\t\t\t\t<div class=\"elementor-widget-container\">\n\t\t\t\t\t\t\t\t\t<p><span style=\"color: var( --e-global-color-text ); font-family: var( --e-global-typography-text-font-family ), Sans-serif; font-size: var( --e-global-typography-text-font-size ); font-weight: var( --e-global-typography-text-font-weight );\"><br><\/span><\/p><p><span style=\"color: var( --e-global-color-text ); font-family: var( --e-global-typography-text-font-family ), Sans-serif; font-size: var( --e-global-typography-text-font-size ); font-weight: var( --e-global-typography-text-font-weight );\">Pour devenir missionnaires, contactez nous. Apr\u00e8s un entretien, vous serez r\u00e9f\u00e9renc\u00e9s et int\u00e9grerez le cercle des missionnaires qui permet d&#8217;\u00e9changer, de faire part des exp\u00e9riences, des succ\u00e8s ou \u00e9checs, etc.&nbsp;<\/span><span style=\"color: var( --e-global-color-text ); font-family: var( --e-global-typography-text-font-family ), Sans-serif; font-size: var( --e-global-typography-text-font-size ); font-weight: var( --e-global-typography-text-font-weight );\">Die Missionare sollen nat\u00fcrlich ein Vorbild sein und bem\u00fchen sich daher, in ihrem eigenen Leben die Forderungen der Heiligen Jungfrau und des Heiligen Herzens zu erf\u00fcllen.<\/span><\/p>\t\t\t\t\t\t\t\t<\/div>\n\t\t\t\t<\/div>\n\t\t\t\t<div class=\"elementor-element elementor-element-c8df936 elementor-align-center elementor-widget elementor-widget-button\" data-id=\"c8df936\" data-element_type=\"widget\" data-e-type=\"widget\" data-widget_type=\"button.default\">\n\t\t\t\t<div class=\"elementor-widget-container\">\n\t\t\t\t\t\t\t\t\t<div class=\"elementor-button-wrapper\">\n\t\t\t\t\t<a class=\"elementor-button elementor-button-link elementor-size-sm\" href=\"https:\/\/salve-corda.org\/de\/contact\/\">\n\t\t\t\t\t\t<span class=\"elementor-button-content-wrapper\">\n\t\t\t\t\t\t\t\t\t<span class=\"elementor-button-text\">Missionar werden<\/span>\n\t\t\t\t\t<\/span>\n\t\t\t\t\t<\/a>\n\t\t\t\t<\/div>\n\t\t\t\t\t\t\t\t<\/div>\n\t\t\t\t<\/div>\n\t\t\t\t\t<\/div>\n\t\t<\/div>\n\t\t\t\t\t<\/div>\n\t\t<\/section>\n\t\t\t\t<section class=\"elementor-section elementor-top-section elementor-element elementor-element-f8d5249 elementor-section-boxed elementor-section-height-default elementor-section-height-default\" data-id=\"f8d5249\" data-element_type=\"section\" data-e-type=\"section\" data-settings=\"{&quot;background_background&quot;:&quot;classic&quot;}\">\n\t\t\t\t\t\t<div class=\"elementor-container elementor-column-gap-default\">\n\t\t\t\t\t<div class=\"elementor-column elementor-col-100 elementor-top-column elementor-element elementor-element-5f0dfed\" data-id=\"5f0dfed\" data-element_type=\"column\" data-e-type=\"column\">\n\t\t\t<div class=\"elementor-widget-wrap elementor-element-populated\">\n\t\t\t\t\t\t<div class=\"elementor-element elementor-element-dcc69af elementor-widget elementor-widget-heading\" data-id=\"dcc69af\" data-element_type=\"widget\" data-e-type=\"widget\" data-widget_type=\"heading.default\">\n\t\t\t\t<div class=\"elementor-widget-container\">\n\t\t\t\t\t<h3 class=\"elementor-heading-title elementor-size-default\">Einige praktische Tipps :<\/h3>\t\t\t\t<\/div>\n\t\t\t\t<\/div>\n\t\t\t\t<div class=\"elementor-element elementor-element-aea84a5 elementor-widget elementor-widget-text-editor\" data-id=\"aea84a5\" data-element_type=\"widget\" data-e-type=\"widget\" data-widget_type=\"text-editor.default\">\n\t\t\t\t<div class=\"elementor-widget-container\">\n\t\t\t\t\t\t\t\t\t<p>Es ist zwar gut, allen Menschen von der Verehrung des Unbefleckten Herzens Marias zu erz\u00e4hlen, aber man sollte dennoch Zeitverschwendung vermeiden und <u><b>unsere Bem\u00fchungen konzentrieren <\/b><\/u>auf die empf\u00e4nglichsten Menschen, die dem\u00fctig und fromm sind. Wir sollten keine Zeit damit verschwenden, Menschen zu \u00fcberzeugen, die zu besch\u00e4ftigt sind oder die diese Andacht mit Stolz als nutzlos oder abgeschlossen betrachten. Beten wir, dass die Heilige Jungfrau sie erleuchtet und sch\u00fctteln wir, wie im Evangelium, den Staub von unseren Sandalen, um schnell zum n\u00e4chsten zu gelangen. Die Zeit ist knapp, um diese \"?\u00a0<b>Armee der Bescheidenen\u00a0<\/b>\"die die Heilige Jungfrau braucht, um handeln und den Papst senden zu k\u00f6nnen, der Russland ihrem unbefleckten Herzen weihen und so die Bekehrung der Welt erm\u00f6glichen wird.<\/p><p>\u00a0<\/p><p>Um \u00fcber diese Hingabe zu sprechen, sollten die Missionare nicht z\u00f6gern, alle verf\u00fcgbaren Mittel zu nutzen. Zun\u00e4chst ihre eigenen Adressb\u00fccher und sozialen Netzwerke. Aber sie m\u00fcssen auch kommunizieren in <b>das t\u00e4gliche Leben <\/b>mit Menschen, die man nicht unbedingt kennt: fromme Menschen, die man in der Messe beobachtet, Menschen, die man zuf\u00e4llig trifft und die auf der Suche sind, etc. Kurz gesagt, jede Gelegenheit ist gut und denken Sie daran, dass Christus sich im Evangelium dar\u00fcber beschwert hat, dass die Guten nicht genug waren. <b>effizient und erfinderisch<\/b>.<\/p>\t\t\t\t\t\t\t\t<\/div>\n\t\t\t\t<\/div>\n\t\t\t\t\t<\/div>\n\t\t<\/div>\n\t\t\t\t\t<\/div>\n\t\t<\/section>\n\t\t\t\t<\/div>","protected":false},"excerpt":{"rendered":"<p>REJOINDRE LE CERCLE DES MISSIONNAIRES SALVE CORDA Il est tr\u00e8s important de r\u00e9pandre le plus possible autour de soi la d\u00e9votion aux C\u0153urs de J\u00e9sus et Marie si l&#8217;on veut obtenir la conversion [&hellip;]<\/p>","protected":false},"author":1,"featured_media":0,"parent":0,"menu_order":0,"comment_status":"closed","ping_status":"closed","template":"elementor_header_footer","meta":{"footnotes":""},"class_list":["post-1654","page","type-page","status-publish","hentry"],"_links":{"self":[{"href":"https:\/\/salve-corda.org\/de\/wp-json\/wp\/v2\/pages\/1654","targetHints":{"allow":["GET"]}}],"collection":[{"href":"https:\/\/salve-corda.org\/de\/wp-json\/wp\/v2\/pages"}],"about":[{"href":"https:\/\/salve-corda.org\/de\/wp-json\/wp\/v2\/types\/page"}],"author":[{"embeddable":true,"href":"https:\/\/salve-corda.org\/de\/wp-json\/wp\/v2\/users\/1"}],"replies":[{"embeddable":true,"href":"https:\/\/salve-corda.org\/de\/wp-json\/wp\/v2\/comments?post=1654"}],"version-history":[{"count":26,"href":"https:\/\/salve-corda.org\/de\/wp-json\/wp\/v2\/pages\/1654\/revisions"}],"predecessor-version":[{"id":5459,"href":"https:\/\/salve-corda.org\/de\/wp-json\/wp\/v2\/pages\/1654\/revisions\/5459"}],"wp:attachment":[{"href":"https:\/\/salve-corda.org\/de\/wp-json\/wp\/v2\/media?parent=1654"}],"curies":[{"name":"wp","href":"https:\/\/api.w.org\/{rel}","templated":true}]}}

Z Être missionnaire officiel

<div data-elementor-type="wp-page" data-elementor-id="1654" class="elementor elementor-1654">
						<section class="elementor-section elementor-top-section elementor-element elementor-element-8fdd96d elementor-section-boxed elementor-section-height-default elementor-section-height-default" data-id="8fdd96d" data-element_type="section" data-e-type="section">
						<div class="elementor-container elementor-column-gap-default">
					<div class="elementor-column elementor-col-100 elementor-top-column elementor-element elementor-element-eb97a79" data-id="eb97a79" data-element_type="column" data-e-type="column">
			<div class="elementor-widget-wrap elementor-element-populated">
						<div class="elementor-element elementor-element-8d8b31d elementor-widget elementor-widget-spacer" data-id="8d8b31d" data-element_type="widget" data-e-type="widget" data-widget_type="spacer.default">
				<div class="elementor-widget-container">
							<div class="elementor-spacer">
			<div class="elementor-spacer-inner"></div>
		</div>
						</div>
				</div>
					</div>
		</div>
					</div>
		</section>
				<section class="elementor-section elementor-top-section elementor-element elementor-element-1e0b8e2 elementor-section-boxed elementor-section-height-default elementor-section-height-default" data-id="1e0b8e2" data-element_type="section" data-e-type="section">
						<div class="elementor-container elementor-column-gap-default">
					<div class="elementor-column elementor-col-100 elementor-top-column elementor-element elementor-element-960900e" data-id="960900e" data-element_type="column" data-e-type="column">
			<div class="elementor-widget-wrap elementor-element-populated">
						<div class="elementor-element elementor-element-2e70e94 elementor-widget elementor-widget-heading" data-id="2e70e94" data-element_type="widget" data-e-type="widget" data-widget_type="heading.default">
				<div class="elementor-widget-container">
					<h2 class="elementor-heading-title elementor-size-default">DEM KREIS DER SALVE CORDA-MISSIONARE BEITRETEN</h2>				</div>
				</div>
					</div>
		</div>
					</div>
		</section>
				<section class="elementor-section elementor-top-section elementor-element elementor-element-9398919 elementor-section-boxed elementor-section-height-default elementor-section-height-default" data-id="9398919" data-element_type="section" data-e-type="section">
						<div class="elementor-container elementor-column-gap-default">
					<div class="elementor-column elementor-col-50 elementor-top-column elementor-element elementor-element-06a86bd" data-id="06a86bd" data-element_type="column" data-e-type="column">
			<div class="elementor-widget-wrap elementor-element-populated">
						<div class="elementor-element elementor-element-bb05a77 elementor-widget elementor-widget-image" data-id="bb05a77" data-element_type="widget" data-e-type="widget" data-widget_type="image.default">
				<div class="elementor-widget-container">
															<img fetchpriority="high" decoding="async" width="342" height="342" src="https://salve-corda.org/wp-content/uploads/2021/09/st-louis-M-grignon.png" class="attachment-large size-large wp-image-2087" alt="" srcset="https://salve-corda.org/wp-content/uploads/2021/09/st-louis-M-grignon.png 342w, https://salve-corda.org/wp-content/uploads/2021/09/st-louis-M-grignon-300x300.png 300w, https://salve-corda.org/wp-content/uploads/2021/09/st-louis-M-grignon-150x150.png 150w, https://salve-corda.org/wp-content/uploads/2021/09/st-louis-M-grignon-100x100.png 100w" sizes="(max-width: 342px) 100vw, 342px" />															</div>
				</div>
					</div>
		</div>
				<div class="elementor-column elementor-col-50 elementor-top-column elementor-element elementor-element-5c1fe19" data-id="5c1fe19" data-element_type="column" data-e-type="column">
			<div class="elementor-widget-wrap elementor-element-populated">
						<div class="elementor-element elementor-element-5b75fc0 elementor-widget elementor-widget-text-editor" data-id="5b75fc0" data-element_type="widget" data-e-type="widget" data-widget_type="text-editor.default">
				<div class="elementor-widget-container">
									<p>Il est très important de répandre le plus possible autour de soi la dévotion aux Cœurs de Jésus et Marie si l&#8217;on veut obtenir la conversion du monde et la paix. En effet cette dévotion voulue par Dieu est très souvent  méconnue ou oubliée. Lorsqu’on en parle autour de soi, beaucoup de gens découvrent et disent: « je n’en avais pas entendu parler » , « c’est extraordinaire » « pourquoi n’avoir pas su cela plus tôt »</p><p> </p><p>Es ist also davon auszugehen, dass wir in <u><b>Missionsland</b></u><b>. </b>Natürlich sollte dieser missionarische Geist alle Mitglieder von Salve Corda beseelen, aber dennoch braucht es Personen, die sich speziell dieser Aufgabe widmen. Diese Personen sollten ein Mindestmaß an Kommunikationsfähigkeit und ein gewisses Charisma besitzen. Wenn Sie sich also bereit fühlen, werden Sie offizielle Missionare der Herzen Jesu und Marias.</p>								</div>
				</div>
					</div>
		</div>
					</div>
		</section>
				<section class="elementor-section elementor-top-section elementor-element elementor-element-2ebf9c9 elementor-section-boxed elementor-section-height-default elementor-section-height-default" data-id="2ebf9c9" data-element_type="section" data-e-type="section">
						<div class="elementor-container elementor-column-gap-default">
					<div class="elementor-column elementor-col-100 elementor-top-column elementor-element elementor-element-d94470f" data-id="d94470f" data-element_type="column" data-e-type="column">
			<div class="elementor-widget-wrap elementor-element-populated">
						<div class="elementor-element elementor-element-7c70bf4 elementor-widget elementor-widget-text-editor" data-id="7c70bf4" data-element_type="widget" data-e-type="widget" data-widget_type="text-editor.default">
				<div class="elementor-widget-container">
									<p><span style="color: var( --e-global-color-text ); font-family: var( --e-global-typography-text-font-family ), Sans-serif; font-size: var( --e-global-typography-text-font-size ); font-weight: var( --e-global-typography-text-font-weight );"><br></span></p><p><span style="color: var( --e-global-color-text ); font-family: var( --e-global-typography-text-font-family ), Sans-serif; font-size: var( --e-global-typography-text-font-size ); font-weight: var( --e-global-typography-text-font-weight );">Pour devenir missionnaires, contactez nous. Après un entretien, vous serez référencés et intégrerez le cercle des missionnaires qui permet d&#8217;échanger, de faire part des expériences, des succès ou échecs, etc.&nbsp;</span><span style="color: var( --e-global-color-text ); font-family: var( --e-global-typography-text-font-family ), Sans-serif; font-size: var( --e-global-typography-text-font-size ); font-weight: var( --e-global-typography-text-font-weight );">Die Missionare sollen natürlich ein Vorbild sein und bemühen sich daher, in ihrem eigenen Leben die Forderungen der Heiligen Jungfrau und des Heiligen Herzens zu erfüllen.</span></p>								</div>
				</div>
				<div class="elementor-element elementor-element-c8df936 elementor-align-center elementor-widget elementor-widget-button" data-id="c8df936" data-element_type="widget" data-e-type="widget" data-widget_type="button.default">
				<div class="elementor-widget-container">
									<div class="elementor-button-wrapper">
					<a class="elementor-button elementor-button-link elementor-size-sm" href="https://salve-corda.org/de/contact/">
						<span class="elementor-button-content-wrapper">
									<span class="elementor-button-text">Missionar werden</span>
					</span>
					</a>
				</div>
								</div>
				</div>
					</div>
		</div>
					</div>
		</section>
				<section class="elementor-section elementor-top-section elementor-element elementor-element-f8d5249 elementor-section-boxed elementor-section-height-default elementor-section-height-default" data-id="f8d5249" data-element_type="section" data-e-type="section" data-settings="{&quot;background_background&quot;:&quot;classic&quot;}">
						<div class="elementor-container elementor-column-gap-default">
					<div class="elementor-column elementor-col-100 elementor-top-column elementor-element elementor-element-5f0dfed" data-id="5f0dfed" data-element_type="column" data-e-type="column">
			<div class="elementor-widget-wrap elementor-element-populated">
						<div class="elementor-element elementor-element-dcc69af elementor-widget elementor-widget-heading" data-id="dcc69af" data-element_type="widget" data-e-type="widget" data-widget_type="heading.default">
				<div class="elementor-widget-container">
					<h3 class="elementor-heading-title elementor-size-default">Einige praktische Tipps :</h3>				</div>
				</div>
				<div class="elementor-element elementor-element-aea84a5 elementor-widget elementor-widget-text-editor" data-id="aea84a5" data-element_type="widget" data-e-type="widget" data-widget_type="text-editor.default">
				<div class="elementor-widget-container">
									<p>Es ist zwar gut, allen Menschen von der Verehrung des Unbefleckten Herzens Marias zu erzählen, aber man sollte dennoch Zeitverschwendung vermeiden und <u><b>unsere Bemühungen konzentrieren </b></u>auf die empfänglichsten Menschen, die demütig und fromm sind. Wir sollten keine Zeit damit verschwenden, Menschen zu überzeugen, die zu beschäftigt sind oder die diese Andacht mit Stolz als nutzlos oder abgeschlossen betrachten. Beten wir, dass die Heilige Jungfrau sie erleuchtet und schütteln wir, wie im Evangelium, den Staub von unseren Sandalen, um schnell zum nächsten zu gelangen. Die Zeit ist knapp, um diese "? <b>Armee der Bescheidenen </b>"die die Heilige Jungfrau braucht, um handeln und den Papst senden zu können, der Russland ihrem unbefleckten Herzen weihen und so die Bekehrung der Welt ermöglichen wird.</p><p> </p><p>Um über diese Hingabe zu sprechen, sollten die Missionare nicht zögern, alle verfügbaren Mittel zu nutzen. Zunächst ihre eigenen Adressbücher und sozialen Netzwerke. Aber sie müssen auch kommunizieren in <b>das tägliche Leben </b>mit Menschen, die man nicht unbedingt kennt: fromme Menschen, die man in der Messe beobachtet, Menschen, die man zufällig trifft und die auf der Suche sind, etc. Kurz gesagt, jede Gelegenheit ist gut und denken Sie daran, dass Christus sich im Evangelium darüber beschwert hat, dass die Guten nicht genug waren. <b>effizient und erfinderisch</b>.</p>								</div>
				</div>
					</div>
		</div>
					</div>
		</section>
				</div>

<p>REJOINDRE LE CERCLE DES MISSIONNAIRES SALVE CORDA Il est très important de répandre le plus possible autour de soi la dévotion aux Cœurs de Jésus et Marie si l&#8217;on veut obtenir la conversion [&hellip;]</p>
