{"id":480,"date":"2020-09-25T15:31:36","date_gmt":"2020-09-25T13:31:36","guid":{"rendered":"https:\/\/salve-corda.org\/?page_id=480"},"modified":"2021-12-01T22:45:25","modified_gmt":"2021-12-01T21:45:25","slug":"signification-des-1ers-vendredis-et-samedis-du-mois","status":"publish","type":"page","link":"https:\/\/salve-corda.org\/de\/signification-des-1ers-vendredis-et-samedis-du-mois\/","title":{"rendered":"Bedeutung des 1. Freitags und Samstags im Monat?"},"content":{"rendered":"<div data-elementor-type=\"wp-page\" data-elementor-id=\"480\" class=\"elementor elementor-480\">\n\t\t\t\t\t\t<section class=\"elementor-section elementor-top-section elementor-element elementor-element-76295b2 elementor-section-boxed elementor-section-height-default elementor-section-height-default\" data-id=\"76295b2\" data-element_type=\"section\" data-e-type=\"section\">\n\t\t\t\t\t\t<div class=\"elementor-container elementor-column-gap-default\">\n\t\t\t\t\t<div class=\"elementor-column elementor-col-100 elementor-top-column elementor-element elementor-element-3b1dc33\" data-id=\"3b1dc33\" data-element_type=\"column\" data-e-type=\"column\">\n\t\t\t<div class=\"elementor-widget-wrap elementor-element-populated\">\n\t\t\t\t\t\t<div class=\"elementor-element elementor-element-4290dc1 elementor-widget elementor-widget-spacer\" data-id=\"4290dc1\" data-element_type=\"widget\" data-e-type=\"widget\" data-widget_type=\"spacer.default\">\n\t\t\t\t<div class=\"elementor-widget-container\">\n\t\t\t\t\t\t\t<div class=\"elementor-spacer\">\n\t\t\t<div class=\"elementor-spacer-inner\"><\/div>\n\t\t<\/div>\n\t\t\t\t\t\t<\/div>\n\t\t\t\t<\/div>\n\t\t\t\t\t<\/div>\n\t\t<\/div>\n\t\t\t\t\t<\/div>\n\t\t<\/section>\n\t\t\t\t<section class=\"elementor-section elementor-top-section elementor-element elementor-element-f1f514c elementor-section-boxed elementor-section-height-default elementor-section-height-default\" data-id=\"f1f514c\" data-element_type=\"section\" data-e-type=\"section\">\n\t\t\t\t\t\t<div class=\"elementor-container elementor-column-gap-default\">\n\t\t\t\t\t<div class=\"elementor-column elementor-col-100 elementor-top-column elementor-element elementor-element-dd88db6\" data-id=\"dd88db6\" data-element_type=\"column\" data-e-type=\"column\">\n\t\t\t<div class=\"elementor-widget-wrap elementor-element-populated\">\n\t\t\t\t\t\t<div class=\"elementor-element elementor-element-205cd01 elementor-widget elementor-widget-heading\" data-id=\"205cd01\" data-element_type=\"widget\" data-e-type=\"widget\" data-widget_type=\"heading.default\">\n\t\t\t\t<div class=\"elementor-widget-container\">\n\t\t\t\t\t<h2 class=\"elementor-heading-title elementor-size-default\">Warum am ersten Freitag und Samstag jedes Monats?\n<\/h2>\t\t\t\t<\/div>\n\t\t\t\t<\/div>\n\t\t\t\t\t<\/div>\n\t\t<\/div>\n\t\t\t\t\t<\/div>\n\t\t<\/section>\n\t\t\t\t<section class=\"elementor-section elementor-top-section elementor-element elementor-element-f40c6a5 elementor-section-boxed elementor-section-height-default elementor-section-height-default\" data-id=\"f40c6a5\" data-element_type=\"section\" data-e-type=\"section\">\n\t\t\t\t\t\t<div class=\"elementor-container elementor-column-gap-default\">\n\t\t\t\t\t<div class=\"elementor-column elementor-col-100 elementor-top-column elementor-element elementor-element-0b15af7\" data-id=\"0b15af7\" data-element_type=\"column\" data-e-type=\"column\">\n\t\t\t<div class=\"elementor-widget-wrap elementor-element-populated\">\n\t\t\t\t\t\t<div class=\"elementor-element elementor-element-e20f103 elementor-widget elementor-widget-text-editor\" data-id=\"e20f103\" data-element_type=\"widget\" data-e-type=\"widget\" data-widget_type=\"text-editor.default\">\n\t\t\t\t<div class=\"elementor-widget-container\">\n\t\t\t\t\t\t\t\t\t<p>Man kann sich die Frage stellen: Warum ist Christus gekommen, um uns zu bitten, sein Herz am ersten Freitag des Monats zu feiern, und die Heilige Jungfrau ist gekommen, um uns zu bitten, ihr Herz am ersten Samstag zu feiern? Auch wenn hinter den Bitten des Himmels immer ein Teil des Mysteriums steht, um unseren Glauben zu bewahren und uns zur Demut des einfachen Gehorsams zu f\u00fchren, lassen sich dennoch Teilerkl\u00e4rungen finden.<\/p>\t\t\t\t\t\t\t\t<\/div>\n\t\t\t\t<\/div>\n\t\t\t\t\t<\/div>\n\t\t<\/div>\n\t\t\t\t\t<\/div>\n\t\t<\/section>\n\t\t\t\t<section class=\"elementor-section elementor-top-section elementor-element elementor-element-ce97835 elementor-section-boxed elementor-section-height-default elementor-section-height-default\" data-id=\"ce97835\" data-element_type=\"section\" data-e-type=\"section\">\n\t\t\t\t\t\t<div class=\"elementor-container elementor-column-gap-default\">\n\t\t\t\t\t<div class=\"elementor-column elementor-col-50 elementor-top-column elementor-element elementor-element-ddf1cf7\" data-id=\"ddf1cf7\" data-element_type=\"column\" data-e-type=\"column\">\n\t\t\t<div class=\"elementor-widget-wrap elementor-element-populated\">\n\t\t\t\t\t\t<div class=\"elementor-element elementor-element-e0666c4 elementor-widget elementor-widget-text-editor\" data-id=\"e0666c4\" data-element_type=\"widget\" data-e-type=\"widget\" data-widget_type=\"text-editor.default\">\n\t\t\t\t<div class=\"elementor-widget-container\">\n\t\t\t\t\t\t\t\t\t<p><span style=\"color: var( --e-global-color-text ); font-family: var( --e-global-typography-text-font-family ), Sans-serif; font-size: var( --e-global-typography-text-font-size ); font-weight: var( --e-global-typography-text-font-weight );\">Wir wissen, dass unsere Erl\u00f6sung um den Preis des gemeinsamen Leidens Christi und der Heiligen Jungfrau erlangt wurde. Christus hat an einem Freitag gelitten und ist gestorben. Das ultimative Geschenk seiner Liebe fand also an diesem Tag statt, dem Tag, den er f\u00fcr die Hingabe an sein Herz gew\u00e4hlt hat. Was k\u00f6nnte logischer sein?<\/span><\/p><p>\u00a0<\/p><p>\u00a0<\/p><p>F\u00fcr die Heilige Jungfrau waren ihre Leiden am Karfreitag zwar auch unermesslich, aber sie dauerten den ganzen Samstag bis zur Auferstehung an. W\u00e4hrend des ganzen Tages und der Nacht verlie\u00df sie die Vision dessen, was ihr Sohn erlitten hatte, nicht und das Schwert steckte w\u00e4hrend dieser 24 Stunden, die man als die Agonie der Heiligen Jungfrau bezeichnen k\u00f6nnte, tief in ihrem Herzen.<\/p><p>\u00a0<\/p>\t\t\t\t\t\t\t\t<\/div>\n\t\t\t\t<\/div>\n\t\t\t\t\t<\/div>\n\t\t<\/div>\n\t\t\t\t<div class=\"elementor-column elementor-col-50 elementor-top-column elementor-element elementor-element-191f821\" data-id=\"191f821\" data-element_type=\"column\" data-e-type=\"column\">\n\t\t\t<div class=\"elementor-widget-wrap elementor-element-populated\">\n\t\t\t\t\t\t<div class=\"elementor-element elementor-element-02a4edf elementor-widget elementor-widget-image\" data-id=\"02a4edf\" data-element_type=\"widget\" data-e-type=\"widget\" data-widget_type=\"image.default\">\n\t\t\t\t<div class=\"elementor-widget-container\">\n\t\t\t\t\t\t\t\t\t\t\t\t\t\t\t<img fetchpriority=\"high\" decoding=\"async\" width=\"640\" height=\"511\" src=\"https:\/\/salve-corda.org\/wp-content\/uploads\/2021\/09\/image069-1.jpg\" class=\"attachment-large size-large wp-image-2540\" alt=\"\" srcset=\"https:\/\/salve-corda.org\/wp-content\/uploads\/2021\/09\/image069-1.jpg 662w, https:\/\/salve-corda.org\/wp-content\/uploads\/2021\/09\/image069-1-300x240.jpg 300w\" sizes=\"(max-width: 640px) 100vw, 640px\" \/>\t\t\t\t\t\t\t\t\t\t\t\t\t\t\t<\/div>\n\t\t\t\t<\/div>\n\t\t\t\t\t<\/div>\n\t\t<\/div>\n\t\t\t\t\t<\/div>\n\t\t<\/section>\n\t\t\t\t<section class=\"elementor-section elementor-top-section elementor-element elementor-element-f2f2296 elementor-section-boxed elementor-section-height-default elementor-section-height-default\" data-id=\"f2f2296\" data-element_type=\"section\" data-e-type=\"section\">\n\t\t\t\t\t\t<div class=\"elementor-container elementor-column-gap-default\">\n\t\t\t\t\t<div class=\"elementor-column elementor-col-100 elementor-top-column elementor-element elementor-element-cf09d99\" data-id=\"cf09d99\" data-element_type=\"column\" data-e-type=\"column\">\n\t\t\t<div class=\"elementor-widget-wrap elementor-element-populated\">\n\t\t\t\t\t\t<div class=\"elementor-element elementor-element-aa3b0f2 elementor-widget elementor-widget-text-editor\" data-id=\"aa3b0f2\" data-element_type=\"widget\" data-e-type=\"widget\" data-widget_type=\"text-editor.default\">\n\t\t\t\t<div class=\"elementor-widget-container\">\n\t\t\t\t\t\t\t\t\t<p>Es war auch dieser Samstag, an dem die Demonstration ihres Glaubens im Universum ausbrach und sie die Kirche allein trug. Trotz des scheinbaren endg\u00fcltigen Endes Christi, als Zweifel alle erfassten, auch die Apostel, hat sie nie auch nur eine Sekunde an der zuk\u00fcnftigen Auferstehung ihres Sohnes gezweifelt.  Der Samstag ist daher ihr Tag der Herrlichkeit.<br \/><br \/>Wenn man die Gesamtheit der Bitten Christi und der Heiligen Jungfrau aufmerksam betrachtet, stellt man fest, dass sie eine wahre \"Trilogie\" zu jedem Monatsanfang bilden: die Heilige Stunde am Donnerstagabend, die Kommunion am Freitag und die Kommunion am Samstag. Ihr Sinn ist offensichtlich: Christus und die Heilige Jungfrau wollen, dass die Gl\u00e4ubigen sich an jedem Monatsanfang erinnern und meditieren.\u00a0<b>diese<\/b><b>s drei Tage lang\u00a0<\/b><b>unsere<\/b>\u00a0<b>Erl\u00f6sung<\/b>\u00a0- Gr\u00fcndonnerstag, Karfreitag und Karsamstag - wo sie uns so sehr geliebt und so viel f\u00fcr uns gelitten haben. Was k\u00f6nnte normaler sein? Was k\u00f6nnte legitimer sein, als uns einmal am Anfang des Monats um ein paar Stunden zu bitten, um ihnen zu danken und sich mit ihnen zu verbinden?<\/p>\t\t\t\t\t\t\t\t<\/div>\n\t\t\t\t<\/div>\n\t\t\t\t\t<\/div>\n\t\t<\/div>\n\t\t\t\t\t<\/div>\n\t\t<\/section>\n\t\t\t\t<section class=\"elementor-section elementor-top-section elementor-element elementor-element-7d2ffb5 elementor-section-boxed elementor-section-height-default elementor-section-height-default\" data-id=\"7d2ffb5\" data-element_type=\"section\" data-e-type=\"section\">\n\t\t\t\t\t\t<div class=\"elementor-container elementor-column-gap-default\">\n\t\t\t\t\t<div class=\"elementor-column elementor-col-100 elementor-top-column elementor-element elementor-element-bd8b4b0\" data-id=\"bd8b4b0\" data-element_type=\"column\" data-e-type=\"column\">\n\t\t\t<div class=\"elementor-widget-wrap elementor-element-populated\">\n\t\t\t\t\t\t<div class=\"elementor-element elementor-element-31991be elementor-widget elementor-widget-text-editor\" data-id=\"31991be\" data-element_type=\"widget\" data-e-type=\"widget\" data-widget_type=\"text-editor.default\">\n\t\t\t\t<div class=\"elementor-widget-container\">\n\t\t\t\t\t\t\t\t\t<p>Unser Vater im Himmel hat uns um den ersten Tag der Woche, den Sonntag, gebeten, um ihm f\u00fcr die C<b>reation<\/b>.<\/p>\n<p>Christus und die Heilige Jungfrau bitten uns <b>drei<\/b> <b>Tage<\/b> <b>in <\/b><b>Anfang<\/b><b> von<\/b><b> Monat<\/b> um ihnen f\u00fcr die R zu danken<b>\u00fcckkauf<\/b>.<\/p>\t\t\t\t\t\t\t\t<\/div>\n\t\t\t\t<\/div>\n\t\t\t\t\t<\/div>\n\t\t<\/div>\n\t\t\t\t\t<\/div>\n\t\t<\/section>\n\t\t\t\t<\/div>","protected":false},"excerpt":{"rendered":"<p>Warum an den ersten Freitagen und Samstagen eines jeden Monats? Man k\u00f6nnte sich fragen: Aber warum ist Christus gekommen und hat darum gebeten, sein Herz an den ersten Freitagen des Monats zu feiern [...].<\/p>","protected":false},"author":1,"featured_media":0,"parent":0,"menu_order":0,"comment_status":"closed","ping_status":"closed","template":"elementor_header_footer","meta":{"footnotes":""},"class_list":["post-480","page","type-page","status-publish","hentry"],"_links":{"self":[{"href":"https:\/\/salve-corda.org\/de\/wp-json\/wp\/v2\/pages\/480","targetHints":{"allow":["GET"]}}],"collection":[{"href":"https:\/\/salve-corda.org\/de\/wp-json\/wp\/v2\/pages"}],"about":[{"href":"https:\/\/salve-corda.org\/de\/wp-json\/wp\/v2\/types\/page"}],"author":[{"embeddable":true,"href":"https:\/\/salve-corda.org\/de\/wp-json\/wp\/v2\/users\/1"}],"replies":[{"embeddable":true,"href":"https:\/\/salve-corda.org\/de\/wp-json\/wp\/v2\/comments?post=480"}],"version-history":[{"count":29,"href":"https:\/\/salve-corda.org\/de\/wp-json\/wp\/v2\/pages\/480\/revisions"}],"predecessor-version":[{"id":4626,"href":"https:\/\/salve-corda.org\/de\/wp-json\/wp\/v2\/pages\/480\/revisions\/4626"}],"wp:attachment":[{"href":"https:\/\/salve-corda.org\/de\/wp-json\/wp\/v2\/media?parent=480"}],"curies":[{"name":"wp","href":"https:\/\/api.w.org\/{rel}","templated":true}]}}

<div data-elementor-type="wp-page" data-elementor-id="480" class="elementor elementor-480">
						<section class="elementor-section elementor-top-section elementor-element elementor-element-76295b2 elementor-section-boxed elementor-section-height-default elementor-section-height-default" data-id="76295b2" data-element_type="section" data-e-type="section">
						<div class="elementor-container elementor-column-gap-default">
					<div class="elementor-column elementor-col-100 elementor-top-column elementor-element elementor-element-3b1dc33" data-id="3b1dc33" data-element_type="column" data-e-type="column">
			<div class="elementor-widget-wrap elementor-element-populated">
						<div class="elementor-element elementor-element-4290dc1 elementor-widget elementor-widget-spacer" data-id="4290dc1" data-element_type="widget" data-e-type="widget" data-widget_type="spacer.default">
				<div class="elementor-widget-container">
							<div class="elementor-spacer">
			<div class="elementor-spacer-inner"></div>
		</div>
						</div>
				</div>
					</div>
		</div>
					</div>
		</section>
				<section class="elementor-section elementor-top-section elementor-element elementor-element-f1f514c elementor-section-boxed elementor-section-height-default elementor-section-height-default" data-id="f1f514c" data-element_type="section" data-e-type="section">
						<div class="elementor-container elementor-column-gap-default">
					<div class="elementor-column elementor-col-100 elementor-top-column elementor-element elementor-element-dd88db6" data-id="dd88db6" data-element_type="column" data-e-type="column">
			<div class="elementor-widget-wrap elementor-element-populated">
						<div class="elementor-element elementor-element-205cd01 elementor-widget elementor-widget-heading" data-id="205cd01" data-element_type="widget" data-e-type="widget" data-widget_type="heading.default">
				<div class="elementor-widget-container">
					<h2 class="elementor-heading-title elementor-size-default">Warum am ersten Freitag und Samstag jedes Monats?
</h2>				</div>
				</div>
					</div>
		</div>
					</div>
		</section>
				<section class="elementor-section elementor-top-section elementor-element elementor-element-f40c6a5 elementor-section-boxed elementor-section-height-default elementor-section-height-default" data-id="f40c6a5" data-element_type="section" data-e-type="section">
						<div class="elementor-container elementor-column-gap-default">
					<div class="elementor-column elementor-col-100 elementor-top-column elementor-element elementor-element-0b15af7" data-id="0b15af7" data-element_type="column" data-e-type="column">
			<div class="elementor-widget-wrap elementor-element-populated">
						<div class="elementor-element elementor-element-e20f103 elementor-widget elementor-widget-text-editor" data-id="e20f103" data-element_type="widget" data-e-type="widget" data-widget_type="text-editor.default">
				<div class="elementor-widget-container">
									<p>Man kann sich die Frage stellen: Warum ist Christus gekommen, um uns zu bitten, sein Herz am ersten Freitag des Monats zu feiern, und die Heilige Jungfrau ist gekommen, um uns zu bitten, ihr Herz am ersten Samstag zu feiern? Auch wenn hinter den Bitten des Himmels immer ein Teil des Mysteriums steht, um unseren Glauben zu bewahren und uns zur Demut des einfachen Gehorsams zu führen, lassen sich dennoch Teilerklärungen finden.</p>								</div>
				</div>
					</div>
		</div>
					</div>
		</section>
				<section class="elementor-section elementor-top-section elementor-element elementor-element-ce97835 elementor-section-boxed elementor-section-height-default elementor-section-height-default" data-id="ce97835" data-element_type="section" data-e-type="section">
						<div class="elementor-container elementor-column-gap-default">
					<div class="elementor-column elementor-col-50 elementor-top-column elementor-element elementor-element-ddf1cf7" data-id="ddf1cf7" data-element_type="column" data-e-type="column">
			<div class="elementor-widget-wrap elementor-element-populated">
						<div class="elementor-element elementor-element-e0666c4 elementor-widget elementor-widget-text-editor" data-id="e0666c4" data-element_type="widget" data-e-type="widget" data-widget_type="text-editor.default">
				<div class="elementor-widget-container">
									<p><span style="color: var( --e-global-color-text ); font-family: var( --e-global-typography-text-font-family ), Sans-serif; font-size: var( --e-global-typography-text-font-size ); font-weight: var( --e-global-typography-text-font-weight );">Wir wissen, dass unsere Erlösung um den Preis des gemeinsamen Leidens Christi und der Heiligen Jungfrau erlangt wurde. Christus hat an einem Freitag gelitten und ist gestorben. Das ultimative Geschenk seiner Liebe fand also an diesem Tag statt, dem Tag, den er für die Hingabe an sein Herz gewählt hat. Was könnte logischer sein?</span></p><p> </p><p> </p><p>Für die Heilige Jungfrau waren ihre Leiden am Karfreitag zwar auch unermesslich, aber sie dauerten den ganzen Samstag bis zur Auferstehung an. Während des ganzen Tages und der Nacht verließ sie die Vision dessen, was ihr Sohn erlitten hatte, nicht und das Schwert steckte während dieser 24 Stunden, die man als die Agonie der Heiligen Jungfrau bezeichnen könnte, tief in ihrem Herzen.</p><p> </p>								</div>
				</div>
					</div>
		</div>
				<div class="elementor-column elementor-col-50 elementor-top-column elementor-element elementor-element-191f821" data-id="191f821" data-element_type="column" data-e-type="column">
			<div class="elementor-widget-wrap elementor-element-populated">
						<div class="elementor-element elementor-element-02a4edf elementor-widget elementor-widget-image" data-id="02a4edf" data-element_type="widget" data-e-type="widget" data-widget_type="image.default">
				<div class="elementor-widget-container">
															<img fetchpriority="high" decoding="async" width="640" height="511" src="https://salve-corda.org/wp-content/uploads/2021/09/image069-1.jpg" class="attachment-large size-large wp-image-2540" alt="" srcset="https://salve-corda.org/wp-content/uploads/2021/09/image069-1.jpg 662w, https://salve-corda.org/wp-content/uploads/2021/09/image069-1-300x240.jpg 300w" sizes="(max-width: 640px) 100vw, 640px" />															</div>
				</div>
					</div>
		</div>
					</div>
		</section>
				<section class="elementor-section elementor-top-section elementor-element elementor-element-f2f2296 elementor-section-boxed elementor-section-height-default elementor-section-height-default" data-id="f2f2296" data-element_type="section" data-e-type="section">
						<div class="elementor-container elementor-column-gap-default">
					<div class="elementor-column elementor-col-100 elementor-top-column elementor-element elementor-element-cf09d99" data-id="cf09d99" data-element_type="column" data-e-type="column">
			<div class="elementor-widget-wrap elementor-element-populated">
						<div class="elementor-element elementor-element-aa3b0f2 elementor-widget elementor-widget-text-editor" data-id="aa3b0f2" data-element_type="widget" data-e-type="widget" data-widget_type="text-editor.default">
				<div class="elementor-widget-container">
									<p>Es war auch dieser Samstag, an dem die Demonstration ihres Glaubens im Universum ausbrach und sie die Kirche allein trug. Trotz des scheinbaren endgültigen Endes Christi, als Zweifel alle erfassten, auch die Apostel, hat sie nie auch nur eine Sekunde an der zukünftigen Auferstehung ihres Sohnes gezweifelt.  Der Samstag ist daher ihr Tag der Herrlichkeit.<br /><br />Wenn man die Gesamtheit der Bitten Christi und der Heiligen Jungfrau aufmerksam betrachtet, stellt man fest, dass sie eine wahre "Trilogie" zu jedem Monatsanfang bilden: die Heilige Stunde am Donnerstagabend, die Kommunion am Freitag und die Kommunion am Samstag. Ihr Sinn ist offensichtlich: Christus und die Heilige Jungfrau wollen, dass die Gläubigen sich an jedem Monatsanfang erinnern und meditieren. <b>diese</b><b>s drei Tage lang </b><b>unsere</b> <b>Erlösung</b> - Gründonnerstag, Karfreitag und Karsamstag - wo sie uns so sehr geliebt und so viel für uns gelitten haben. Was könnte normaler sein? Was könnte legitimer sein, als uns einmal am Anfang des Monats um ein paar Stunden zu bitten, um ihnen zu danken und sich mit ihnen zu verbinden?</p>								</div>
				</div>
					</div>
		</div>
					</div>
		</section>
				<section class="elementor-section elementor-top-section elementor-element elementor-element-7d2ffb5 elementor-section-boxed elementor-section-height-default elementor-section-height-default" data-id="7d2ffb5" data-element_type="section" data-e-type="section">
						<div class="elementor-container elementor-column-gap-default">
					<div class="elementor-column elementor-col-100 elementor-top-column elementor-element elementor-element-bd8b4b0" data-id="bd8b4b0" data-element_type="column" data-e-type="column">
			<div class="elementor-widget-wrap elementor-element-populated">
						<div class="elementor-element elementor-element-31991be elementor-widget elementor-widget-text-editor" data-id="31991be" data-element_type="widget" data-e-type="widget" data-widget_type="text-editor.default">
				<div class="elementor-widget-container">
									<p>Unser Vater im Himmel hat uns um den ersten Tag der Woche, den Sonntag, gebeten, um ihm für die C<b>reation</b>.</p>
<p>Christus und die Heilige Jungfrau bitten uns <b>drei</b> <b>Tage</b> <b>in </b><b>Anfang</b><b> von</b><b> Monat</b> um ihnen für die R zu danken<b>ückkauf</b>.</p>								</div>
				</div>
					</div>
		</div>
					</div>
		</section>
				</div>

<p>Warum an den ersten Freitagen und Samstagen eines jeden Monats? Man könnte sich fragen: Aber warum ist Christus gekommen und hat darum gebeten, sein Herz an den ersten Freitagen des Monats zu feiern [...].</p>
