{"id":8845,"date":"2024-03-26T10:34:07","date_gmt":"2024-03-26T09:34:07","guid":{"rendered":"https:\/\/salve-corda.org\/?page_id=8845"},"modified":"2024-04-28T15:01:01","modified_gmt":"2024-04-28T13:01:01","slug":"mention-legales","status":"publish","type":"page","link":"https:\/\/salve-corda.org\/de\/mention-legales\/","title":{"rendered":"Rechtliche Hinweise"},"content":{"rendered":"<div data-elementor-type=\"wp-page\" data-elementor-id=\"8845\" class=\"elementor elementor-8845\">\n\t\t\t\t\t\t<section class=\"elementor-section elementor-top-section elementor-element elementor-element-b856bc0 elementor-section-boxed elementor-section-height-default elementor-section-height-default\" data-id=\"b856bc0\" data-element_type=\"section\" data-e-type=\"section\">\n\t\t\t\t\t\t<div class=\"elementor-container elementor-column-gap-default\">\n\t\t\t\t\t<div class=\"elementor-column elementor-col-100 elementor-top-column elementor-element elementor-element-f8ef477\" data-id=\"f8ef477\" data-element_type=\"column\" data-e-type=\"column\">\n\t\t\t<div class=\"elementor-widget-wrap elementor-element-populated\">\n\t\t\t\t\t\t<div class=\"elementor-element elementor-element-0eba749 elementor-widget elementor-widget-spacer\" data-id=\"0eba749\" data-element_type=\"widget\" data-e-type=\"widget\" data-widget_type=\"spacer.default\">\n\t\t\t\t<div class=\"elementor-widget-container\">\n\t\t\t\t\t\t\t<div class=\"elementor-spacer\">\n\t\t\t<div class=\"elementor-spacer-inner\"><\/div>\n\t\t<\/div>\n\t\t\t\t\t\t<\/div>\n\t\t\t\t<\/div>\n\t\t\t\t\t<\/div>\n\t\t<\/div>\n\t\t\t\t\t<\/div>\n\t\t<\/section>\n\t\t\t\t<section class=\"elementor-section elementor-top-section elementor-element elementor-element-d808c5b elementor-section-boxed elementor-section-height-default elementor-section-height-default\" data-id=\"d808c5b\" data-element_type=\"section\" data-e-type=\"section\">\n\t\t\t\t\t\t<div class=\"elementor-container elementor-column-gap-default\">\n\t\t\t\t\t<div class=\"elementor-column elementor-col-100 elementor-top-column elementor-element elementor-element-e8b4ce5\" data-id=\"e8b4ce5\" data-element_type=\"column\" data-e-type=\"column\">\n\t\t\t<div class=\"elementor-widget-wrap elementor-element-populated\">\n\t\t\t\t\t\t<div class=\"elementor-element elementor-element-448478e elementor-widget elementor-widget-heading\" data-id=\"448478e\" data-element_type=\"widget\" data-e-type=\"widget\" data-widget_type=\"heading.default\">\n\t\t\t\t<div class=\"elementor-widget-container\">\n\t\t\t\t\t<h2 class=\"elementor-heading-title elementor-size-default\">ERKL\u00c4RUNG ZUM DATENSCHUTZ<\/h2>\t\t\t\t<\/div>\n\t\t\t\t<\/div>\n\t\t\t\t\t<\/div>\n\t\t<\/div>\n\t\t\t\t\t<\/div>\n\t\t<\/section>\n\t\t\t\t<section class=\"elementor-section elementor-top-section elementor-element elementor-element-a3eb121 elementor-section-boxed elementor-section-height-default elementor-section-height-default\" data-id=\"a3eb121\" data-element_type=\"section\" data-e-type=\"section\" data-settings=\"{&quot;background_background&quot;:&quot;classic&quot;}\">\n\t\t\t\t\t\t<div class=\"elementor-container elementor-column-gap-default\">\n\t\t\t\t\t<div class=\"elementor-column elementor-col-100 elementor-top-column elementor-element elementor-element-ca6451b\" data-id=\"ca6451b\" data-element_type=\"column\" data-e-type=\"column\">\n\t\t\t<div class=\"elementor-widget-wrap elementor-element-populated\">\n\t\t\t\t\t\t<div class=\"elementor-element elementor-element-aa49358 elementor-widget elementor-widget-text-editor\" data-id=\"aa49358\" data-element_type=\"widget\" data-e-type=\"widget\" data-widget_type=\"text-editor.default\">\n\t\t\t\t<div class=\"elementor-widget-container\">\n\t\t\t\t\t\t\t\t\t<h3>&nbsp;<\/h3>\n<p>Die Salve Corda Alliance legt gro\u00dfen Wert auf die Wahrung der Privatsph\u00e4re und des Datenschutzes. Sie erhebt und verwendet Ihre personenbezogenen Daten in \u00dcbereinstimmung mit dem Inhalt dieser Datenschutzbestimmungen sowie den anwendbaren Datenschutzvorschriften, insbesondere dem Datenschutzgesetz (DSG) und der europ\u00e4ischen DSGVO.<\/p><p><br><\/p>\n<p><\/p>\n<p>&nbsp; &nbsp; 1. <span style=\"font-weight: bold;\">Objet de l&#8217;Alliance<\/span><\/p>\n<p>L\u2019Alliance Salve corda est une \u0153uvre cultuelle catholique. Son site salve-corda.org est un service d&#8217;information en ligne cultuel \u00e9dit\u00e9 \u00e0 titre non professionnel.<\/p>\n<p><br><\/p>\n<p><\/p>\n<ol start=\"2\">\n<li><strong>Beschreibung und Umfang der Datenverarbeitung<\/strong><\/li>\n<\/ol>\n<p><em>Sammeln von Daten<\/em><\/p>\n<p>Die Website sammelt au\u00dfer einer einfachen E-Mail keine pers\u00f6nlichen Daten. Insbesondere sammelt die Website keine Namen, Postadressen, Telefonnummern, Geburtsdaten etc. Wenn eine Person oder Organisation per E-Mail mit der Allianz in Kontakt tritt, sind die Daten, die in den Diskussionen ausgetauscht werden, rein privater Natur und werden nicht verarbeitet. Diese Diskussionen unterliegen der gegenseitigen Verpflichtung zu absoluter Vertraulichkeit.<\/p><p><br><\/p>\n<p><em>Nutzung der Seite<\/em><\/p>\n<p>Die Website sammelt keine Informationen \u00fcber Ihre Nutzung der Website. Au\u00dferdem wurde die Nutzung von Plug-ins f\u00fcr soziale Netzwerke und von Webanalysetools wie Google Analytics ausgeschlossen, da diese die Seiten dazu zwingen, pers\u00f6nliche Informationen zu sammeln.<\/p><p><br><\/p>\n<p><\/p>\n<ol start=\"3\">\n<li><strong>Grunds\u00e4tze der Datenverarbeitung<\/strong><\/li>\n<\/ol>\n<p>Vos emails ne sont ni vendus ni communiqu\u00e9s \u00e0 des tiers en dehors de nos deux sous-traitants wordpress (logiciel d&#8217;\u00e9dition de site) et Brevo (logiciel d&#8217;envoi de mails) et dans le cadre exclusif de leurs services.<\/p>\n<p>Die Allianz f\u00fchrt keine \"Verarbeitung\" Ihrer Daten durch. Die Verwendung Ihrer Daten, Ihrer E-Mails, betrifft ausschlie\u00dflich die folgenden Punkte:<\/p>\n<ul>\n<li>Automatisch jeden Monat eine Meditation versenden<\/li>\n<li>Sehr punktuell \u00fcber m\u00f6gliche besondere Ereignisse informieren.<\/li>\n<li>Beantworten Sie Ihre Nachrichten und tauschen Sie sich privat \u00fcber unsere Aktivit\u00e4ten aus.<\/li>\n<\/ul>\n<p>Die E-Mails werden f\u00fcr 5 Jahre gespeichert, es sei denn, eine Person bittet vorher darum, von der Liste gel\u00f6scht zu werden. Dazu gen\u00fcgt es, der Allianz zu schreiben und um Abmeldung zu bitten, indem man folgende E-Mail-Adresse verwendet: contact (at) salve-corda.org<\/p><p><br><\/p>\n<p><\/p>\n<ol start=\"4\">\n<li><strong>Cookies<\/strong><\/li>\n<\/ol>\n<p>Die Website verwendet keine Cookies. Stattdessen nutzt sie den Service der oben genannten Subunternehmer. Diese Unternehmen k\u00f6nnen unter ihrer alleinigen Verantwortung vor allem technische Cookies verwenden. Wenn Sie diese Cookies blockieren m\u00f6chten, k\u00f6nnen Sie Ihren Browser so konfigurieren, dass er das Speichern von Cookies nicht zul\u00e4sst.<\/p><p><br><\/p>\n<p><\/p>\n<ol start=\"5\">\n<li><strong>Sicherheit der Daten<\/strong><\/li>\n<\/ol>\n<p>Die E-Mail, die Sie uns \u00fcbermitteln, wird auf Servern in der Schweiz gespeichert. Wir verwenden das Verschl\u00fcsselungssystem SSL (Secure Socket Layer), um unseren Datenaustausch zu verschl\u00fcsseln.<\/p><p><br><\/p>\n<p><\/p>\n<ol start=\"6\">\n<li><strong>Unterkunft<\/strong><\/li>\n<\/ol>\n<p>Die salve-corda-Website wird bei Kreativmedia Gmbh , Hoschgasse 45, CH-8008 Z\u00fcrich, Tel: 0800 550 660 gehostet.<\/p><p><br><\/p>\n<p><\/p>\n<ol start=\"7\">\n<li><strong>\u00c4nderungen an dieser Datenschutzrichtlinie<\/strong><\/li>\n<\/ol>\n<p>Wir behalten uns das Recht vor, diese Datenschutzrichtlinie jederzeit mit Wirkung f\u00fcr die Zukunft zu \u00e4ndern. Eine aktualisierte Version ist auf der Website verf\u00fcgbar. Wir empfehlen Ihnen, die Website regelm\u00e4\u00dfig zu besuchen und sich \u00fcber die aktuelle Datenschutzpolitik zu informieren.<\/p><p><br><\/p>\n<p><\/p>\n<ol start=\"8\">\n<li><strong>Ihre Rechte<\/strong><\/li>\n<\/ol>\n<p>Sie haben das Recht, Informationen \u00fcber Ihre personenbezogenen Daten anzufordern. Sie k\u00f6nnen insbesondere Informationen \u00fcber die personenbezogenen Daten als solche, ihre Verwendung, die Dauer der Speicherung und die Herkunft Ihrer Daten verlangen. Sie haben auch das Recht, eine eventuell erteilte Zustimmung zur Verwendung Ihrer personenbezogenen Daten jederzeit zu widerrufen. Sie k\u00f6nnen Ihre oben genannten Rechte jederzeit bei uns geltend machen. Um uns bez\u00fcglich des Schutzes Ihrer Daten zu kontaktieren, k\u00f6nnen Sie sich an den Datenschutzbeauftragten des B\u00fcndnisses wenden: dpo (at) salve-corda.org<\/p>\n<p><em>Meldung von Daten - 01.01.2024<\/em><\/p>\n<p style=\"text-align: right;\">\n<\/p>\t\t\t\t\t\t\t\t<\/div>\n\t\t\t\t<\/div>\n\t\t\t\t\t<\/div>\n\t\t<\/div>\n\t\t\t\t\t<\/div>\n\t\t<\/section>\n\t\t\t\t<\/div>","protected":false},"excerpt":{"rendered":"<p>DATENSCHUTZERKL\u00c4RUNG Die Salve Corda Alliance legt gro\u00dfen Wert auf den Schutz der Privatsph\u00e4re und den Datenschutz. Sie erhebt und verwendet Ihre pers\u00f6nlichen Daten gem\u00e4\u00df [...].<\/p>","protected":false},"author":1,"featured_media":0,"parent":0,"menu_order":0,"comment_status":"closed","ping_status":"closed","template":"elementor_header_footer","meta":{"footnotes":""},"class_list":["post-8845","page","type-page","status-publish","hentry"],"_links":{"self":[{"href":"https:\/\/salve-corda.org\/de\/wp-json\/wp\/v2\/pages\/8845","targetHints":{"allow":["GET"]}}],"collection":[{"href":"https:\/\/salve-corda.org\/de\/wp-json\/wp\/v2\/pages"}],"about":[{"href":"https:\/\/salve-corda.org\/de\/wp-json\/wp\/v2\/types\/page"}],"author":[{"embeddable":true,"href":"https:\/\/salve-corda.org\/de\/wp-json\/wp\/v2\/users\/1"}],"replies":[{"embeddable":true,"href":"https:\/\/salve-corda.org\/de\/wp-json\/wp\/v2\/comments?post=8845"}],"version-history":[{"count":25,"href":"https:\/\/salve-corda.org\/de\/wp-json\/wp\/v2\/pages\/8845\/revisions"}],"predecessor-version":[{"id":12136,"href":"https:\/\/salve-corda.org\/de\/wp-json\/wp\/v2\/pages\/8845\/revisions\/12136"}],"wp:attachment":[{"href":"https:\/\/salve-corda.org\/de\/wp-json\/wp\/v2\/media?parent=8845"}],"curies":[{"name":"wp","href":"https:\/\/api.w.org\/{rel}","templated":true}]}}

<div data-elementor-type="wp-page" data-elementor-id="8845" class="elementor elementor-8845">
						<section class="elementor-section elementor-top-section elementor-element elementor-element-b856bc0 elementor-section-boxed elementor-section-height-default elementor-section-height-default" data-id="b856bc0" data-element_type="section" data-e-type="section">
						<div class="elementor-container elementor-column-gap-default">
					<div class="elementor-column elementor-col-100 elementor-top-column elementor-element elementor-element-f8ef477" data-id="f8ef477" data-element_type="column" data-e-type="column">
			<div class="elementor-widget-wrap elementor-element-populated">
						<div class="elementor-element elementor-element-0eba749 elementor-widget elementor-widget-spacer" data-id="0eba749" data-element_type="widget" data-e-type="widget" data-widget_type="spacer.default">
				<div class="elementor-widget-container">
							<div class="elementor-spacer">
			<div class="elementor-spacer-inner"></div>
		</div>
						</div>
				</div>
					</div>
		</div>
					</div>
		</section>
				<section class="elementor-section elementor-top-section elementor-element elementor-element-d808c5b elementor-section-boxed elementor-section-height-default elementor-section-height-default" data-id="d808c5b" data-element_type="section" data-e-type="section">
						<div class="elementor-container elementor-column-gap-default">
					<div class="elementor-column elementor-col-100 elementor-top-column elementor-element elementor-element-e8b4ce5" data-id="e8b4ce5" data-element_type="column" data-e-type="column">
			<div class="elementor-widget-wrap elementor-element-populated">
						<div class="elementor-element elementor-element-448478e elementor-widget elementor-widget-heading" data-id="448478e" data-element_type="widget" data-e-type="widget" data-widget_type="heading.default">
				<div class="elementor-widget-container">
					<h2 class="elementor-heading-title elementor-size-default">ERKLÄRUNG ZUM DATENSCHUTZ</h2>				</div>
				</div>
					</div>
		</div>
					</div>
		</section>
				<section class="elementor-section elementor-top-section elementor-element elementor-element-a3eb121 elementor-section-boxed elementor-section-height-default elementor-section-height-default" data-id="a3eb121" data-element_type="section" data-e-type="section" data-settings="{&quot;background_background&quot;:&quot;classic&quot;}">
						<div class="elementor-container elementor-column-gap-default">
					<div class="elementor-column elementor-col-100 elementor-top-column elementor-element elementor-element-ca6451b" data-id="ca6451b" data-element_type="column" data-e-type="column">
			<div class="elementor-widget-wrap elementor-element-populated">
						<div class="elementor-element elementor-element-aa49358 elementor-widget elementor-widget-text-editor" data-id="aa49358" data-element_type="widget" data-e-type="widget" data-widget_type="text-editor.default">
				<div class="elementor-widget-container">
									<h3>&nbsp;</h3>
<p>Die Salve Corda Alliance legt großen Wert auf die Wahrung der Privatsphäre und des Datenschutzes. Sie erhebt und verwendet Ihre personenbezogenen Daten in Übereinstimmung mit dem Inhalt dieser Datenschutzbestimmungen sowie den anwendbaren Datenschutzvorschriften, insbesondere dem Datenschutzgesetz (DSG) und der europäischen DSGVO.</p><p><br></p>
<p></p>
<p>&nbsp; &nbsp; 1. <span style="font-weight: bold;">Objet de l&#8217;Alliance</span></p>
<p>L’Alliance Salve corda est une œuvre cultuelle catholique. Son site salve-corda.org est un service d&#8217;information en ligne cultuel édité à titre non professionnel.</p>
<p><br></p>
<p></p>
<ol start="2">
<li><strong>Beschreibung und Umfang der Datenverarbeitung</strong></li>
</ol>
<p><em>Sammeln von Daten</em></p>
<p>Die Website sammelt außer einer einfachen E-Mail keine persönlichen Daten. Insbesondere sammelt die Website keine Namen, Postadressen, Telefonnummern, Geburtsdaten etc. Wenn eine Person oder Organisation per E-Mail mit der Allianz in Kontakt tritt, sind die Daten, die in den Diskussionen ausgetauscht werden, rein privater Natur und werden nicht verarbeitet. Diese Diskussionen unterliegen der gegenseitigen Verpflichtung zu absoluter Vertraulichkeit.</p><p><br></p>
<p><em>Nutzung der Seite</em></p>
<p>Die Website sammelt keine Informationen über Ihre Nutzung der Website. Außerdem wurde die Nutzung von Plug-ins für soziale Netzwerke und von Webanalysetools wie Google Analytics ausgeschlossen, da diese die Seiten dazu zwingen, persönliche Informationen zu sammeln.</p><p><br></p>
<p></p>
<ol start="3">
<li><strong>Grundsätze der Datenverarbeitung</strong></li>
</ol>
<p>Vos emails ne sont ni vendus ni communiqués à des tiers en dehors de nos deux sous-traitants wordpress (logiciel d&#8217;édition de site) et Brevo (logiciel d&#8217;envoi de mails) et dans le cadre exclusif de leurs services.</p>
<p>Die Allianz führt keine "Verarbeitung" Ihrer Daten durch. Die Verwendung Ihrer Daten, Ihrer E-Mails, betrifft ausschließlich die folgenden Punkte:</p>
<ul>
<li>Automatisch jeden Monat eine Meditation versenden</li>
<li>Sehr punktuell über mögliche besondere Ereignisse informieren.</li>
<li>Beantworten Sie Ihre Nachrichten und tauschen Sie sich privat über unsere Aktivitäten aus.</li>
</ul>
<p>Die E-Mails werden für 5 Jahre gespeichert, es sei denn, eine Person bittet vorher darum, von der Liste gelöscht zu werden. Dazu genügt es, der Allianz zu schreiben und um Abmeldung zu bitten, indem man folgende E-Mail-Adresse verwendet: contact (at) salve-corda.org</p><p><br></p>
<p></p>
<ol start="4">
<li><strong>Cookies</strong></li>
</ol>
<p>Die Website verwendet keine Cookies. Stattdessen nutzt sie den Service der oben genannten Subunternehmer. Diese Unternehmen können unter ihrer alleinigen Verantwortung vor allem technische Cookies verwenden. Wenn Sie diese Cookies blockieren möchten, können Sie Ihren Browser so konfigurieren, dass er das Speichern von Cookies nicht zulässt.</p><p><br></p>
<p></p>
<ol start="5">
<li><strong>Sicherheit der Daten</strong></li>
</ol>
<p>Die E-Mail, die Sie uns übermitteln, wird auf Servern in der Schweiz gespeichert. Wir verwenden das Verschlüsselungssystem SSL (Secure Socket Layer), um unseren Datenaustausch zu verschlüsseln.</p><p><br></p>
<p></p>
<ol start="6">
<li><strong>Unterkunft</strong></li>
</ol>
<p>Die salve-corda-Website wird bei Kreativmedia Gmbh , Hoschgasse 45, CH-8008 Zürich, Tel: 0800 550 660 gehostet.</p><p><br></p>
<p></p>
<ol start="7">
<li><strong>Änderungen an dieser Datenschutzrichtlinie</strong></li>
</ol>
<p>Wir behalten uns das Recht vor, diese Datenschutzrichtlinie jederzeit mit Wirkung für die Zukunft zu ändern. Eine aktualisierte Version ist auf der Website verfügbar. Wir empfehlen Ihnen, die Website regelmäßig zu besuchen und sich über die aktuelle Datenschutzpolitik zu informieren.</p><p><br></p>
<p></p>
<ol start="8">
<li><strong>Ihre Rechte</strong></li>
</ol>
<p>Sie haben das Recht, Informationen über Ihre personenbezogenen Daten anzufordern. Sie können insbesondere Informationen über die personenbezogenen Daten als solche, ihre Verwendung, die Dauer der Speicherung und die Herkunft Ihrer Daten verlangen. Sie haben auch das Recht, eine eventuell erteilte Zustimmung zur Verwendung Ihrer personenbezogenen Daten jederzeit zu widerrufen. Sie können Ihre oben genannten Rechte jederzeit bei uns geltend machen. Um uns bezüglich des Schutzes Ihrer Daten zu kontaktieren, können Sie sich an den Datenschutzbeauftragten des Bündnisses wenden: dpo (at) salve-corda.org</p>
<p><em>Meldung von Daten - 01.01.2024</em></p>
<p style="text-align: right;">
</p>								</div>
				</div>
					</div>
		</div>
					</div>
		</section>
				</div>

<p>DATENSCHUTZERKLÄRUNG Die Salve Corda Alliance legt großen Wert auf den Schutz der Privatsphäre und den Datenschutz. Sie erhebt und verwendet Ihre persönlichen Daten gemäß [...].</p>
