{"id":2076,"date":"2021-09-14T16:01:49","date_gmt":"2021-09-14T14:01:49","guid":{"rendered":"https:\/\/salve-corda.org\/?post_type=prieres&#038;p=2076"},"modified":"2021-09-23T23:30:56","modified_gmt":"2021-09-23T21:30:56","slug":"prieres-fatima","status":"publish","type":"prieres","link":"https:\/\/salve-corda.org\/de\/prieres\/prieres-fatima\/","title":{"rendered":"Beten w\u00e4hrend des Tages"},"content":{"rendered":"<p class=\"wp-block-paragraph\"><\/p>\n\n\n\n<p class=\"has-medium-font-size wp-block-paragraph\"><strong><u>Morgengabe an die Herzen Jesu und Marias<\/u><\/strong><\/p>\n\n\n\n<p class=\"has-medium-font-size wp-block-paragraph\"><span style=\"color:#0c54d0\" class=\"has-inline-color\">\"G\u00f6ttliches Herz Jesu, durch das Unbefleckte Herz Mariens bringe ich Dir die Gebete, Werke und Leiden dieses Tages dar, als Wiedergutmachung f\u00fcr unsere Vergehen und f\u00fcr alle Absichten, f\u00fcr die Du Dich st\u00e4ndig auf dem Altar opferst. Ich bringe sie Dir insbesondere f\u00fcr unseren heiligen Vater, den Papst, dar, f\u00fcr die Ankunft des Papstes, der Russland weihen wird, f\u00fcr Frankreich und die Kirche, um gute und heilige Priester zu haben, f\u00fcr die Bekehrung der S\u00fcnder und die Seelen im Fegefeuer.\"<\/span><\/p>\n\n\n\n<p class=\"has-medium-font-size wp-block-paragraph\"><em>Anmerkung: Wir haben die Bitte um die Ankunft des Papstes, der Russland weihen wird, hinzugef\u00fcgt. Diese Bitte ist in der Tat grundlegend, um die Bekehrung der Welt zu erreichen und muss regelm\u00e4\u00dfig an Gott gerichtet werden.<\/em><\/p>\n\n\n\n<p class=\"wp-block-paragraph\"><\/p>\n\n\n\n<p class=\"wp-block-paragraph\"><\/p>\n\n\n\n<p class=\"has-medium-font-size wp-block-paragraph\"><strong><u>Gebet, um die Schwierigkeiten seiner staatlichen Pflicht anzubieten<\/u><\/strong><br><meta charset=\"utf-8\"><em>Gebet, gegeben von der Heiligen Jungfrau selbst in Fatima am 13. Juli 1917\u00a0<\/em><\/p>\n\n\n\n<p class=\"has-medium-font-size wp-block-paragraph\"><span style=\"color:#0c54d0\" class=\"has-inline-color\">\u00ab&nbsp;J\u00e9sus, c&#8217;est par amour pour Vous, pour la conversion des p\u00e9cheurs et en r\u00e9paration des p\u00e9ch\u00e9s commis contre le C\u0153ur Immacul\u00e9 de Marie \u00bb.<\/span><\/p>\n\n\n\n<p class=\"has-medium-font-size wp-block-paragraph\"><\/p>\n\n\n\n<p class=\"wp-block-paragraph\"><\/p>\n\n\n\n<p class=\"has-medium-font-size wp-block-paragraph\"><strong><u>Opfer, wenn man am Tag mit dem B\u00f6sen oder mit S\u00fcndern konfrontiert wird<\/u><\/strong><br><meta charset=\"utf-8\"><em>Gebet, gegeben vom Engel in Fatima im Fr\u00fchjahr 1916<\/em><\/p>\n\n\n\n<p class=\"has-medium-font-size wp-block-paragraph\"><span style=\"color:#0c54d0\" class=\"has-inline-color\">\u00ab&nbsp;Mon Dieu, je crois, j&#8217;adore, j&#8217;esp\u00e8re et je Vous aime&nbsp;! Je Vous demande pardon pour ceux qui ne croient pas, qui n&#8217;adorent pas, qui n&#8217;esp\u00e8rent pas, qui ne Vous aiment pas&nbsp;!&nbsp;\u00bb<\/span><\/p>\n\n\n\n<p class=\"wp-block-paragraph\"><\/p>\n\n\n\n<p class=\"has-medium-font-size wp-block-paragraph\"><strong><u>Opfergabe f\u00fcr die Kommunion<\/u><\/strong><br><meta charset=\"utf-8\"><em>Gebet, gegeben vom Engel in Fatima im Fr\u00fchjahr 1916<\/em><\/p>\n\n\n\n<p class=\"has-medium-font-size wp-block-paragraph\"><span style=\"color:#0c54d0\" class=\"has-inline-color\">\"Heiligste Dreifaltigkeit, Vater, Sohn und Heiliger Geist, ich bete Dich tief an und bringe Dir den kostbarsten Leib, das Blut, die Seele und die Gottheit Jesu Christi dar, der in allen Tabernakeln der Erde gegenw\u00e4rtig ist, als S\u00fchne f\u00fcr die Schm\u00e4hungen, Sakrilegien und Gleichg\u00fcltigkeiten, durch die Er selbst beleidigt wird. Durch die unendlichen Verdienste Seines Heiligsten Herzens und des Unbefleckten Herzens Mariens bitte ich Dich um die Bekehrung der Armen. <\/span><em><span style=\"color:#0c54d0\" class=\"has-inline-color\">S\u00fcnder\"<\/span><\/em><\/p>","protected":false},"featured_media":2078,"template":"","class_list":["post-2076","prieres","type-prieres","status-publish","has-post-thumbnail","hentry"],"_links":{"self":[{"href":"https:\/\/salve-corda.org\/de\/wp-json\/wp\/v2\/prieres\/2076","targetHints":{"allow":["GET"]}}],"collection":[{"href":"https:\/\/salve-corda.org\/de\/wp-json\/wp\/v2\/prieres"}],"about":[{"href":"https:\/\/salve-corda.org\/de\/wp-json\/wp\/v2\/types\/prieres"}],"version-history":[{"count":1,"href":"https:\/\/salve-corda.org\/de\/wp-json\/wp\/v2\/prieres\/2076\/revisions"}],"predecessor-version":[{"id":6812,"href":"https:\/\/salve-corda.org\/de\/wp-json\/wp\/v2\/prieres\/2076\/revisions\/6812"}],"wp:featuredmedia":[{"embeddable":true,"href":"https:\/\/salve-corda.org\/de\/wp-json\/wp\/v2\/media\/2078"}],"wp:attachment":[{"href":"https:\/\/salve-corda.org\/de\/wp-json\/wp\/v2\/media?parent=2076"}],"curies":[{"name":"wp","href":"https:\/\/api.w.org\/{rel}","templated":true}]}}

Beten während des Tages

<p class="wp-block-paragraph"></p>



<p class="has-medium-font-size wp-block-paragraph"><strong><u>Morgengabe an die Herzen Jesu und Marias</u></strong></p>



<p class="has-medium-font-size wp-block-paragraph"><span style="color:#0c54d0" class="has-inline-color">"Göttliches Herz Jesu, durch das Unbefleckte Herz Mariens bringe ich Dir die Gebete, Werke und Leiden dieses Tages dar, als Wiedergutmachung für unsere Vergehen und für alle Absichten, für die Du Dich ständig auf dem Altar opferst. Ich bringe sie Dir insbesondere für unseren heiligen Vater, den Papst, dar, für die Ankunft des Papstes, der Russland weihen wird, für Frankreich und die Kirche, um gute und heilige Priester zu haben, für die Bekehrung der Sünder und die Seelen im Fegefeuer."</span></p>



<p class="has-medium-font-size wp-block-paragraph"><em>Anmerkung: Wir haben die Bitte um die Ankunft des Papstes, der Russland weihen wird, hinzugefügt. Diese Bitte ist in der Tat grundlegend, um die Bekehrung der Welt zu erreichen und muss regelmäßig an Gott gerichtet werden.</em></p>



<p class="wp-block-paragraph"></p>



<p class="wp-block-paragraph"></p>



<p class="has-medium-font-size wp-block-paragraph"><strong><u>Gebet, um die Schwierigkeiten seiner staatlichen Pflicht anzubieten</u></strong><br><meta charset="utf-8"><em>Gebet, gegeben von der Heiligen Jungfrau selbst in Fatima am 13. Juli 1917 </em></p>



<p class="has-medium-font-size wp-block-paragraph"><span style="color:#0c54d0" class="has-inline-color">«&nbsp;Jésus, c&#8217;est par amour pour Vous, pour la conversion des pécheurs et en réparation des péchés commis contre le Cœur Immaculé de Marie ».</span></p>



<p class="has-medium-font-size wp-block-paragraph"></p>



<p class="wp-block-paragraph"></p>



<p class="has-medium-font-size wp-block-paragraph"><strong><u>Opfer, wenn man am Tag mit dem Bösen oder mit Sündern konfrontiert wird</u></strong><br><meta charset="utf-8"><em>Gebet, gegeben vom Engel in Fatima im Frühjahr 1916</em></p>



<p class="has-medium-font-size wp-block-paragraph"><span style="color:#0c54d0" class="has-inline-color">«&nbsp;Mon Dieu, je crois, j&#8217;adore, j&#8217;espère et je Vous aime&nbsp;! Je Vous demande pardon pour ceux qui ne croient pas, qui n&#8217;adorent pas, qui n&#8217;espèrent pas, qui ne Vous aiment pas&nbsp;!&nbsp;»</span></p>



<p class="wp-block-paragraph"></p>



<p class="has-medium-font-size wp-block-paragraph"><strong><u>Opfergabe für die Kommunion</u></strong><br><meta charset="utf-8"><em>Gebet, gegeben vom Engel in Fatima im Frühjahr 1916</em></p>



<p class="has-medium-font-size wp-block-paragraph"><span style="color:#0c54d0" class="has-inline-color">"Heiligste Dreifaltigkeit, Vater, Sohn und Heiliger Geist, ich bete Dich tief an und bringe Dir den kostbarsten Leib, das Blut, die Seele und die Gottheit Jesu Christi dar, der in allen Tabernakeln der Erde gegenwärtig ist, als Sühne für die Schmähungen, Sakrilegien und Gleichgültigkeiten, durch die Er selbst beleidigt wird. Durch die unendlichen Verdienste Seines Heiligsten Herzens und des Unbefleckten Herzens Mariens bitte ich Dich um die Bekehrung der Armen. </span><em><span style="color:#0c54d0" class="has-inline-color">Sünder"</span></em></p>
