{"id":2054,"date":"2021-09-14T14:08:26","date_gmt":"2021-09-14T12:08:26","guid":{"rendered":"https:\/\/salve-corda.org\/?post_type=documentation&#038;p=2054"},"modified":"2024-03-05T17:22:21","modified_gmt":"2024-03-05T16:22:21","slug":"doc-1","status":"publish","type":"documentation","link":"https:\/\/salve-corda.org\/en\/documentation\/doc-1\/","title":{"rendered":"Salve Corda logo"},"content":{"rendered":"<p class=\"wp-block-paragraph\"><\/p>\n\n\n\n<p class=\"has-medium-font-size wp-block-paragraph\"><mark style=\"background-color:rgba(0, 0, 0, 0)\" class=\"has-inline-color has-luminous-vivid-amber-color\">The colors<\/mark><\/p>\n\n\n\n<p class=\"has-medium-font-size wp-block-paragraph\">The logo is in the colors of the Catholic Church, at the head of which reign the Hearts of Christ and the Blessed Virgin. These colors symbolize Salve Corda's fidelity to the Church's two-thousand-year-old teaching and magisterium.<\/p>\n\n\n\n<p class=\"has-medium-font-size wp-block-paragraph\"><mark style=\"background-color:rgba(0, 0, 0, 0)\" class=\"has-inline-color has-luminous-vivid-amber-color\">The cross<\/mark><\/p>\n\n\n\n<p class=\"has-medium-font-size wp-block-paragraph\">It is the symbol par excellence of the Hearts of Jesus and Mary. This is where they suffered so much together, and where their Hearts were pierced to redeem us. <\/p>\n\n\n\n<p class=\"has-medium-font-size wp-block-paragraph\"><mark style=\"background-color:rgba(0, 0, 0, 0)\" class=\"has-inline-color has-luminous-vivid-amber-color\">The hearts of Jesus and Mary<\/mark><\/p>\n\n\n\n<p class=\"has-medium-font-size wp-block-paragraph\">Plac\u00e9s au centre de la croix ils sont le centre de l&#8217;Eglise. Ils sont rassembl\u00e9s en raison du caract\u00e8re ins\u00e9parable des deux d\u00e9votions au Sacr\u00e9-C\u0153ur et au C\u0153ur Immacul\u00e9 de Marie. Ils sont plac\u00e9s en respectant le m\u00eame ordre que sur la m\u00e9daille miraculeuse.<\/p>\n\n\n\n<p class=\"has-medium-font-size wp-block-paragraph\"><\/p>\n\n\n\n<div class=\"wp-block-buttons is-layout-flex wp-block-buttons-is-layout-flex\">\n<div class=\"wp-block-button\"><a class=\"wp-block-button__link\" href=\"https:\/\/salve-corda.org\/wp-content\/uploads\/2023\/09\/logo-SC.png\">View and download in jpg<\/a><\/div>\n<\/div>","protected":false},"featured_media":6092,"template":"","class_list":["post-2054","documentation","type-documentation","status-publish","has-post-thumbnail","hentry"],"_links":{"self":[{"href":"https:\/\/salve-corda.org\/en\/wp-json\/wp\/v2\/documentation\/2054","targetHints":{"allow":["GET"]}}],"collection":[{"href":"https:\/\/salve-corda.org\/en\/wp-json\/wp\/v2\/documentation"}],"about":[{"href":"https:\/\/salve-corda.org\/en\/wp-json\/wp\/v2\/types\/documentation"}],"version-history":[{"count":1,"href":"https:\/\/salve-corda.org\/en\/wp-json\/wp\/v2\/documentation\/2054\/revisions"}],"predecessor-version":[{"id":6651,"href":"https:\/\/salve-corda.org\/en\/wp-json\/wp\/v2\/documentation\/2054\/revisions\/6651"}],"wp:featuredmedia":[{"embeddable":true,"href":"https:\/\/salve-corda.org\/en\/wp-json\/wp\/v2\/media\/6092"}],"wp:attachment":[{"href":"https:\/\/salve-corda.org\/en\/wp-json\/wp\/v2\/media?parent=2054"}],"curies":[{"name":"wp","href":"https:\/\/api.w.org\/{rel}","templated":true}]}}

<p class="wp-block-paragraph"></p>



<p class="has-medium-font-size wp-block-paragraph"><mark style="background-color:rgba(0, 0, 0, 0)" class="has-inline-color has-luminous-vivid-amber-color">The colors</mark></p>



<p class="has-medium-font-size wp-block-paragraph">The logo is in the colors of the Catholic Church, at the head of which reign the Hearts of Christ and the Blessed Virgin. These colors symbolize Salve Corda's fidelity to the Church's two-thousand-year-old teaching and magisterium.</p>



<p class="has-medium-font-size wp-block-paragraph"><mark style="background-color:rgba(0, 0, 0, 0)" class="has-inline-color has-luminous-vivid-amber-color">The cross</mark></p>



<p class="has-medium-font-size wp-block-paragraph">It is the symbol par excellence of the Hearts of Jesus and Mary. This is where they suffered so much together, and where their Hearts were pierced to redeem us. </p>



<p class="has-medium-font-size wp-block-paragraph"><mark style="background-color:rgba(0, 0, 0, 0)" class="has-inline-color has-luminous-vivid-amber-color">The hearts of Jesus and Mary</mark></p>



<p class="has-medium-font-size wp-block-paragraph">Placés au centre de la croix ils sont le centre de l&#8217;Eglise. Ils sont rassemblés en raison du caractère inséparable des deux dévotions au Sacré-Cœur et au Cœur Immaculé de Marie. Ils sont placés en respectant le même ordre que sur la médaille miraculeuse.</p>



<p class="has-medium-font-size wp-block-paragraph"></p>



<div class="wp-block-buttons is-layout-flex wp-block-buttons-is-layout-flex">
<div class="wp-block-button"><a class="wp-block-button__link" href="https://salve-corda.org/wp-content/uploads/2023/09/logo-SC.png">View and download in jpg</a></div>
</div>
