{"id":2055,"date":"2021-09-14T14:08:35","date_gmt":"2021-09-14T12:08:35","guid":{"rendered":"https:\/\/salve-corda.org\/?post_type=documentation&#038;p=2055"},"modified":"2022-03-06T23:46:14","modified_gmt":"2022-03-06T22:46:14","slug":"doc-2","status":"publish","type":"documentation","link":"https:\/\/salve-corda.org\/en\/documentation\/doc-2\/","title":{"rendered":"\"Salve Corda flyer for distribution"},"content":{"rendered":"<p class=\"has-medium-font-size wp-block-paragraph\">Ce document d&#8217;une page est destin\u00e9 \u00e0 pr\u00e9senter rapidement Salve Corda. Il faut l&#8217;imprimer en plusieurs exemplaires et ne pas h\u00e9siter \u00e0 la distribuer aux personnes rencontr\u00e9es, aux amis etc. <\/p>\n\n\n\n<p class=\"has-medium-font-size wp-block-paragraph\"><mark style=\"background-color:rgba(0, 0, 0, 0)\" class=\"has-inline-color has-luminous-vivid-amber-color\">An unprecedented crisis<\/mark><br><br><em>\u00a0<mark style=\"background-color:rgba(0, 0, 0, 0);color:#0271a0\" class=\"has-inline-color\">&#8220;La crise que l\u2019occident traverse ne s\u2019est jamais v\u00e9cue dans l\u2019Histoire. Aucune soci\u00e9t\u00e9 n\u2019a l\u00e9gif\u00e9r\u00e9 ce qu\u2019on l\u00e9gif\u00e8re aujourd\u2019hui en Occident. Aucune civilisation !\u00a0&#8221;\u00a0\u00a0<\/mark>\u00a0\u00a0 \u00a0\u00a0\u00a0\u00a0\u00a0\u00a0\u00a0\u00a0\u00a0\u00a0\u00a0\u00a0\u00a0\u00a0\u00a0\u00a0\u00a0\u00a0\u00a0\u00a0\u00a0\u00a0\u00a0\u00a0\u00a0\u00a0\u00a0Pope Benedict XVI<\/em><br><br><em>&#8220;<mark style=\"background-color:rgba(0, 0, 0, 0);color:#0171a1\" class=\"has-inline-color\">La fl\u00e8che de la cath\u00e9drale de Paris s\u2019est effondr\u00e9e : ce n\u2019est pas un hasard ! Notre Dame de Paris symbolise tout l\u2019occident. A force de se d\u00e9tourner de Dieu l\u2019Occident s\u2019effondre. Cette civilisation vit une crise mortelle.&#8221;\u00a0\u00a0<\/mark>\u00a0\u00a0\u00a0\u00a0\u00a0\u00a0\u00a0\u00a0\u00a0 \u00a0\u00a0\u00a0\u00a0\u00a0\u00a0\u00a0\u00a0\u00a0\u00a0\u00a0\u00a0\u00a0\u00a0\u00a0\u00a0\u00a0\u00a0\u00a0\u00a0\u00a0\u00a0\u00a0\u00a0\u00a0\u00a0\u00a0\u00a0\u00a0\u00a0\u00a0\u00a0\u00a0\u00a0\u00a0\u00a0\u00a0\u00a0\u00a0\u00a0\u00a0\u00a0\u00a0\u00a0\u00a0\u00a0\u00a0\u00a0\u00a0\u00a0\u00a0\u00a0\u00a0\u00a0\u00a0\u00a0\u00a0\u00a0\u00a0\u00a0\u00a0\u00a0\u00a0\u00a0\u00a0\u00a0\u00a0\u00a0\u00a0\u00a0\u00a0\u00a0\u00a0\u00a0\u00a0\u00a0\u00a0\u00a0\u00a0\u00a0\u00a0\u00a0 \u00a0 Cardinal Sarah<\/em><br><br><mark style=\"background-color:rgba(0, 0, 0, 0)\" class=\"has-inline-color has-luminous-vivid-amber-color\">God has given us the way out<\/mark><br><br>Faced with the global scale of the moral, spiritual, political and social crisis we are experiencing, more and more of us are realizing that human means alone are not enough. <strong><u>will never be able to<\/u><\/strong> stop the coming collapse. Direct divine intervention is needed. But how do we get it?  To ask the question is to answer it, for let us remember that the Blessed Virgin came to Fatima in 1917 to tell us <strong><u>what is God's way<\/u><\/strong> to obtain the conversion of the world and peace: devotion to her Immaculate Heart through <strong><u>specific prayers and actions.<\/u><\/strong> (five requests to the faithful and two to the Pope).<br><br><em>\"<mark style=\"background-color:rgba(0, 0, 0, 0);color:#016e9d\" class=\"has-inline-color\">God wants to establish devotion to my Immaculate Heart in the world.\"\u00a0<\/mark>\u00a0 Our Lady at Fatima, 1917<\/em><br><br><em>\"<mark style=\"background-color:rgba(0, 0, 0, 0);color:#016e9d\" class=\"has-inline-color\">God wants this devotion<strong> <u>and not another<\/u><\/strong>\".<\/mark><\/em>\u00a0 <em>Sister Lucia, visionary of Fatima March 1939<\/em><br><br><mark style=\"background-color:rgba(0, 0, 0, 0)\" class=\"has-inline-color has-luminous-vivid-amber-color\">What are we waiting for?<\/mark><br><br>God doesn't need millions of us! In his mercy, he was ready to save Sodom and Gomorrah for ten righteous people. All that's needed is for a certain number of the faithful to mobilize with faith, humility and perseverance. <strong><u>to put into practice exactly what God has asked of us<\/u><\/strong>. If we do, the intervention of the Blessed Virgin promised at Fatima will come true.<br><br><em>\u00a0<mark style=\"background-color:rgba(0, 0, 0, 0);color:#0270a0\" class=\"has-inline-color\">\"<strong>In the end my Immaculate Heart will triumph<\/strong>. The Holy Father will consecrate to me Russia, which will be converted, and the world will be given a certain time of peace.\"\u00a0\u00a0\u00a0<\/mark>Our Lady at Fatima, October 23, 1917<\/em><\/p>\n\n\n\n<p class=\"has-medium-font-size wp-block-paragraph\"><mark style=\"background-color:rgba(0, 0, 0, 0)\" class=\"has-inline-color has-luminous-vivid-amber-color\">Salve Corda*<\/mark><\/p>\n\n\n\n<p class=\"has-medium-font-size wp-block-paragraph\">Salve Corda is an Alliance that brings together people from all walks of life - including children - who have decided to take action for the conversion of the world and for peace in Europe. <strong><u>following Fatima's five requests<\/u><\/strong>. Far from being a \"nth movement\", Salve Corda does not encroach on the commitments of each individual, but rather reinforces them.<\/p>\n\n\n\n<p class=\"has-medium-font-size wp-block-paragraph\"><em>&#8220;<span style=\"color:#0074a6\" class=\"has-inline-color\">Il n\u2019est jamais trop tard pour recourir aux c\u0153urs de J\u00e9sus et Marie&#8221; <\/span>Saint Jacinta, seeress of Fatima<\/em><\/p>\n\n\n\n<p class=\"wp-block-paragraph\">* <span style=\"font-size: revert;\">from Latin: Nous vous saluons Coeurs (of Jesus and Mary)<\/span><\/p>\n\n\n\n<div class=\"wp-block-buttons is-layout-flex wp-block-buttons-is-layout-flex\">\n<div class=\"wp-block-button\"><a class=\"wp-block-button__link\" href=\"https:\/\/salve-corda.org\/wp-content\/uploads\/2021\/09\/teaser-SC-VF.pdf\" target=\"_blank\" rel=\"noreferrer noopener\">view and download the pdf<\/a><\/div>\n<\/div>\n\n\n\n<div class=\"wp-block-buttons is-layout-flex wp-block-buttons-is-layout-flex\"><\/div>\n\n\n\n<p class=\"wp-block-paragraph\"><\/p>","protected":false},"featured_media":1401,"template":"","class_list":["post-2055","documentation","type-documentation","status-publish","has-post-thumbnail","hentry"],"_links":{"self":[{"href":"https:\/\/salve-corda.org\/en\/wp-json\/wp\/v2\/documentation\/2055","targetHints":{"allow":["GET"]}}],"collection":[{"href":"https:\/\/salve-corda.org\/en\/wp-json\/wp\/v2\/documentation"}],"about":[{"href":"https:\/\/salve-corda.org\/en\/wp-json\/wp\/v2\/types\/documentation"}],"version-history":[{"count":1,"href":"https:\/\/salve-corda.org\/en\/wp-json\/wp\/v2\/documentation\/2055\/revisions"}],"predecessor-version":[{"id":4783,"href":"https:\/\/salve-corda.org\/en\/wp-json\/wp\/v2\/documentation\/2055\/revisions\/4783"}],"wp:featuredmedia":[{"embeddable":true,"href":"https:\/\/salve-corda.org\/en\/wp-json\/wp\/v2\/media\/1401"}],"wp:attachment":[{"href":"https:\/\/salve-corda.org\/en\/wp-json\/wp\/v2\/media?parent=2055"}],"curies":[{"name":"wp","href":"https:\/\/api.w.org\/{rel}","templated":true}]}}

<p class="has-medium-font-size wp-block-paragraph">Ce document d&#8217;une page est destiné à présenter rapidement Salve Corda. Il faut l&#8217;imprimer en plusieurs exemplaires et ne pas hésiter à la distribuer aux personnes rencontrées, aux amis etc. </p>



<p class="has-medium-font-size wp-block-paragraph"><mark style="background-color:rgba(0, 0, 0, 0)" class="has-inline-color has-luminous-vivid-amber-color">An unprecedented crisis</mark><br><br><em> <mark style="background-color:rgba(0, 0, 0, 0);color:#0271a0" class="has-inline-color">&#8220;La crise que l’occident traverse ne s’est jamais vécue dans l’Histoire. Aucune société n’a légiféré ce qu’on légifère aujourd’hui en Occident. Aucune civilisation ! &#8221;  </mark>                              Pope Benedict XVI</em><br><br><em>&#8220;<mark style="background-color:rgba(0, 0, 0, 0);color:#0171a1" class="has-inline-color">La flèche de la cathédrale de Paris s’est effondrée : ce n’est pas un hasard ! Notre Dame de Paris symbolise tout l’occident. A force de se détourner de Dieu l’Occident s’effondre. Cette civilisation vit une crise mortelle.&#8221;  </mark>                                                                                               Cardinal Sarah</em><br><br><mark style="background-color:rgba(0, 0, 0, 0)" class="has-inline-color has-luminous-vivid-amber-color">God has given us the way out</mark><br><br>Faced with the global scale of the moral, spiritual, political and social crisis we are experiencing, more and more of us are realizing that human means alone are not enough. <strong><u>will never be able to</u></strong> stop the coming collapse. Direct divine intervention is needed. But how do we get it?  To ask the question is to answer it, for let us remember that the Blessed Virgin came to Fatima in 1917 to tell us <strong><u>what is God's way</u></strong> to obtain the conversion of the world and peace: devotion to her Immaculate Heart through <strong><u>specific prayers and actions.</u></strong> (five requests to the faithful and two to the Pope).<br><br><em>"<mark style="background-color:rgba(0, 0, 0, 0);color:#016e9d" class="has-inline-color">God wants to establish devotion to my Immaculate Heart in the world." </mark>  Our Lady at Fatima, 1917</em><br><br><em>"<mark style="background-color:rgba(0, 0, 0, 0);color:#016e9d" class="has-inline-color">God wants this devotion<strong> <u>and not another</u></strong>".</mark></em>  <em>Sister Lucia, visionary of Fatima March 1939</em><br><br><mark style="background-color:rgba(0, 0, 0, 0)" class="has-inline-color has-luminous-vivid-amber-color">What are we waiting for?</mark><br><br>God doesn't need millions of us! In his mercy, he was ready to save Sodom and Gomorrah for ten righteous people. All that's needed is for a certain number of the faithful to mobilize with faith, humility and perseverance. <strong><u>to put into practice exactly what God has asked of us</u></strong>. If we do, the intervention of the Blessed Virgin promised at Fatima will come true.<br><br><em> <mark style="background-color:rgba(0, 0, 0, 0);color:#0270a0" class="has-inline-color">"<strong>In the end my Immaculate Heart will triumph</strong>. The Holy Father will consecrate to me Russia, which will be converted, and the world will be given a certain time of peace."   </mark>Our Lady at Fatima, October 23, 1917</em></p>



<p class="has-medium-font-size wp-block-paragraph"><mark style="background-color:rgba(0, 0, 0, 0)" class="has-inline-color has-luminous-vivid-amber-color">Salve Corda*</mark></p>



<p class="has-medium-font-size wp-block-paragraph">Salve Corda is an Alliance that brings together people from all walks of life - including children - who have decided to take action for the conversion of the world and for peace in Europe. <strong><u>following Fatima's five requests</u></strong>. Far from being a "nth movement", Salve Corda does not encroach on the commitments of each individual, but rather reinforces them.</p>



<p class="has-medium-font-size wp-block-paragraph"><em>&#8220;<span style="color:#0074a6" class="has-inline-color">Il n’est jamais trop tard pour recourir aux cœurs de Jésus et Marie&#8221; </span>Saint Jacinta, seeress of Fatima</em></p>



<p class="wp-block-paragraph">* <span style="font-size: revert;">from Latin: Nous vous saluons Coeurs (of Jesus and Mary)</span></p>



<div class="wp-block-buttons is-layout-flex wp-block-buttons-is-layout-flex">
<div class="wp-block-button"><a class="wp-block-button__link" href="https://salve-corda.org/wp-content/uploads/2021/09/teaser-SC-VF.pdf" target="_blank" rel="noreferrer noopener">view and download the pdf</a></div>
</div>



<div class="wp-block-buttons is-layout-flex wp-block-buttons-is-layout-flex"></div>



<p class="wp-block-paragraph"></p>
