{"id":8845,"date":"2024-03-26T10:34:07","date_gmt":"2024-03-26T09:34:07","guid":{"rendered":"https:\/\/salve-corda.org\/?page_id=8845"},"modified":"2024-04-28T15:01:01","modified_gmt":"2024-04-28T13:01:01","slug":"mention-legales","status":"publish","type":"page","link":"https:\/\/salve-corda.org\/en\/mention-legales\/","title":{"rendered":"Legal notice"},"content":{"rendered":"<div data-elementor-type=\"wp-page\" data-elementor-id=\"8845\" class=\"elementor elementor-8845\">\n\t\t\t\t\t\t<section class=\"elementor-section elementor-top-section elementor-element elementor-element-b856bc0 elementor-section-boxed elementor-section-height-default elementor-section-height-default\" data-id=\"b856bc0\" data-element_type=\"section\" data-e-type=\"section\">\n\t\t\t\t\t\t<div class=\"elementor-container elementor-column-gap-default\">\n\t\t\t\t\t<div class=\"elementor-column elementor-col-100 elementor-top-column elementor-element elementor-element-f8ef477\" data-id=\"f8ef477\" data-element_type=\"column\" data-e-type=\"column\">\n\t\t\t<div class=\"elementor-widget-wrap elementor-element-populated\">\n\t\t\t\t\t\t<div class=\"elementor-element elementor-element-0eba749 elementor-widget elementor-widget-spacer\" data-id=\"0eba749\" data-element_type=\"widget\" data-e-type=\"widget\" data-widget_type=\"spacer.default\">\n\t\t\t\t<div class=\"elementor-widget-container\">\n\t\t\t\t\t\t\t<div class=\"elementor-spacer\">\n\t\t\t<div class=\"elementor-spacer-inner\"><\/div>\n\t\t<\/div>\n\t\t\t\t\t\t<\/div>\n\t\t\t\t<\/div>\n\t\t\t\t\t<\/div>\n\t\t<\/div>\n\t\t\t\t\t<\/div>\n\t\t<\/section>\n\t\t\t\t<section class=\"elementor-section elementor-top-section elementor-element elementor-element-d808c5b elementor-section-boxed elementor-section-height-default elementor-section-height-default\" data-id=\"d808c5b\" data-element_type=\"section\" data-e-type=\"section\">\n\t\t\t\t\t\t<div class=\"elementor-container elementor-column-gap-default\">\n\t\t\t\t\t<div class=\"elementor-column elementor-col-100 elementor-top-column elementor-element elementor-element-e8b4ce5\" data-id=\"e8b4ce5\" data-element_type=\"column\" data-e-type=\"column\">\n\t\t\t<div class=\"elementor-widget-wrap elementor-element-populated\">\n\t\t\t\t\t\t<div class=\"elementor-element elementor-element-448478e elementor-widget elementor-widget-heading\" data-id=\"448478e\" data-element_type=\"widget\" data-e-type=\"widget\" data-widget_type=\"heading.default\">\n\t\t\t\t<div class=\"elementor-widget-container\">\n\t\t\t\t\t<h2 class=\"elementor-heading-title elementor-size-default\">DATA PROTECTION STATEMENT<\/h2>\t\t\t\t<\/div>\n\t\t\t\t<\/div>\n\t\t\t\t\t<\/div>\n\t\t<\/div>\n\t\t\t\t\t<\/div>\n\t\t<\/section>\n\t\t\t\t<section class=\"elementor-section elementor-top-section elementor-element elementor-element-a3eb121 elementor-section-boxed elementor-section-height-default elementor-section-height-default\" data-id=\"a3eb121\" data-element_type=\"section\" data-e-type=\"section\" data-settings=\"{&quot;background_background&quot;:&quot;classic&quot;}\">\n\t\t\t\t\t\t<div class=\"elementor-container elementor-column-gap-default\">\n\t\t\t\t\t<div class=\"elementor-column elementor-col-100 elementor-top-column elementor-element elementor-element-ca6451b\" data-id=\"ca6451b\" data-element_type=\"column\" data-e-type=\"column\">\n\t\t\t<div class=\"elementor-widget-wrap elementor-element-populated\">\n\t\t\t\t\t\t<div class=\"elementor-element elementor-element-aa49358 elementor-widget elementor-widget-text-editor\" data-id=\"aa49358\" data-element_type=\"widget\" data-e-type=\"widget\" data-widget_type=\"text-editor.default\">\n\t\t\t\t<div class=\"elementor-widget-container\">\n\t\t\t\t\t\t\t\t\t<h3>&nbsp;<\/h3>\n<p>The Salve Corda Alliance is committed to privacy and data protection. It collects and uses your personal data in accordance with the content of these data protection provisions as well as applicable data protection regulations, in particular the Data Protection Act (DPA) and the European RGPD.<\/p><p><br><\/p>\n<p><\/p>\n<p>&nbsp; &nbsp; 1. <span style=\"font-weight: bold;\">Objet de l&#8217;Alliance<\/span><\/p>\n<p>L\u2019Alliance Salve corda est une \u0153uvre cultuelle catholique. Son site salve-corda.org est un service d&#8217;information en ligne cultuel \u00e9dit\u00e9 \u00e0 titre non professionnel.<\/p>\n<p><br><\/p>\n<p><\/p>\n<ol start=\"2\">\n<li><strong>Description and scope of data processing<\/strong><\/li>\n<\/ol>\n<p><em>Collecting data<\/em><\/p>\n<p>The site does not collect any personal data other than a simple e-mail. In particular, the site does not collect names, postal addresses, telephone numbers, dates of birth, etc. When a person or organization contacts the Alliance by e-mail, any data exchanged in subsequent discussions is strictly private, and is not processed in any way. These discussions are subject to a mutual commitment of total confidentiality on both sides.<\/p><p><br><\/p>\n<p><em>Use of the site<\/em><\/p>\n<p>The site does not collect any information about your use of the site. In addition, we exclude all use of social networking plug-ins and web analysis tools such as Google Analytics, as these require sites to collect personal information.<\/p><p><br><\/p>\n<p><\/p>\n<ol start=\"3\">\n<li><strong>Data processing principles<\/strong><\/li>\n<\/ol>\n<p>Vos emails ne sont ni vendus ni communiqu\u00e9s \u00e0 des tiers en dehors de nos deux sous-traitants wordpress (logiciel d&#8217;\u00e9dition de site) et Brevo (logiciel d&#8217;envoi de mails) et dans le cadre exclusif de leurs services.<\/p>\n<p>The Alliance does not \"process\" your data. The use of your data, your e-mails, concerns exclusively the following points:<\/p>\n<ul>\n<li>Automatically send a meditation each month<\/li>\n<li>Inform about special events on an ad hoc basis.<\/li>\n<li>Reply to your messages and discuss our business privately<\/li>\n<\/ul>\n<p>E-mails will be kept for a period of 5 years unless a person asks to be removed from the list before then. To do so, simply write to the Alliance to ask to be removed from the list, using the following e-mail address: contact (at) salve-corda.org<\/p><p><br><\/p>\n<p><\/p>\n<ol start=\"4\">\n<li><strong>Cookies<\/strong><\/li>\n<\/ol>\n<p>The site does not use cookies. However, it does use the services of the subcontractors listed above. These companies may use mainly technical cookies under their exclusive responsibility. If you wish to block these cookies, you can configure your browser so that it does not accept cookies.<\/p><p><br><\/p>\n<p><\/p>\n<ol start=\"5\">\n<li><strong>Data security<\/strong><\/li>\n<\/ol>\n<p>The e-mail you send us is stored on servers located in Switzerland. We use the SSL (Secure Socket Layer) encryption system to encrypt our exchanges.<\/p><p><br><\/p>\n<p><\/p>\n<ol start=\"6\">\n<li><strong>Hosting<\/strong><\/li>\n<\/ol>\n<p>The salve-corda website is hosted by Kreativmedia Gmbh , Hoschgasse 45, CH-8008 Zurich, Tel : 0800 550 660<\/p><p><br><\/p>\n<p><\/p>\n<ol start=\"7\">\n<li><strong>Changes to this data protection policy<\/strong><\/li>\n<\/ol>\n<p>We reserve the right to modify this privacy policy at any time with effect for the future. An updated version is available on the website. We invite you to consult the website regularly and to inform yourself about the current data protection policy.<\/p><p><br><\/p>\n<p><\/p>\n<ol start=\"8\">\n<li><strong>Your rights<\/strong><\/li>\n<\/ol>\n<p>You have the right to request information about your personal data. In particular, you may request information about the personal data itself, how it is used, how long it is kept and where it comes from. You also have the right to revoke any consent you may have given to the use of your personal data at any time. You can assert your aforementioned rights with us at any time. To contact us regarding the protection of your data, please contact the person in charge of data protection at the Alliance: dpo (at) salve-corda.org<\/p>\n<p><em>Data declaration - 01\/01\/2024<\/em><\/p>\n<p style=\"text-align: right;\">\n<\/p>\t\t\t\t\t\t\t\t<\/div>\n\t\t\t\t<\/div>\n\t\t\t\t\t<\/div>\n\t\t<\/div>\n\t\t\t\t\t<\/div>\n\t\t<\/section>\n\t\t\t\t<\/div>","protected":false},"excerpt":{"rendered":"<p>DATA PROTECTION STATEMENT The Salve Corda Alliance is committed to privacy and data protection. It collects and uses your personal data in accordance with the [...]<\/p>","protected":false},"author":1,"featured_media":0,"parent":0,"menu_order":0,"comment_status":"closed","ping_status":"closed","template":"elementor_header_footer","meta":{"footnotes":""},"class_list":["post-8845","page","type-page","status-publish","hentry"],"_links":{"self":[{"href":"https:\/\/salve-corda.org\/en\/wp-json\/wp\/v2\/pages\/8845","targetHints":{"allow":["GET"]}}],"collection":[{"href":"https:\/\/salve-corda.org\/en\/wp-json\/wp\/v2\/pages"}],"about":[{"href":"https:\/\/salve-corda.org\/en\/wp-json\/wp\/v2\/types\/page"}],"author":[{"embeddable":true,"href":"https:\/\/salve-corda.org\/en\/wp-json\/wp\/v2\/users\/1"}],"replies":[{"embeddable":true,"href":"https:\/\/salve-corda.org\/en\/wp-json\/wp\/v2\/comments?post=8845"}],"version-history":[{"count":25,"href":"https:\/\/salve-corda.org\/en\/wp-json\/wp\/v2\/pages\/8845\/revisions"}],"predecessor-version":[{"id":12136,"href":"https:\/\/salve-corda.org\/en\/wp-json\/wp\/v2\/pages\/8845\/revisions\/12136"}],"wp:attachment":[{"href":"https:\/\/salve-corda.org\/en\/wp-json\/wp\/v2\/media?parent=8845"}],"curies":[{"name":"wp","href":"https:\/\/api.w.org\/{rel}","templated":true}]}}

<div data-elementor-type="wp-page" data-elementor-id="8845" class="elementor elementor-8845">
						<section class="elementor-section elementor-top-section elementor-element elementor-element-b856bc0 elementor-section-boxed elementor-section-height-default elementor-section-height-default" data-id="b856bc0" data-element_type="section" data-e-type="section">
						<div class="elementor-container elementor-column-gap-default">
					<div class="elementor-column elementor-col-100 elementor-top-column elementor-element elementor-element-f8ef477" data-id="f8ef477" data-element_type="column" data-e-type="column">
			<div class="elementor-widget-wrap elementor-element-populated">
						<div class="elementor-element elementor-element-0eba749 elementor-widget elementor-widget-spacer" data-id="0eba749" data-element_type="widget" data-e-type="widget" data-widget_type="spacer.default">
				<div class="elementor-widget-container">
							<div class="elementor-spacer">
			<div class="elementor-spacer-inner"></div>
		</div>
						</div>
				</div>
					</div>
		</div>
					</div>
		</section>
				<section class="elementor-section elementor-top-section elementor-element elementor-element-d808c5b elementor-section-boxed elementor-section-height-default elementor-section-height-default" data-id="d808c5b" data-element_type="section" data-e-type="section">
						<div class="elementor-container elementor-column-gap-default">
					<div class="elementor-column elementor-col-100 elementor-top-column elementor-element elementor-element-e8b4ce5" data-id="e8b4ce5" data-element_type="column" data-e-type="column">
			<div class="elementor-widget-wrap elementor-element-populated">
						<div class="elementor-element elementor-element-448478e elementor-widget elementor-widget-heading" data-id="448478e" data-element_type="widget" data-e-type="widget" data-widget_type="heading.default">
				<div class="elementor-widget-container">
					<h2 class="elementor-heading-title elementor-size-default">DATA PROTECTION STATEMENT</h2>				</div>
				</div>
					</div>
		</div>
					</div>
		</section>
				<section class="elementor-section elementor-top-section elementor-element elementor-element-a3eb121 elementor-section-boxed elementor-section-height-default elementor-section-height-default" data-id="a3eb121" data-element_type="section" data-e-type="section" data-settings="{&quot;background_background&quot;:&quot;classic&quot;}">
						<div class="elementor-container elementor-column-gap-default">
					<div class="elementor-column elementor-col-100 elementor-top-column elementor-element elementor-element-ca6451b" data-id="ca6451b" data-element_type="column" data-e-type="column">
			<div class="elementor-widget-wrap elementor-element-populated">
						<div class="elementor-element elementor-element-aa49358 elementor-widget elementor-widget-text-editor" data-id="aa49358" data-element_type="widget" data-e-type="widget" data-widget_type="text-editor.default">
				<div class="elementor-widget-container">
									<h3>&nbsp;</h3>
<p>The Salve Corda Alliance is committed to privacy and data protection. It collects and uses your personal data in accordance with the content of these data protection provisions as well as applicable data protection regulations, in particular the Data Protection Act (DPA) and the European RGPD.</p><p><br></p>
<p></p>
<p>&nbsp; &nbsp; 1. <span style="font-weight: bold;">Objet de l&#8217;Alliance</span></p>
<p>L’Alliance Salve corda est une œuvre cultuelle catholique. Son site salve-corda.org est un service d&#8217;information en ligne cultuel édité à titre non professionnel.</p>
<p><br></p>
<p></p>
<ol start="2">
<li><strong>Description and scope of data processing</strong></li>
</ol>
<p><em>Collecting data</em></p>
<p>The site does not collect any personal data other than a simple e-mail. In particular, the site does not collect names, postal addresses, telephone numbers, dates of birth, etc. When a person or organization contacts the Alliance by e-mail, any data exchanged in subsequent discussions is strictly private, and is not processed in any way. These discussions are subject to a mutual commitment of total confidentiality on both sides.</p><p><br></p>
<p><em>Use of the site</em></p>
<p>The site does not collect any information about your use of the site. In addition, we exclude all use of social networking plug-ins and web analysis tools such as Google Analytics, as these require sites to collect personal information.</p><p><br></p>
<p></p>
<ol start="3">
<li><strong>Data processing principles</strong></li>
</ol>
<p>Vos emails ne sont ni vendus ni communiqués à des tiers en dehors de nos deux sous-traitants wordpress (logiciel d&#8217;édition de site) et Brevo (logiciel d&#8217;envoi de mails) et dans le cadre exclusif de leurs services.</p>
<p>The Alliance does not "process" your data. The use of your data, your e-mails, concerns exclusively the following points:</p>
<ul>
<li>Automatically send a meditation each month</li>
<li>Inform about special events on an ad hoc basis.</li>
<li>Reply to your messages and discuss our business privately</li>
</ul>
<p>E-mails will be kept for a period of 5 years unless a person asks to be removed from the list before then. To do so, simply write to the Alliance to ask to be removed from the list, using the following e-mail address: contact (at) salve-corda.org</p><p><br></p>
<p></p>
<ol start="4">
<li><strong>Cookies</strong></li>
</ol>
<p>The site does not use cookies. However, it does use the services of the subcontractors listed above. These companies may use mainly technical cookies under their exclusive responsibility. If you wish to block these cookies, you can configure your browser so that it does not accept cookies.</p><p><br></p>
<p></p>
<ol start="5">
<li><strong>Data security</strong></li>
</ol>
<p>The e-mail you send us is stored on servers located in Switzerland. We use the SSL (Secure Socket Layer) encryption system to encrypt our exchanges.</p><p><br></p>
<p></p>
<ol start="6">
<li><strong>Hosting</strong></li>
</ol>
<p>The salve-corda website is hosted by Kreativmedia Gmbh , Hoschgasse 45, CH-8008 Zurich, Tel : 0800 550 660</p><p><br></p>
<p></p>
<ol start="7">
<li><strong>Changes to this data protection policy</strong></li>
</ol>
<p>We reserve the right to modify this privacy policy at any time with effect for the future. An updated version is available on the website. We invite you to consult the website regularly and to inform yourself about the current data protection policy.</p><p><br></p>
<p></p>
<ol start="8">
<li><strong>Your rights</strong></li>
</ol>
<p>You have the right to request information about your personal data. In particular, you may request information about the personal data itself, how it is used, how long it is kept and where it comes from. You also have the right to revoke any consent you may have given to the use of your personal data at any time. You can assert your aforementioned rights with us at any time. To contact us regarding the protection of your data, please contact the person in charge of data protection at the Alliance: dpo (at) salve-corda.org</p>
<p><em>Data declaration - 01/01/2024</em></p>
<p style="text-align: right;">
</p>								</div>
				</div>
					</div>
		</div>
					</div>
		</section>
				</div>
