{"id":6062,"date":"2021-07-05T22:06:22","date_gmt":"2021-07-05T20:06:22","guid":{"rendered":"https:\/\/salve-corda.org\/?post_type=sites-livres&#038;p=6062"},"modified":"2023-06-17T22:20:22","modified_gmt":"2023-06-17T20:20:22","slug":"devotion-reparatrice","status":"publish","type":"sites-livres","link":"https:\/\/salve-corda.org\/en\/sites-livres\/devotion-reparatrice\/","title":{"rendered":"Devotion of Reparation to the Immaculate Heart of Mary"},"content":{"rendered":"<p class=\"has-medium-font-size wp-block-paragraph\">Publisher: Pierre TEQUI<\/p>\n\n\n\n<p class=\"has-medium-font-size wp-block-paragraph\">La notion de d\u00e9votion r\u00e9paratrice n&#8217;est pas une invention de l&#8217;homme, mais bien une demande exprim\u00e9e par J\u00e9sus lui-m\u00eame \u00e0 ses messag\u00e8res : sainte Marguerite-Marie pour la d\u00e9votion \u00e0 son C\u0153ur Sacr\u00e9,&nbsp;les trois enfants de Fatima pour la D\u00e9votion au Coeur Immacul\u00e9 de Marie. Notre Dame a pr\u00e9cis\u00e9 les 13 juin et 13 juillet 1917, que c&#8217;\u00e9tait Dieu lui-m\u00eame qui voulait \u00e9tablir cette d\u00e9votion dans le monde.  <\/p>\n\n\n\n<p class=\"has-medium-font-size wp-block-paragraph\">Cet ouvrage s&#8217;efforce de faire conna\u00eetre cette demande du Ciel et constitue un guide pour ceux qui veulent la satisfaire, seuls ou au sein de groupes de pri\u00e8re. <\/p>\n\n\n\n<p class=\"has-medium-font-size wp-block-paragraph\">How to buy<\/p>\n\n\n\n<p class=\"wp-block-paragraph\"><a href=\"https:\/\/www.librairietequi.com\/A-45109-la-devotion-reparatrice-au-c%c5%93ur-immacule-de-marie.aspx\">https:\/\/www.librairietequi.com\/A-45109-la-devotion-reparatrice-au-c%c5%93ur-immacule-de-marie.aspx<\/a><\/p>","protected":false},"featured_media":6063,"template":"","class_list":["post-6062","sites-livres","type-sites-livres","status-publish","has-post-thumbnail","hentry"],"_links":{"self":[{"href":"https:\/\/salve-corda.org\/en\/wp-json\/wp\/v2\/sites-livres\/6062","targetHints":{"allow":["GET"]}}],"collection":[{"href":"https:\/\/salve-corda.org\/en\/wp-json\/wp\/v2\/sites-livres"}],"about":[{"href":"https:\/\/salve-corda.org\/en\/wp-json\/wp\/v2\/types\/sites-livres"}],"version-history":[{"count":0,"href":"https:\/\/salve-corda.org\/en\/wp-json\/wp\/v2\/sites-livres\/6062\/revisions"}],"wp:featuredmedia":[{"embeddable":true,"href":"https:\/\/salve-corda.org\/en\/wp-json\/wp\/v2\/media\/6063"}],"wp:attachment":[{"href":"https:\/\/salve-corda.org\/en\/wp-json\/wp\/v2\/media?parent=6062"}],"curies":[{"name":"wp","href":"https:\/\/api.w.org\/{rel}","templated":true}]}}

<p class="has-medium-font-size wp-block-paragraph">Publisher: Pierre TEQUI</p>



<p class="has-medium-font-size wp-block-paragraph">La notion de dévotion réparatrice n&#8217;est pas une invention de l&#8217;homme, mais bien une demande exprimée par Jésus lui-même à ses messagères : sainte Marguerite-Marie pour la dévotion à son Cœur Sacré,&nbsp;les trois enfants de Fatima pour la Dévotion au Coeur Immaculé de Marie. Notre Dame a précisé les 13 juin et 13 juillet 1917, que c&#8217;était Dieu lui-même qui voulait établir cette dévotion dans le monde.  </p>



<p class="has-medium-font-size wp-block-paragraph">Cet ouvrage s&#8217;efforce de faire connaître cette demande du Ciel et constitue un guide pour ceux qui veulent la satisfaire, seuls ou au sein de groupes de prière. </p>



<p class="has-medium-font-size wp-block-paragraph">How to buy</p>



<p class="wp-block-paragraph"><a href="https://www.librairietequi.com/A-45109-la-devotion-reparatrice-au-c%c5%93ur-immacule-de-marie.aspx">https://www.librairietequi.com/A-45109-la-devotion-reparatrice-au-c%c5%93ur-immacule-de-marie.aspx</a></p>
