{"id":2045,"date":"2021-09-14T13:34:56","date_gmt":"2021-09-14T11:34:56","guid":{"rendered":"https:\/\/salve-corda.org\/?post_type=lettres&#038;p=2045"},"modified":"2021-12-17T19:19:11","modified_gmt":"2021-12-17T18:19:11","slug":"lettre-2","status":"publish","type":"meditations","link":"https:\/\/salve-corda.org\/es\/meditations\/lettre-2\/","title":{"rendered":"Carta de apoyo de Monse\u00f1or Schneider"},"content":{"rendered":"<p class=\"has-medium-font-size wp-block-paragraph\">Queridos fieles de Salve Corda,<\/p>\n\n\n\n<p class=\"wp-block-paragraph\" style=\"font-size:18px\">Con profunda alegr\u00eda vengo a prestar mi apoyo espiritual a la gran Alianza en torno a los Corazones de Jes\u00fas y de Mar\u00eda que hab\u00e9is lanzado. En el contexto de una crisis mundial sin precedentes, vuestro objetivo de responder de manera concreta a su llamada es de plena actualidad.<\/p>\n\n\n\n<p class=\"wp-block-paragraph\" style=\"font-size:18px\">Esta devoci\u00f3n a los Corazones de Jes\u00fas y de Mar\u00eda se desarrolla mucho hoy en d\u00eda, y es absolutamente esencial. Desgraciadamente, las peticiones precisas de Cristo y de la Sant\u00edsima Virgen, inseparables de esta devoci\u00f3n, se olvidan con demasiada frecuencia. El gran m\u00e9rito de la Salve Corda es precisamente que nos recuerda su importancia vital y basa su acci\u00f3n en su realizaci\u00f3n.<\/p>\n\n\n\n<p class=\"wp-block-paragraph\" style=\"font-size:18px\">Existe tambi\u00e9n una falta de unidad entre los fieles de hoy. La Salve Corda responde a esta necesidad siendo una \"Alianza\" y no un nuevo movimiento que se suma a tantos otros. S\u00ed, frente a la adversidad de nuestro mundo moderno, debemos unirnos en torno al estandarte de los Corazones de Jes\u00fas y de Mar\u00eda y poner en pr\u00e1ctica sus exigencias en nuestras vidas.<\/p>\n\n\n\n<p class=\"wp-block-paragraph\" style=\"font-size:18px\">Recordemos las hermosas palabras de esperanza de Santa Jacinta: \"Nunca es tarde para recurrir a los Corazones de Jes\u00fas y de Mar\u00eda\".<\/p>\n\n\n\n<p class=\"wp-block-paragraph\" style=\"font-size:18px\">Desde la Catedral de Nuestra Se\u00f1ora de F\u00e1tima, en Kazajst\u00e1n, bendigo la Alianza Salve Corda e invito a los fieles a unirse a ella. Que vuestro acercamiento permanezca fundado en la humildad, el esp\u00edritu de obediencia y la fe en la victoria final de la Sant\u00edsima Virgen.<\/p>\n\n\n\n<p class=\"wp-block-paragraph\" style=\"font-size:18px\">En Can\u00e1, Mar\u00eda dijo a los criados: \"Haced lo que \u00e9l os diga\". Los criados obedecieron y se produjo el milagro.<\/p>\n\n\n\n<p class=\"wp-block-paragraph\" style=\"font-size:18px\">Hoy es lo mismo: hagamos lo que la Virgen nos pidi\u00f3 en F\u00e1tima y Dios conceder\u00e1 a los hombres las gracias de conversi\u00f3n y de paz que el mundo tanto necesita.<\/p>\n\n\n\n<p class=\"wp-block-paragraph\" style=\"font-size:18px\"><strong>+ Athanasius Schneider, obispo auxiliar de la archidi\u00f3cesis de Santa Mar\u00eda en Astana<\/strong><\/p>","protected":false},"featured_media":4645,"template":"","class_list":["post-2045","meditations","type-meditations","status-publish","has-post-thumbnail","hentry"],"_links":{"self":[{"href":"https:\/\/salve-corda.org\/es\/wp-json\/wp\/v2\/meditations\/2045","targetHints":{"allow":["GET"]}}],"collection":[{"href":"https:\/\/salve-corda.org\/es\/wp-json\/wp\/v2\/meditations"}],"about":[{"href":"https:\/\/salve-corda.org\/es\/wp-json\/wp\/v2\/types\/meditations"}],"version-history":[{"count":0,"href":"https:\/\/salve-corda.org\/es\/wp-json\/wp\/v2\/meditations\/2045\/revisions"}],"wp:featuredmedia":[{"embeddable":true,"href":"https:\/\/salve-corda.org\/es\/wp-json\/wp\/v2\/media\/4645"}],"wp:attachment":[{"href":"https:\/\/salve-corda.org\/es\/wp-json\/wp\/v2\/media?parent=2045"}],"curies":[{"name":"wp","href":"https:\/\/api.w.org\/{rel}","templated":true}]}}

Carta de apoyo de Monseñor Schneider

<p class="has-medium-font-size wp-block-paragraph">Queridos fieles de Salve Corda,</p>



<p class="wp-block-paragraph" style="font-size:18px">Con profunda alegría vengo a prestar mi apoyo espiritual a la gran Alianza en torno a los Corazones de Jesús y de María que habéis lanzado. En el contexto de una crisis mundial sin precedentes, vuestro objetivo de responder de manera concreta a su llamada es de plena actualidad.</p>



<p class="wp-block-paragraph" style="font-size:18px">Esta devoción a los Corazones de Jesús y de María se desarrolla mucho hoy en día, y es absolutamente esencial. Desgraciadamente, las peticiones precisas de Cristo y de la Santísima Virgen, inseparables de esta devoción, se olvidan con demasiada frecuencia. El gran mérito de la Salve Corda es precisamente que nos recuerda su importancia vital y basa su acción en su realización.</p>



<p class="wp-block-paragraph" style="font-size:18px">Existe también una falta de unidad entre los fieles de hoy. La Salve Corda responde a esta necesidad siendo una "Alianza" y no un nuevo movimiento que se suma a tantos otros. Sí, frente a la adversidad de nuestro mundo moderno, debemos unirnos en torno al estandarte de los Corazones de Jesús y de María y poner en práctica sus exigencias en nuestras vidas.</p>



<p class="wp-block-paragraph" style="font-size:18px">Recordemos las hermosas palabras de esperanza de Santa Jacinta: "Nunca es tarde para recurrir a los Corazones de Jesús y de María".</p>



<p class="wp-block-paragraph" style="font-size:18px">Desde la Catedral de Nuestra Señora de Fátima, en Kazajstán, bendigo la Alianza Salve Corda e invito a los fieles a unirse a ella. Que vuestro acercamiento permanezca fundado en la humildad, el espíritu de obediencia y la fe en la victoria final de la Santísima Virgen.</p>



<p class="wp-block-paragraph" style="font-size:18px">En Caná, María dijo a los criados: "Haced lo que él os diga". Los criados obedecieron y se produjo el milagro.</p>



<p class="wp-block-paragraph" style="font-size:18px">Hoy es lo mismo: hagamos lo que la Virgen nos pidió en Fátima y Dios concederá a los hombres las gracias de conversión y de paz que el mundo tanto necesita.</p>



<p class="wp-block-paragraph" style="font-size:18px"><strong>+ Athanasius Schneider, obispo auxiliar de la archidiócesis de Santa María en Astana</strong></p>
