{"id":1660,"date":"2021-09-01T09:54:56","date_gmt":"2021-09-01T07:54:56","guid":{"rendered":"https:\/\/salve-corda.org\/?page_id=1660"},"modified":"2022-04-08T19:44:03","modified_gmt":"2022-04-08T17:44:03","slug":"participer-a-lechelon-central","status":"publish","type":"page","link":"https:\/\/salve-corda.org\/es\/participer-a-lechelon-central\/","title":{"rendered":"Z Participer \u00e0 l&#8217;\u00e9chelon central old"},"content":{"rendered":"<div data-elementor-type=\"wp-page\" data-elementor-id=\"1660\" class=\"elementor elementor-1660\">\n\t\t\t\t\t\t<section class=\"elementor-section elementor-top-section elementor-element elementor-element-998ad30 elementor-section-boxed elementor-section-height-default elementor-section-height-default\" data-id=\"998ad30\" data-element_type=\"section\" data-e-type=\"section\">\n\t\t\t\t\t\t<div class=\"elementor-container elementor-column-gap-default\">\n\t\t\t\t\t<div class=\"elementor-column elementor-col-100 elementor-top-column elementor-element elementor-element-291200f\" data-id=\"291200f\" data-element_type=\"column\" data-e-type=\"column\">\n\t\t\t<div class=\"elementor-widget-wrap elementor-element-populated\">\n\t\t\t\t\t\t<div class=\"elementor-element elementor-element-51f0efc elementor-widget elementor-widget-spacer\" data-id=\"51f0efc\" data-element_type=\"widget\" data-e-type=\"widget\" data-widget_type=\"spacer.default\">\n\t\t\t\t<div class=\"elementor-widget-container\">\n\t\t\t\t\t\t\t<div class=\"elementor-spacer\">\n\t\t\t<div class=\"elementor-spacer-inner\"><\/div>\n\t\t<\/div>\n\t\t\t\t\t\t<\/div>\n\t\t\t\t<\/div>\n\t\t\t\t\t<\/div>\n\t\t<\/div>\n\t\t\t\t\t<\/div>\n\t\t<\/section>\n\t\t\t\t<section class=\"elementor-section elementor-top-section elementor-element elementor-element-7598261 elementor-section-boxed elementor-section-height-default elementor-section-height-default\" data-id=\"7598261\" data-element_type=\"section\" data-e-type=\"section\">\n\t\t\t\t\t\t<div class=\"elementor-container elementor-column-gap-default\">\n\t\t\t\t\t<div class=\"elementor-column elementor-col-100 elementor-top-column elementor-element elementor-element-02d3f24\" data-id=\"02d3f24\" data-element_type=\"column\" data-e-type=\"column\">\n\t\t\t<div class=\"elementor-widget-wrap elementor-element-populated\">\n\t\t\t\t\t\t<div class=\"elementor-element elementor-element-8e6531f elementor-widget elementor-widget-heading\" data-id=\"8e6531f\" data-element_type=\"widget\" data-e-type=\"widget\" data-widget_type=\"heading.default\">\n\t\t\t\t<div class=\"elementor-widget-container\">\n\t\t\t\t\t<h2 class=\"elementor-heading-title elementor-size-default\">Aportaci\u00f3n de conocimientos especializados a nivel central<\/h2>\t\t\t\t<\/div>\n\t\t\t\t<\/div>\n\t\t\t\t\t<\/div>\n\t\t<\/div>\n\t\t\t\t\t<\/div>\n\t\t<\/section>\n\t\t\t\t<section class=\"elementor-section elementor-top-section elementor-element elementor-element-5001a5b elementor-section-boxed elementor-section-height-default elementor-section-height-default\" data-id=\"5001a5b\" data-element_type=\"section\" data-e-type=\"section\">\n\t\t\t\t\t\t<div class=\"elementor-container elementor-column-gap-default\">\n\t\t\t\t\t<div class=\"elementor-column elementor-col-50 elementor-top-column elementor-element elementor-element-a590eaf\" data-id=\"a590eaf\" data-element_type=\"column\" data-e-type=\"column\">\n\t\t\t<div class=\"elementor-widget-wrap elementor-element-populated\">\n\t\t\t\t\t\t<div class=\"elementor-element elementor-element-f03af73 elementor-widget elementor-widget-image\" data-id=\"f03af73\" data-element_type=\"widget\" data-e-type=\"widget\" data-widget_type=\"image.default\">\n\t\t\t\t<div class=\"elementor-widget-container\">\n\t\t\t\t\t\t\t\t\t\t\t\t\t\t\t<img fetchpriority=\"high\" decoding=\"async\" width=\"376\" height=\"376\" src=\"https:\/\/salve-corda.org\/wp-content\/uploads\/2021\/07\/salve-corda-e1631624806880.png\" class=\"attachment-large size-large wp-image-837\" alt=\"\" \/>\t\t\t\t\t\t\t\t\t\t\t\t\t\t\t<\/div>\n\t\t\t\t<\/div>\n\t\t\t\t\t<\/div>\n\t\t<\/div>\n\t\t\t\t<div class=\"elementor-column elementor-col-50 elementor-top-column elementor-element elementor-element-905e32c\" data-id=\"905e32c\" data-element_type=\"column\" data-e-type=\"column\">\n\t\t\t<div class=\"elementor-widget-wrap elementor-element-populated\">\n\t\t\t\t\t\t<div class=\"elementor-element elementor-element-f9cced9 elementor-widget elementor-widget-text-editor\" data-id=\"f9cced9\" data-element_type=\"widget\" data-e-type=\"widget\" data-widget_type=\"text-editor.default\">\n\t\t\t\t<div class=\"elementor-widget-container\">\n\t\t\t\t\t\t\t\t\t<p>Salve Corda cuenta con un \u00f3rgano central de coordinaci\u00f3n para garantizar una buena coordinaci\u00f3n general, mantener viva la federaci\u00f3n, ayudar a las Ciudades y desarrollar la devoci\u00f3n a los Corazones de Jes\u00fas y Mar\u00eda en Francia y a nivel internacional.<\/p><p>\u00a0<\/p><p>Buscamos voluntarios con aptitudes que se ajusten a nuestras necesidades y que puedan ofrecer un determinado n\u00famero de horas o incluso unos d\u00edas al mes de forma regular. Las habilidades que buscamos incluyen, entre otras, las siguientes:<\/p>\t\t\t\t\t\t\t\t<\/div>\n\t\t\t\t<\/div>\n\t\t\t\t\t<\/div>\n\t\t<\/div>\n\t\t\t\t\t<\/div>\n\t\t<\/section>\n\t\t\t\t<section class=\"elementor-section elementor-top-section elementor-element elementor-element-404d7d2 elementor-section-boxed elementor-section-height-default elementor-section-height-default\" data-id=\"404d7d2\" data-element_type=\"section\" data-e-type=\"section\">\n\t\t\t\t\t\t<div class=\"elementor-container elementor-column-gap-default\">\n\t\t\t\t\t<div class=\"elementor-column elementor-col-100 elementor-top-column elementor-element elementor-element-2a533c6\" data-id=\"2a533c6\" data-element_type=\"column\" data-e-type=\"column\">\n\t\t\t<div class=\"elementor-widget-wrap elementor-element-populated\">\n\t\t\t\t\t\t<div class=\"elementor-element elementor-element-231af89 elementor-widget elementor-widget-text-editor\" data-id=\"231af89\" data-element_type=\"widget\" data-e-type=\"widget\" data-widget_type=\"text-editor.default\">\n\t\t\t\t<div class=\"elementor-widget-container\">\n\t\t\t\t\t\t\t\t\t<ul><li>responsables regionales en Francia para desarrollar las Ciudades Salve Corda y garantizar el v\u00ednculo entre las Ciudades de la regi\u00f3n y el nivel central de Salve Corda<\/li><\/ul><p>\u00a0<\/p><ul><li>responsables en el extranjero o (zonas ling\u00fc\u00edsticas) para desarrollar Salve Corda y mantener v\u00ednculos con estos pa\u00edses<\/li><\/ul><p>\u00a0<\/p><ul><li>personas totalmente biling\u00fces para traducir las cartas mensuales del 1er s\u00e1bado al ingl\u00e9s, espa\u00f1ol, alem\u00e1n, italiano, portugu\u00e9s y ruso<\/li><\/ul><p>\u00a0<\/p><ul><li>responsables de comunicaci\u00f3n para responder a las preguntas y ayudar en la creaci\u00f3n de nuevas citas (responder a los correos electr\u00f3nicos, explicar qu\u00e9 es Salve Corda, etc.).<\/li><\/ul><p>\u00a0<\/p><p>L\u2019engagement d\u2019un b\u00e9n\u00e9vole dans l&#8217;\u00e9chelon central doit \u00eatre v\u00e9cu de fa\u00e7on professionnelle. Une dur\u00e9e minimum d\u2019engagement de 6 mois renouvelable est n\u00e9cessaire pour avoir une certaine stabilit\u00e9. Le nombre d\u2019heures ou de journ\u00e9es mensuelles pouvant \u00eatre donn\u00e9 \u00e0 Salve Corda doit \u00eatre respect\u00e9. L\u2019int\u00e9gration dans une hi\u00e9rarchie doit \u00eatre prise en compte pour des raisons \u00e9videntes d&#8217;organisation. Il faut donner le meilleur de nous-m\u00eame car on travaille ici pour le roi et la reine du ciel.<\/p>\t\t\t\t\t\t\t\t<\/div>\n\t\t\t\t<\/div>\n\t\t\t\t<div class=\"elementor-element elementor-element-471e969 elementor-align-center elementor-widget elementor-widget-button\" data-id=\"471e969\" data-element_type=\"widget\" data-e-type=\"widget\" data-widget_type=\"button.default\">\n\t\t\t\t<div class=\"elementor-widget-container\">\n\t\t\t\t\t\t\t\t\t<div class=\"elementor-button-wrapper\">\n\t\t\t\t\t<a class=\"elementor-button elementor-button-link elementor-size-sm\" href=\"https:\/\/salve-corda.org\/es\/contact\/\">\n\t\t\t\t\t\t<span class=\"elementor-button-content-wrapper\">\n\t\t\t\t\t\t\t\t\t<span class=\"elementor-button-text\">Env\u00ede su solicitud<\/span>\n\t\t\t\t\t<\/span>\n\t\t\t\t\t<\/a>\n\t\t\t\t<\/div>\n\t\t\t\t\t\t\t\t<\/div>\n\t\t\t\t<\/div>\n\t\t\t\t\t<\/div>\n\t\t<\/div>\n\t\t\t\t\t<\/div>\n\t\t<\/section>\n\t\t\t\t<\/div>","protected":false},"excerpt":{"rendered":"<p>Apporter ses comp\u00e9tences \u00e0 l\u2019\u00e9chelon central Pour assurer une bonne coordination d\u2019ensemble, faire vivre la f\u00e9d\u00e9ration, aider les Cit\u00e9s, d\u00e9velopper en France et \u00e0 l\u2019internationale la d\u00e9votion aux C\u0153urs de J\u00e9sus et Marie, [&hellip;]<\/p>","protected":false},"author":1,"featured_media":0,"parent":0,"menu_order":0,"comment_status":"closed","ping_status":"closed","template":"elementor_header_footer","meta":{"footnotes":""},"class_list":["post-1660","page","type-page","status-publish","hentry"],"_links":{"self":[{"href":"https:\/\/salve-corda.org\/es\/wp-json\/wp\/v2\/pages\/1660","targetHints":{"allow":["GET"]}}],"collection":[{"href":"https:\/\/salve-corda.org\/es\/wp-json\/wp\/v2\/pages"}],"about":[{"href":"https:\/\/salve-corda.org\/es\/wp-json\/wp\/v2\/types\/page"}],"author":[{"embeddable":true,"href":"https:\/\/salve-corda.org\/es\/wp-json\/wp\/v2\/users\/1"}],"replies":[{"embeddable":true,"href":"https:\/\/salve-corda.org\/es\/wp-json\/wp\/v2\/comments?post=1660"}],"version-history":[{"count":20,"href":"https:\/\/salve-corda.org\/es\/wp-json\/wp\/v2\/pages\/1660\/revisions"}],"predecessor-version":[{"id":5329,"href":"https:\/\/salve-corda.org\/es\/wp-json\/wp\/v2\/pages\/1660\/revisions\/5329"}],"wp:attachment":[{"href":"https:\/\/salve-corda.org\/es\/wp-json\/wp\/v2\/media?parent=1660"}],"curies":[{"name":"wp","href":"https:\/\/api.w.org\/{rel}","templated":true}]}}

Z Participer à l&#8217;échelon central old

<div data-elementor-type="wp-page" data-elementor-id="1660" class="elementor elementor-1660">
						<section class="elementor-section elementor-top-section elementor-element elementor-element-998ad30 elementor-section-boxed elementor-section-height-default elementor-section-height-default" data-id="998ad30" data-element_type="section" data-e-type="section">
						<div class="elementor-container elementor-column-gap-default">
					<div class="elementor-column elementor-col-100 elementor-top-column elementor-element elementor-element-291200f" data-id="291200f" data-element_type="column" data-e-type="column">
			<div class="elementor-widget-wrap elementor-element-populated">
						<div class="elementor-element elementor-element-51f0efc elementor-widget elementor-widget-spacer" data-id="51f0efc" data-element_type="widget" data-e-type="widget" data-widget_type="spacer.default">
				<div class="elementor-widget-container">
							<div class="elementor-spacer">
			<div class="elementor-spacer-inner"></div>
		</div>
						</div>
				</div>
					</div>
		</div>
					</div>
		</section>
				<section class="elementor-section elementor-top-section elementor-element elementor-element-7598261 elementor-section-boxed elementor-section-height-default elementor-section-height-default" data-id="7598261" data-element_type="section" data-e-type="section">
						<div class="elementor-container elementor-column-gap-default">
					<div class="elementor-column elementor-col-100 elementor-top-column elementor-element elementor-element-02d3f24" data-id="02d3f24" data-element_type="column" data-e-type="column">
			<div class="elementor-widget-wrap elementor-element-populated">
						<div class="elementor-element elementor-element-8e6531f elementor-widget elementor-widget-heading" data-id="8e6531f" data-element_type="widget" data-e-type="widget" data-widget_type="heading.default">
				<div class="elementor-widget-container">
					<h2 class="elementor-heading-title elementor-size-default">Aportación de conocimientos especializados a nivel central</h2>				</div>
				</div>
					</div>
		</div>
					</div>
		</section>
				<section class="elementor-section elementor-top-section elementor-element elementor-element-5001a5b elementor-section-boxed elementor-section-height-default elementor-section-height-default" data-id="5001a5b" data-element_type="section" data-e-type="section">
						<div class="elementor-container elementor-column-gap-default">
					<div class="elementor-column elementor-col-50 elementor-top-column elementor-element elementor-element-a590eaf" data-id="a590eaf" data-element_type="column" data-e-type="column">
			<div class="elementor-widget-wrap elementor-element-populated">
						<div class="elementor-element elementor-element-f03af73 elementor-widget elementor-widget-image" data-id="f03af73" data-element_type="widget" data-e-type="widget" data-widget_type="image.default">
				<div class="elementor-widget-container">
															<img fetchpriority="high" decoding="async" width="376" height="376" src="https://salve-corda.org/wp-content/uploads/2021/07/salve-corda-e1631624806880.png" class="attachment-large size-large wp-image-837" alt="" />															</div>
				</div>
					</div>
		</div>
				<div class="elementor-column elementor-col-50 elementor-top-column elementor-element elementor-element-905e32c" data-id="905e32c" data-element_type="column" data-e-type="column">
			<div class="elementor-widget-wrap elementor-element-populated">
						<div class="elementor-element elementor-element-f9cced9 elementor-widget elementor-widget-text-editor" data-id="f9cced9" data-element_type="widget" data-e-type="widget" data-widget_type="text-editor.default">
				<div class="elementor-widget-container">
									<p>Salve Corda cuenta con un órgano central de coordinación para garantizar una buena coordinación general, mantener viva la federación, ayudar a las Ciudades y desarrollar la devoción a los Corazones de Jesús y María en Francia y a nivel internacional.</p><p> </p><p>Buscamos voluntarios con aptitudes que se ajusten a nuestras necesidades y que puedan ofrecer un determinado número de horas o incluso unos días al mes de forma regular. Las habilidades que buscamos incluyen, entre otras, las siguientes:</p>								</div>
				</div>
					</div>
		</div>
					</div>
		</section>
				<section class="elementor-section elementor-top-section elementor-element elementor-element-404d7d2 elementor-section-boxed elementor-section-height-default elementor-section-height-default" data-id="404d7d2" data-element_type="section" data-e-type="section">
						<div class="elementor-container elementor-column-gap-default">
					<div class="elementor-column elementor-col-100 elementor-top-column elementor-element elementor-element-2a533c6" data-id="2a533c6" data-element_type="column" data-e-type="column">
			<div class="elementor-widget-wrap elementor-element-populated">
						<div class="elementor-element elementor-element-231af89 elementor-widget elementor-widget-text-editor" data-id="231af89" data-element_type="widget" data-e-type="widget" data-widget_type="text-editor.default">
				<div class="elementor-widget-container">
									<ul><li>responsables regionales en Francia para desarrollar las Ciudades Salve Corda y garantizar el vínculo entre las Ciudades de la región y el nivel central de Salve Corda</li></ul><p> </p><ul><li>responsables en el extranjero o (zonas lingüísticas) para desarrollar Salve Corda y mantener vínculos con estos países</li></ul><p> </p><ul><li>personas totalmente bilingües para traducir las cartas mensuales del 1er sábado al inglés, español, alemán, italiano, portugués y ruso</li></ul><p> </p><ul><li>responsables de comunicación para responder a las preguntas y ayudar en la creación de nuevas citas (responder a los correos electrónicos, explicar qué es Salve Corda, etc.).</li></ul><p> </p><p>L’engagement d’un bénévole dans l&#8217;échelon central doit être vécu de façon professionnelle. Une durée minimum d’engagement de 6 mois renouvelable est nécessaire pour avoir une certaine stabilité. Le nombre d’heures ou de journées mensuelles pouvant être donné à Salve Corda doit être respecté. L’intégration dans une hiérarchie doit être prise en compte pour des raisons évidentes d&#8217;organisation. Il faut donner le meilleur de nous-même car on travaille ici pour le roi et la reine du ciel.</p>								</div>
				</div>
				<div class="elementor-element elementor-element-471e969 elementor-align-center elementor-widget elementor-widget-button" data-id="471e969" data-element_type="widget" data-e-type="widget" data-widget_type="button.default">
				<div class="elementor-widget-container">
									<div class="elementor-button-wrapper">
					<a class="elementor-button elementor-button-link elementor-size-sm" href="https://salve-corda.org/es/contact/">
						<span class="elementor-button-content-wrapper">
									<span class="elementor-button-text">Envíe su solicitud</span>
					</span>
					</a>
				</div>
								</div>
				</div>
					</div>
		</div>
					</div>
		</section>
				</div>

<p>Apporter ses compétences à l’échelon central Pour assurer une bonne coordination d’ensemble, faire vivre la fédération, aider les Cités, développer en France et à l’internationale la dévotion aux Cœurs de Jésus et Marie, [&hellip;]</p>
