{"id":454,"date":"2020-09-25T15:12:48","date_gmt":"2020-09-25T13:12:48","guid":{"rendered":"https:\/\/salve-corda.org\/?page_id=454"},"modified":"2021-12-01T22:33:23","modified_gmt":"2021-12-01T21:33:23","slug":"pourquoi-une-devotion-au-coeur","status":"publish","type":"page","link":"https:\/\/salve-corda.org\/es\/pourquoi-une-devotion-au-coeur\/","title":{"rendered":"\u00bfPor qu\u00e9 una devoci\u00f3n al \"coraz\u00f3n\"?"},"content":{"rendered":"<div data-elementor-type=\"wp-page\" data-elementor-id=\"454\" class=\"elementor elementor-454\">\n\t\t\t\t\t\t<section class=\"elementor-section elementor-top-section elementor-element elementor-element-b68e16b elementor-section-boxed elementor-section-height-default elementor-section-height-default\" data-id=\"b68e16b\" data-element_type=\"section\" data-e-type=\"section\">\n\t\t\t\t\t\t<div class=\"elementor-container elementor-column-gap-default\">\n\t\t\t\t\t<div class=\"elementor-column elementor-col-100 elementor-top-column elementor-element elementor-element-9fa5851\" data-id=\"9fa5851\" data-element_type=\"column\" data-e-type=\"column\">\n\t\t\t<div class=\"elementor-widget-wrap elementor-element-populated\">\n\t\t\t\t\t\t<div class=\"elementor-element elementor-element-5d4715e elementor-widget elementor-widget-spacer\" data-id=\"5d4715e\" data-element_type=\"widget\" data-e-type=\"widget\" data-widget_type=\"spacer.default\">\n\t\t\t\t<div class=\"elementor-widget-container\">\n\t\t\t\t\t\t\t<div class=\"elementor-spacer\">\n\t\t\t<div class=\"elementor-spacer-inner\"><\/div>\n\t\t<\/div>\n\t\t\t\t\t\t<\/div>\n\t\t\t\t<\/div>\n\t\t\t\t\t<\/div>\n\t\t<\/div>\n\t\t\t\t\t<\/div>\n\t\t<\/section>\n\t\t\t\t<section class=\"elementor-section elementor-top-section elementor-element elementor-element-71da5dc elementor-section-boxed elementor-section-height-default elementor-section-height-default\" data-id=\"71da5dc\" data-element_type=\"section\" data-e-type=\"section\">\n\t\t\t\t\t\t<div class=\"elementor-container elementor-column-gap-default\">\n\t\t\t\t\t<div class=\"elementor-column elementor-col-100 elementor-top-column elementor-element elementor-element-fc55463\" data-id=\"fc55463\" data-element_type=\"column\" data-e-type=\"column\">\n\t\t\t<div class=\"elementor-widget-wrap elementor-element-populated\">\n\t\t\t\t\t\t<div class=\"elementor-element elementor-element-c51df69 elementor-widget elementor-widget-heading\" data-id=\"c51df69\" data-element_type=\"widget\" data-e-type=\"widget\" data-widget_type=\"heading.default\">\n\t\t\t\t<div class=\"elementor-widget-container\">\n\t\t\t\t\t<h2 class=\"elementor-heading-title elementor-size-default\">\u00bfPor qu\u00e9 una devoci\u00f3n al \"Coraz\u00f3n\"?<\/h2>\t\t\t\t<\/div>\n\t\t\t\t<\/div>\n\t\t\t\t<div class=\"elementor-element elementor-element-469c40f elementor-widget elementor-widget-text-editor\" data-id=\"469c40f\" data-element_type=\"widget\" data-e-type=\"widget\" data-widget_type=\"text-editor.default\">\n\t\t\t\t<div class=\"elementor-widget-container\">\n\t\t\t\t\t\t\t\t\t<p>S\u00edntesis de todo el ser, representativo a la vez del cuerpo y del alma, el coraz\u00f3n es la parte m\u00e1s importante del cuerpo.<span style=\"color: var( --e-global-color-text ); font-family: var( --e-global-typography-18e5089-font-family ), Sans-serif; font-size: var( --e-global-typography-18e5089-font-size ); font-weight: var( --e-global-typography-18e5089-font-weight ); letter-spacing: var( --e-global-typography-18e5089-letter-spacing );\">\u0153ur<\/span><span style=\"color: var( --e-global-color-text ); font-family: var( --e-global-typography-18e5089-font-family ), Sans-serif; font-size: var( --e-global-typography-18e5089-font-size ); font-weight: var( --e-global-typography-18e5089-font-weight ); letter-spacing: var( --e-global-typography-18e5089-letter-spacing );\">\u00a0es lo que expresa el amor y es la clave de nuestra relaci\u00f3n con el pr\u00f3jimo. La c<\/span><span style=\"color: var( --e-global-color-text ); font-family: var( --e-global-typography-18e5089-font-family ), Sans-serif; font-size: var( --e-global-typography-18e5089-font-size ); font-weight: var( --e-global-typography-18e5089-font-weight ); letter-spacing: var( --e-global-typography-18e5089-letter-spacing );\">\u0153ur<\/span><span style=\"color: var( --e-global-color-text ); font-family: var( --e-global-typography-18e5089-font-family ), Sans-serif; font-size: var( --e-global-typography-18e5089-font-size ); font-weight: var( --e-global-typography-18e5089-font-weight ); letter-spacing: var( --e-global-typography-18e5089-letter-spacing );\">\u00a0tambi\u00e9n significa esencial, central. De ah\u00ed su importancia primordial en el \"ser\". Antoine de Saint-Exup\u00e9ry lo explic\u00f3 en pocas palabras en su libro El Principito:<\/span><\/p>\t\t\t\t\t\t\t\t<\/div>\n\t\t\t\t<\/div>\n\t\t\t\t\t<\/div>\n\t\t<\/div>\n\t\t\t\t\t<\/div>\n\t\t<\/section>\n\t\t\t\t<section class=\"elementor-section elementor-top-section elementor-element elementor-element-3b4c258 elementor-section-boxed elementor-section-height-default elementor-section-height-default\" data-id=\"3b4c258\" data-element_type=\"section\" data-e-type=\"section\">\n\t\t\t\t\t\t<div class=\"elementor-container elementor-column-gap-default\">\n\t\t\t\t\t<div class=\"elementor-column elementor-col-50 elementor-top-column elementor-element elementor-element-a44149b\" data-id=\"a44149b\" data-element_type=\"column\" data-e-type=\"column\">\n\t\t\t<div class=\"elementor-widget-wrap elementor-element-populated\">\n\t\t\t\t\t\t<div class=\"elementor-element elementor-element-9fac3f8 elementor-widget elementor-widget-text-editor\" data-id=\"9fac3f8\" data-element_type=\"widget\" data-e-type=\"widget\" data-widget_type=\"text-editor.default\">\n\t\t\t\t<div class=\"elementor-widget-container\">\n\t\t\t\t\t\t\t\t\t<p>\"S\u00f3lo se puede ver bien con el coraz\u00f3n<span style=\"color: var( --e-global-color-text );\">.<\/span><\/p><p>Lo esencial es invisible a los ojos.<\/p>\t\t\t\t\t\t\t\t<\/div>\n\t\t\t\t<\/div>\n\t\t\t\t\t<\/div>\n\t\t<\/div>\n\t\t\t\t<div class=\"elementor-column elementor-col-50 elementor-top-column elementor-element elementor-element-ff76fec\" data-id=\"ff76fec\" data-element_type=\"column\" data-e-type=\"column\">\n\t\t\t<div class=\"elementor-widget-wrap elementor-element-populated\">\n\t\t\t\t\t\t<div class=\"elementor-element elementor-element-8c634aa elementor-widget elementor-widget-image\" data-id=\"8c634aa\" data-element_type=\"widget\" data-e-type=\"widget\" data-widget_type=\"image.default\">\n\t\t\t\t<div class=\"elementor-widget-container\">\n\t\t\t\t\t\t\t\t\t\t\t\t\t\t\t<img fetchpriority=\"high\" decoding=\"async\" width=\"315\" height=\"212\" src=\"https:\/\/salve-corda.org\/wp-content\/uploads\/2020\/09\/prince.jpg\" class=\"attachment-large size-large wp-image-456\" alt=\"\" srcset=\"https:\/\/salve-corda.org\/wp-content\/uploads\/2020\/09\/prince.jpg 315w, https:\/\/salve-corda.org\/wp-content\/uploads\/2020\/09\/prince-300x202.jpg 300w\" sizes=\"(max-width: 315px) 100vw, 315px\" \/>\t\t\t\t\t\t\t\t\t\t\t\t\t\t\t<\/div>\n\t\t\t\t<\/div>\n\t\t\t\t\t<\/div>\n\t\t<\/div>\n\t\t\t\t\t<\/div>\n\t\t<\/section>\n\t\t\t\t<section class=\"elementor-section elementor-top-section elementor-element elementor-element-a5e4ef9 elementor-section-boxed elementor-section-height-default elementor-section-height-default\" data-id=\"a5e4ef9\" data-element_type=\"section\" data-e-type=\"section\">\n\t\t\t\t\t\t<div class=\"elementor-container elementor-column-gap-default\">\n\t\t\t\t\t<div class=\"elementor-column elementor-col-100 elementor-top-column elementor-element elementor-element-f0321e7\" data-id=\"f0321e7\" data-element_type=\"column\" data-e-type=\"column\">\n\t\t\t<div class=\"elementor-widget-wrap elementor-element-populated\">\n\t\t\t\t\t\t<div class=\"elementor-element elementor-element-ceb2d33 elementor-widget elementor-widget-text-editor\" data-id=\"ceb2d33\" data-element_type=\"widget\" data-e-type=\"widget\" data-widget_type=\"text-editor.default\">\n\t\t\t\t<div class=\"elementor-widget-container\">\n\t\t\t\t\t\t\t\t\t<p>Si el coraz\u00f3n tiene una importancia fundamental en nuestras relaciones humanas, a\u00fan la tiene m\u00e1s con un Dios que es amor. En el Evangelio, vemos que la redenci\u00f3n realizada por Cristo y la Sant\u00edsima Virgen (corredentora) da una importancia magistral al coraz\u00f3n. Su sacrificio se hace con el Coraz\u00f3n \"Una espada atravesar\u00e1 tu alma\" profetiz\u00f3 San Sime\u00f3n a la Sant\u00edsima Virgen, el alma significa aqu\u00ed el coraz\u00f3n. Durante la instituci\u00f3n de la Eucarist\u00eda, San Juan se inclina sobre el Coraz\u00f3n de Jes\u00fas. El sacrificio de la Cruz termina con el Coraz\u00f3n traspasado de Cristo.<\/p><p>\u00a0<\/p><p>Si Cristo y la Sant\u00edsima Virgen pidieron que les rez\u00e1ramos a trav\u00e9s de sus \"Corazones\", es porque quieren que consideremos esta caracter\u00edstica esencial por encima de todo lo dem\u00e1s: <b>l<\/b><b>&#8216;<\/b><b>amor <\/b><b>tienen <\/b><b>para nosotros<\/b>. Por eso nos piden que nos acerquemos a ellos contemplando en primer lugar su amor por nosotros (sin olvidar, por supuesto, la realidad de la Pasi\u00f3n). Lejos de ser anticuado o m\u00edstico, este acercamiento a Cristo y a la Sant\u00edsima Virgen por el amor es, por el contrario, magn\u00edfico y un don excepcional por su parte.<\/p><p>\u00a0<\/p><p>Recordemos que los dos primeros mandamientos no est\u00e1n \"prohibidos\". Son dos mandamientos de amor. \"Amar\u00e1s a tu Dios con todas tus fuerzas, con toda tu alma y con toda tu mente\". El segundo, dado por Cristo, es \"Amar\u00e1s a tu pr\u00f3jimo como a ti mismo\". La devoci\u00f3n al coraz\u00f3n no es diferente.<\/p>\t\t\t\t\t\t\t\t<\/div>\n\t\t\t\t<\/div>\n\t\t\t\t\t<\/div>\n\t\t<\/div>\n\t\t\t\t\t<\/div>\n\t\t<\/section>\n\t\t\t\t<section class=\"elementor-section elementor-top-section elementor-element elementor-element-7ee4f28 elementor-section-boxed elementor-section-height-default elementor-section-height-default\" data-id=\"7ee4f28\" data-element_type=\"section\" data-e-type=\"section\">\n\t\t\t\t\t\t<div class=\"elementor-container elementor-column-gap-default\">\n\t\t\t\t\t<div class=\"elementor-column elementor-col-50 elementor-top-column elementor-element elementor-element-5771afc\" data-id=\"5771afc\" data-element_type=\"column\" data-e-type=\"column\">\n\t\t\t<div class=\"elementor-widget-wrap elementor-element-populated\">\n\t\t\t\t\t\t<div class=\"elementor-element elementor-element-791f9e4 elementor-widget elementor-widget-image\" data-id=\"791f9e4\" data-element_type=\"widget\" data-e-type=\"widget\" data-widget_type=\"image.default\">\n\t\t\t\t<div class=\"elementor-widget-container\">\n\t\t\t\t\t\t\t\t\t\t\t\t\t\t\t<img decoding=\"async\" width=\"583\" height=\"712\" src=\"https:\/\/salve-corda.org\/wp-content\/uploads\/2021\/07\/gre\u0301goire.png\" class=\"attachment-large size-large wp-image-898\" alt=\"\" srcset=\"https:\/\/salve-corda.org\/wp-content\/uploads\/2021\/07\/gre\u0301goire.png 583w, https:\/\/salve-corda.org\/wp-content\/uploads\/2021\/07\/gre\u0301goire-246x300.png 246w\" sizes=\"(max-width: 583px) 100vw, 583px\" \/>\t\t\t\t\t\t\t\t\t\t\t\t\t\t\t<\/div>\n\t\t\t\t<\/div>\n\t\t\t\t\t<\/div>\n\t\t<\/div>\n\t\t\t\t<div class=\"elementor-column elementor-col-50 elementor-top-column elementor-element elementor-element-5a3eeee\" data-id=\"5a3eeee\" data-element_type=\"column\" data-e-type=\"column\">\n\t\t\t<div class=\"elementor-widget-wrap elementor-element-populated\">\n\t\t\t\t\t\t<div class=\"elementor-element elementor-element-b483cd7 elementor-widget elementor-widget-text-editor\" data-id=\"b483cd7\" data-element_type=\"widget\" data-e-type=\"widget\" data-widget_type=\"text-editor.default\">\n\t\t\t\t<div class=\"elementor-widget-container\">\n\t\t\t\t\t\t\t\t\t<p>Los Papas nos lo han ense\u00f1ado desde los or\u00edgenes de la Iglesia. En el a\u00f1o 604, el Papa San Gregorio Magno pronunci\u00f3 estas magn\u00edficas palabras:<\/p><p><br><\/p>\n<p><\/p>\n<p><span style=\"color: #6288c6;\"><i>\"Aprende del Coraz\u00f3n de Dios las ense\u00f1anzas de Dios para anhelar las cosas eternas\".<\/i><\/span><\/p>\t\t\t\t\t\t\t\t<\/div>\n\t\t\t\t<\/div>\n\t\t\t\t\t<\/div>\n\t\t<\/div>\n\t\t\t\t\t<\/div>\n\t\t<\/section>\n\t\t\t\t<\/div>","protected":false},"excerpt":{"rendered":"<p>\u00bfPor qu\u00e9 una devoci\u00f3n al \"Coraz\u00f3n\"? S\u00edntesis de todo el ser, que representa a la vez el cuerpo y el alma, el coraz\u00f3n es lo que expresa el amor y es la clave de la relaci\u00f3n con los [...]<\/p>","protected":false},"author":1,"featured_media":0,"parent":0,"menu_order":0,"comment_status":"closed","ping_status":"closed","template":"elementor_header_footer","meta":{"footnotes":""},"class_list":["post-454","page","type-page","status-publish","hentry"],"_links":{"self":[{"href":"https:\/\/salve-corda.org\/es\/wp-json\/wp\/v2\/pages\/454","targetHints":{"allow":["GET"]}}],"collection":[{"href":"https:\/\/salve-corda.org\/es\/wp-json\/wp\/v2\/pages"}],"about":[{"href":"https:\/\/salve-corda.org\/es\/wp-json\/wp\/v2\/types\/page"}],"author":[{"embeddable":true,"href":"https:\/\/salve-corda.org\/es\/wp-json\/wp\/v2\/users\/1"}],"replies":[{"embeddable":true,"href":"https:\/\/salve-corda.org\/es\/wp-json\/wp\/v2\/comments?post=454"}],"version-history":[{"count":39,"href":"https:\/\/salve-corda.org\/es\/wp-json\/wp\/v2\/pages\/454\/revisions"}],"predecessor-version":[{"id":4605,"href":"https:\/\/salve-corda.org\/es\/wp-json\/wp\/v2\/pages\/454\/revisions\/4605"}],"wp:attachment":[{"href":"https:\/\/salve-corda.org\/es\/wp-json\/wp\/v2\/media?parent=454"}],"curies":[{"name":"wp","href":"https:\/\/api.w.org\/{rel}","templated":true}]}}

¿Por qué una devoción al "corazón"?

<div data-elementor-type="wp-page" data-elementor-id="454" class="elementor elementor-454">
						<section class="elementor-section elementor-top-section elementor-element elementor-element-b68e16b elementor-section-boxed elementor-section-height-default elementor-section-height-default" data-id="b68e16b" data-element_type="section" data-e-type="section">
						<div class="elementor-container elementor-column-gap-default">
					<div class="elementor-column elementor-col-100 elementor-top-column elementor-element elementor-element-9fa5851" data-id="9fa5851" data-element_type="column" data-e-type="column">
			<div class="elementor-widget-wrap elementor-element-populated">
						<div class="elementor-element elementor-element-5d4715e elementor-widget elementor-widget-spacer" data-id="5d4715e" data-element_type="widget" data-e-type="widget" data-widget_type="spacer.default">
				<div class="elementor-widget-container">
							<div class="elementor-spacer">
			<div class="elementor-spacer-inner"></div>
		</div>
						</div>
				</div>
					</div>
		</div>
					</div>
		</section>
				<section class="elementor-section elementor-top-section elementor-element elementor-element-71da5dc elementor-section-boxed elementor-section-height-default elementor-section-height-default" data-id="71da5dc" data-element_type="section" data-e-type="section">
						<div class="elementor-container elementor-column-gap-default">
					<div class="elementor-column elementor-col-100 elementor-top-column elementor-element elementor-element-fc55463" data-id="fc55463" data-element_type="column" data-e-type="column">
			<div class="elementor-widget-wrap elementor-element-populated">
						<div class="elementor-element elementor-element-c51df69 elementor-widget elementor-widget-heading" data-id="c51df69" data-element_type="widget" data-e-type="widget" data-widget_type="heading.default">
				<div class="elementor-widget-container">
					<h2 class="elementor-heading-title elementor-size-default">¿Por qué una devoción al "Corazón"?</h2>				</div>
				</div>
				<div class="elementor-element elementor-element-469c40f elementor-widget elementor-widget-text-editor" data-id="469c40f" data-element_type="widget" data-e-type="widget" data-widget_type="text-editor.default">
				<div class="elementor-widget-container">
									<p>Síntesis de todo el ser, representativo a la vez del cuerpo y del alma, el corazón es la parte más importante del cuerpo.<span style="color: var( --e-global-color-text ); font-family: var( --e-global-typography-18e5089-font-family ), Sans-serif; font-size: var( --e-global-typography-18e5089-font-size ); font-weight: var( --e-global-typography-18e5089-font-weight ); letter-spacing: var( --e-global-typography-18e5089-letter-spacing );">œur</span><span style="color: var( --e-global-color-text ); font-family: var( --e-global-typography-18e5089-font-family ), Sans-serif; font-size: var( --e-global-typography-18e5089-font-size ); font-weight: var( --e-global-typography-18e5089-font-weight ); letter-spacing: var( --e-global-typography-18e5089-letter-spacing );"> es lo que expresa el amor y es la clave de nuestra relación con el prójimo. La c</span><span style="color: var( --e-global-color-text ); font-family: var( --e-global-typography-18e5089-font-family ), Sans-serif; font-size: var( --e-global-typography-18e5089-font-size ); font-weight: var( --e-global-typography-18e5089-font-weight ); letter-spacing: var( --e-global-typography-18e5089-letter-spacing );">œur</span><span style="color: var( --e-global-color-text ); font-family: var( --e-global-typography-18e5089-font-family ), Sans-serif; font-size: var( --e-global-typography-18e5089-font-size ); font-weight: var( --e-global-typography-18e5089-font-weight ); letter-spacing: var( --e-global-typography-18e5089-letter-spacing );"> también significa esencial, central. De ahí su importancia primordial en el "ser". Antoine de Saint-Exupéry lo explicó en pocas palabras en su libro El Principito:</span></p>								</div>
				</div>
					</div>
		</div>
					</div>
		</section>
				<section class="elementor-section elementor-top-section elementor-element elementor-element-3b4c258 elementor-section-boxed elementor-section-height-default elementor-section-height-default" data-id="3b4c258" data-element_type="section" data-e-type="section">
						<div class="elementor-container elementor-column-gap-default">
					<div class="elementor-column elementor-col-50 elementor-top-column elementor-element elementor-element-a44149b" data-id="a44149b" data-element_type="column" data-e-type="column">
			<div class="elementor-widget-wrap elementor-element-populated">
						<div class="elementor-element elementor-element-9fac3f8 elementor-widget elementor-widget-text-editor" data-id="9fac3f8" data-element_type="widget" data-e-type="widget" data-widget_type="text-editor.default">
				<div class="elementor-widget-container">
									<p>"Sólo se puede ver bien con el corazón<span style="color: var( --e-global-color-text );">.</span></p><p>Lo esencial es invisible a los ojos.</p>								</div>
				</div>
					</div>
		</div>
				<div class="elementor-column elementor-col-50 elementor-top-column elementor-element elementor-element-ff76fec" data-id="ff76fec" data-element_type="column" data-e-type="column">
			<div class="elementor-widget-wrap elementor-element-populated">
						<div class="elementor-element elementor-element-8c634aa elementor-widget elementor-widget-image" data-id="8c634aa" data-element_type="widget" data-e-type="widget" data-widget_type="image.default">
				<div class="elementor-widget-container">
															<img fetchpriority="high" decoding="async" width="315" height="212" src="https://salve-corda.org/wp-content/uploads/2020/09/prince.jpg" class="attachment-large size-large wp-image-456" alt="" srcset="https://salve-corda.org/wp-content/uploads/2020/09/prince.jpg 315w, https://salve-corda.org/wp-content/uploads/2020/09/prince-300x202.jpg 300w" sizes="(max-width: 315px) 100vw, 315px" />															</div>
				</div>
					</div>
		</div>
					</div>
		</section>
				<section class="elementor-section elementor-top-section elementor-element elementor-element-a5e4ef9 elementor-section-boxed elementor-section-height-default elementor-section-height-default" data-id="a5e4ef9" data-element_type="section" data-e-type="section">
						<div class="elementor-container elementor-column-gap-default">
					<div class="elementor-column elementor-col-100 elementor-top-column elementor-element elementor-element-f0321e7" data-id="f0321e7" data-element_type="column" data-e-type="column">
			<div class="elementor-widget-wrap elementor-element-populated">
						<div class="elementor-element elementor-element-ceb2d33 elementor-widget elementor-widget-text-editor" data-id="ceb2d33" data-element_type="widget" data-e-type="widget" data-widget_type="text-editor.default">
				<div class="elementor-widget-container">
									<p>Si el corazón tiene una importancia fundamental en nuestras relaciones humanas, aún la tiene más con un Dios que es amor. En el Evangelio, vemos que la redención realizada por Cristo y la Santísima Virgen (corredentora) da una importancia magistral al corazón. Su sacrificio se hace con el Corazón "Una espada atravesará tu alma" profetizó San Simeón a la Santísima Virgen, el alma significa aquí el corazón. Durante la institución de la Eucaristía, San Juan se inclina sobre el Corazón de Jesús. El sacrificio de la Cruz termina con el Corazón traspasado de Cristo.</p><p> </p><p>Si Cristo y la Santísima Virgen pidieron que les rezáramos a través de sus "Corazones", es porque quieren que consideremos esta característica esencial por encima de todo lo demás: <b>l</b><b>&#8216;</b><b>amor </b><b>tienen </b><b>para nosotros</b>. Por eso nos piden que nos acerquemos a ellos contemplando en primer lugar su amor por nosotros (sin olvidar, por supuesto, la realidad de la Pasión). Lejos de ser anticuado o místico, este acercamiento a Cristo y a la Santísima Virgen por el amor es, por el contrario, magnífico y un don excepcional por su parte.</p><p> </p><p>Recordemos que los dos primeros mandamientos no están "prohibidos". Son dos mandamientos de amor. "Amarás a tu Dios con todas tus fuerzas, con toda tu alma y con toda tu mente". El segundo, dado por Cristo, es "Amarás a tu prójimo como a ti mismo". La devoción al corazón no es diferente.</p>								</div>
				</div>
					</div>
		</div>
					</div>
		</section>
				<section class="elementor-section elementor-top-section elementor-element elementor-element-7ee4f28 elementor-section-boxed elementor-section-height-default elementor-section-height-default" data-id="7ee4f28" data-element_type="section" data-e-type="section">
						<div class="elementor-container elementor-column-gap-default">
					<div class="elementor-column elementor-col-50 elementor-top-column elementor-element elementor-element-5771afc" data-id="5771afc" data-element_type="column" data-e-type="column">
			<div class="elementor-widget-wrap elementor-element-populated">
						<div class="elementor-element elementor-element-791f9e4 elementor-widget elementor-widget-image" data-id="791f9e4" data-element_type="widget" data-e-type="widget" data-widget_type="image.default">
				<div class="elementor-widget-container">
															<img decoding="async" width="583" height="712" src="https://salve-corda.org/wp-content/uploads/2021/07/grégoire.png" class="attachment-large size-large wp-image-898" alt="" srcset="https://salve-corda.org/wp-content/uploads/2021/07/grégoire.png 583w, https://salve-corda.org/wp-content/uploads/2021/07/grégoire-246x300.png 246w" sizes="(max-width: 583px) 100vw, 583px" />															</div>
				</div>
					</div>
		</div>
				<div class="elementor-column elementor-col-50 elementor-top-column elementor-element elementor-element-5a3eeee" data-id="5a3eeee" data-element_type="column" data-e-type="column">
			<div class="elementor-widget-wrap elementor-element-populated">
						<div class="elementor-element elementor-element-b483cd7 elementor-widget elementor-widget-text-editor" data-id="b483cd7" data-element_type="widget" data-e-type="widget" data-widget_type="text-editor.default">
				<div class="elementor-widget-container">
									<p>Los Papas nos lo han enseñado desde los orígenes de la Iglesia. En el año 604, el Papa San Gregorio Magno pronunció estas magníficas palabras:</p><p><br></p>
<p></p>
<p><span style="color: #6288c6;"><i>"Aprende del Corazón de Dios las enseñanzas de Dios para anhelar las cosas eternas".</i></span></p>								</div>
				</div>
					</div>
		</div>
					</div>
		</section>
				</div>

<p>¿Por qué una devoción al "Corazón"? Síntesis de todo el ser, que representa a la vez el cuerpo y el alma, el corazón es lo que expresa el amor y es la clave de la relación con los [...]</p>
