{"id":8845,"date":"2024-03-26T10:34:07","date_gmt":"2024-03-26T09:34:07","guid":{"rendered":"https:\/\/salve-corda.org\/?page_id=8845"},"modified":"2024-04-28T15:01:01","modified_gmt":"2024-04-28T13:01:01","slug":"mention-legales","status":"publish","type":"page","link":"https:\/\/salve-corda.org\/es\/mention-legales\/","title":{"rendered":"Mention l\u00e9gales"},"content":{"rendered":"<div data-elementor-type=\"wp-page\" data-elementor-id=\"8845\" class=\"elementor elementor-8845\">\n\t\t\t\t\t\t<section class=\"elementor-section elementor-top-section elementor-element elementor-element-b856bc0 elementor-section-boxed elementor-section-height-default elementor-section-height-default\" data-id=\"b856bc0\" data-element_type=\"section\" data-e-type=\"section\">\n\t\t\t\t\t\t<div class=\"elementor-container elementor-column-gap-default\">\n\t\t\t\t\t<div class=\"elementor-column elementor-col-100 elementor-top-column elementor-element elementor-element-f8ef477\" data-id=\"f8ef477\" data-element_type=\"column\" data-e-type=\"column\">\n\t\t\t<div class=\"elementor-widget-wrap elementor-element-populated\">\n\t\t\t\t\t\t<div class=\"elementor-element elementor-element-0eba749 elementor-widget elementor-widget-spacer\" data-id=\"0eba749\" data-element_type=\"widget\" data-e-type=\"widget\" data-widget_type=\"spacer.default\">\n\t\t\t\t<div class=\"elementor-widget-container\">\n\t\t\t\t\t\t\t<div class=\"elementor-spacer\">\n\t\t\t<div class=\"elementor-spacer-inner\"><\/div>\n\t\t<\/div>\n\t\t\t\t\t\t<\/div>\n\t\t\t\t<\/div>\n\t\t\t\t\t<\/div>\n\t\t<\/div>\n\t\t\t\t\t<\/div>\n\t\t<\/section>\n\t\t\t\t<section class=\"elementor-section elementor-top-section elementor-element elementor-element-d808c5b elementor-section-boxed elementor-section-height-default elementor-section-height-default\" data-id=\"d808c5b\" data-element_type=\"section\" data-e-type=\"section\">\n\t\t\t\t\t\t<div class=\"elementor-container elementor-column-gap-default\">\n\t\t\t\t\t<div class=\"elementor-column elementor-col-100 elementor-top-column elementor-element elementor-element-e8b4ce5\" data-id=\"e8b4ce5\" data-element_type=\"column\" data-e-type=\"column\">\n\t\t\t<div class=\"elementor-widget-wrap elementor-element-populated\">\n\t\t\t\t\t\t<div class=\"elementor-element elementor-element-448478e elementor-widget elementor-widget-heading\" data-id=\"448478e\" data-element_type=\"widget\" data-e-type=\"widget\" data-widget_type=\"heading.default\">\n\t\t\t\t<div class=\"elementor-widget-container\">\n\t\t\t\t\t<h2 class=\"elementor-heading-title elementor-size-default\">DECLARACI\u00d3N DE PROTECCI\u00d3N DE DATOS<\/h2>\t\t\t\t<\/div>\n\t\t\t\t<\/div>\n\t\t\t\t\t<\/div>\n\t\t<\/div>\n\t\t\t\t\t<\/div>\n\t\t<\/section>\n\t\t\t\t<section class=\"elementor-section elementor-top-section elementor-element elementor-element-a3eb121 elementor-section-boxed elementor-section-height-default elementor-section-height-default\" data-id=\"a3eb121\" data-element_type=\"section\" data-e-type=\"section\" data-settings=\"{&quot;background_background&quot;:&quot;classic&quot;}\">\n\t\t\t\t\t\t<div class=\"elementor-container elementor-column-gap-default\">\n\t\t\t\t\t<div class=\"elementor-column elementor-col-100 elementor-top-column elementor-element elementor-element-ca6451b\" data-id=\"ca6451b\" data-element_type=\"column\" data-e-type=\"column\">\n\t\t\t<div class=\"elementor-widget-wrap elementor-element-populated\">\n\t\t\t\t\t\t<div class=\"elementor-element elementor-element-aa49358 elementor-widget elementor-widget-text-editor\" data-id=\"aa49358\" data-element_type=\"widget\" data-e-type=\"widget\" data-widget_type=\"text-editor.default\">\n\t\t\t\t<div class=\"elementor-widget-container\">\n\t\t\t\t\t\t\t\t\t<h3>&nbsp;<\/h3>\n<p>La Alianza Salve Corda concede gran importancia a la privacidad y a la protecci\u00f3n de datos. Recopila y utiliza sus datos personales de conformidad con el contenido de estas disposiciones de protecci\u00f3n de datos y la normativa aplicable en materia de protecci\u00f3n de datos, en particular la Ley de Protecci\u00f3n de Datos (LOPD) y el RGPD europeo.<\/p><p><br><\/p>\n<p><\/p>\n<p>&nbsp; &nbsp; 1. <span style=\"font-weight: bold;\">Objet de l&#8217;Alliance<\/span><\/p>\n<p>L\u2019Alliance Salve corda est une \u0153uvre cultuelle catholique. Son site salve-corda.org est un service d&#8217;information en ligne cultuel \u00e9dit\u00e9 \u00e0 titre non professionnel.<\/p>\n<p><br><\/p>\n<p><\/p>\n<ol start=\"2\">\n<li><strong>Descripci\u00f3n y alcance del tratamiento de datos<\/strong><\/li>\n<\/ol>\n<p><em>Recogida de datos<\/em><\/p>\n<p>El sitio no recoge m\u00e1s datos personales que un simple correo electr\u00f3nico. En particular, el sitio no recoge nombres, direcciones postales, n\u00fameros de tel\u00e9fono, fechas de nacimiento, etc. Cuando una persona u organizaci\u00f3n se pone en contacto con la Alianza por correo electr\u00f3nico, los datos que se intercambian posteriormente en las conversaciones son de car\u00e1cter estrictamente privado y no son objeto de ning\u00fan tipo de tratamiento. Estas conversaciones est\u00e1n sujetas a un compromiso mutuo de total confidencialidad por ambas partes.<\/p><p><br><\/p>\n<p><em>Uso del sitio<\/em><\/p>\n<p>El sitio no recoge ninguna informaci\u00f3n sobre su uso del sitio. Adem\u00e1s, se ha excluido todo uso de plug-ins de redes sociales y herramientas de an\u00e1lisis web como Google Analytics, ya que requieren que los sitios recopilen informaci\u00f3n personal.<\/p><p><br><\/p>\n<p><\/p>\n<ol start=\"3\">\n<li><strong>Principios del tratamiento de datos<\/strong><\/li>\n<\/ol>\n<p>Vos emails ne sont ni vendus ni communiqu\u00e9s \u00e0 des tiers en dehors de nos deux sous-traitants wordpress (logiciel d&#8217;\u00e9dition de site) et Brevo (logiciel d&#8217;envoi de mails) et dans le cadre exclusif de leurs services.<\/p>\n<p>La Alianza no \"procesa\" sus datos. Sus datos, sus correos electr\u00f3nicos, solo se utilizar\u00e1n para los siguientes fines:<\/p>\n<ul>\n<li>Enviar autom\u00e1ticamente una meditaci\u00f3n cada mes<\/li>\n<li>Proporcionar informaci\u00f3n sobre acontecimientos especiales ad hoc.<\/li>\n<li>Responder a sus mensajes y hablar de nuestros negocios en privado<\/li>\n<\/ul>\n<p>Los correos electr\u00f3nicos se conservar\u00e1n durante un periodo de 5 a\u00f1os, a menos que una persona solicite su baja de la lista antes de ese plazo. Para ello, basta con escribir a la Alianza solicitando la baja de la lista a la siguiente direcci\u00f3n de correo electr\u00f3nico: contact (at) salve-corda.org<\/p><p><br><\/p>\n<p><\/p>\n<ol start=\"4\">\n<li><strong>Cookies<\/strong><\/li>\n<\/ol>\n<p>Este sitio no utiliza cookies. Sin embargo, s\u00ed utiliza los servicios de los subcontratistas mencionados anteriormente. Estas empresas pueden utilizar principalmente cookies t\u00e9cnicas bajo su exclusiva responsabilidad. Si desea bloquear estas cookies, puede configurar su navegador para que no acepte cookies.<\/p><p><br><\/p>\n<p><\/p>\n<ol start=\"5\">\n<li><strong>Seguridad de los datos<\/strong><\/li>\n<\/ol>\n<p>El correo electr\u00f3nico que nos env\u00eda se almacena en servidores situados en Suiza. Utilizamos el sistema de encriptaci\u00f3n SSL (Secure Socket Layer) para cifrar nuestros intercambios.<\/p><p><br><\/p>\n<p><\/p>\n<ol start=\"6\">\n<li><strong>Alojamiento<\/strong><\/li>\n<\/ol>\n<p>El sitio web de salve-corda est\u00e1 alojado en Kreativmedia Gmbh , Hoschgasse 45, CH-8008 Z\u00farich, Tel : 0800 550 660<\/p><p><br><\/p>\n<p><\/p>\n<ol start=\"7\">\n<li><strong>Cambios en esta pol\u00edtica de protecci\u00f3n de datos<\/strong><\/li>\n<\/ol>\n<p>Nos reservamos el derecho a modificar esta pol\u00edtica de privacidad en cualquier momento con efectos para el futuro. En el sitio web encontrar\u00e1 una versi\u00f3n actualizada. Le invitamos a consultar el sitio web con regularidad y a informarse sobre la pol\u00edtica de protecci\u00f3n de datos vigente.<\/p><p><br><\/p>\n<p><\/p>\n<ol start=\"8\">\n<li><strong>Sus derechos<\/strong><\/li>\n<\/ol>\n<p>Tiene derecho a solicitar informaci\u00f3n sobre sus datos personales. En particular, puede solicitar informaci\u00f3n sobre los propios datos personales, c\u00f3mo se utilizan, cu\u00e1nto tiempo se conservan y de d\u00f3nde proceden. Tambi\u00e9n tiene derecho a revocar en cualquier momento cualquier consentimiento que haya dado para el uso de sus datos personales. Puede hacer valer ante nosotros los derechos antes mencionados en cualquier momento. Para ponerse en contacto con nosotros en relaci\u00f3n con la protecci\u00f3n de sus datos, dir\u00edjase al responsable de protecci\u00f3n de datos de la Alianza: dpo (at) salve-corda.org<\/p>\n<p><em>Declaraci\u00f3n de datos - 01\/01\/2024<\/em><\/p>\n<p style=\"text-align: right;\">\n<\/p>\t\t\t\t\t\t\t\t<\/div>\n\t\t\t\t<\/div>\n\t\t\t\t\t<\/div>\n\t\t<\/div>\n\t\t\t\t\t<\/div>\n\t\t<\/section>\n\t\t\t\t<\/div>","protected":false},"excerpt":{"rendered":"<p>DECLARATION de protection des donn\u00e9es &nbsp; L\u2019Alliance Salve Corda est tr\u00e8s attach\u00e9e au respect de la vie priv\u00e9e et \u00e0 la protection des donn\u00e9es. Elle collecte et utilise vos donn\u00e9es personnelles conform\u00e9ment au [&hellip;]<\/p>","protected":false},"author":1,"featured_media":0,"parent":0,"menu_order":0,"comment_status":"closed","ping_status":"closed","template":"elementor_header_footer","meta":{"footnotes":""},"class_list":["post-8845","page","type-page","status-publish","hentry"],"_links":{"self":[{"href":"https:\/\/salve-corda.org\/es\/wp-json\/wp\/v2\/pages\/8845","targetHints":{"allow":["GET"]}}],"collection":[{"href":"https:\/\/salve-corda.org\/es\/wp-json\/wp\/v2\/pages"}],"about":[{"href":"https:\/\/salve-corda.org\/es\/wp-json\/wp\/v2\/types\/page"}],"author":[{"embeddable":true,"href":"https:\/\/salve-corda.org\/es\/wp-json\/wp\/v2\/users\/1"}],"replies":[{"embeddable":true,"href":"https:\/\/salve-corda.org\/es\/wp-json\/wp\/v2\/comments?post=8845"}],"version-history":[{"count":25,"href":"https:\/\/salve-corda.org\/es\/wp-json\/wp\/v2\/pages\/8845\/revisions"}],"predecessor-version":[{"id":12136,"href":"https:\/\/salve-corda.org\/es\/wp-json\/wp\/v2\/pages\/8845\/revisions\/12136"}],"wp:attachment":[{"href":"https:\/\/salve-corda.org\/es\/wp-json\/wp\/v2\/media?parent=8845"}],"curies":[{"name":"wp","href":"https:\/\/api.w.org\/{rel}","templated":true}]}}

Mention légales

<div data-elementor-type="wp-page" data-elementor-id="8845" class="elementor elementor-8845">
						<section class="elementor-section elementor-top-section elementor-element elementor-element-b856bc0 elementor-section-boxed elementor-section-height-default elementor-section-height-default" data-id="b856bc0" data-element_type="section" data-e-type="section">
						<div class="elementor-container elementor-column-gap-default">
					<div class="elementor-column elementor-col-100 elementor-top-column elementor-element elementor-element-f8ef477" data-id="f8ef477" data-element_type="column" data-e-type="column">
			<div class="elementor-widget-wrap elementor-element-populated">
						<div class="elementor-element elementor-element-0eba749 elementor-widget elementor-widget-spacer" data-id="0eba749" data-element_type="widget" data-e-type="widget" data-widget_type="spacer.default">
				<div class="elementor-widget-container">
							<div class="elementor-spacer">
			<div class="elementor-spacer-inner"></div>
		</div>
						</div>
				</div>
					</div>
		</div>
					</div>
		</section>
				<section class="elementor-section elementor-top-section elementor-element elementor-element-d808c5b elementor-section-boxed elementor-section-height-default elementor-section-height-default" data-id="d808c5b" data-element_type="section" data-e-type="section">
						<div class="elementor-container elementor-column-gap-default">
					<div class="elementor-column elementor-col-100 elementor-top-column elementor-element elementor-element-e8b4ce5" data-id="e8b4ce5" data-element_type="column" data-e-type="column">
			<div class="elementor-widget-wrap elementor-element-populated">
						<div class="elementor-element elementor-element-448478e elementor-widget elementor-widget-heading" data-id="448478e" data-element_type="widget" data-e-type="widget" data-widget_type="heading.default">
				<div class="elementor-widget-container">
					<h2 class="elementor-heading-title elementor-size-default">DECLARACIÓN DE PROTECCIÓN DE DATOS</h2>				</div>
				</div>
					</div>
		</div>
					</div>
		</section>
				<section class="elementor-section elementor-top-section elementor-element elementor-element-a3eb121 elementor-section-boxed elementor-section-height-default elementor-section-height-default" data-id="a3eb121" data-element_type="section" data-e-type="section" data-settings="{&quot;background_background&quot;:&quot;classic&quot;}">
						<div class="elementor-container elementor-column-gap-default">
					<div class="elementor-column elementor-col-100 elementor-top-column elementor-element elementor-element-ca6451b" data-id="ca6451b" data-element_type="column" data-e-type="column">
			<div class="elementor-widget-wrap elementor-element-populated">
						<div class="elementor-element elementor-element-aa49358 elementor-widget elementor-widget-text-editor" data-id="aa49358" data-element_type="widget" data-e-type="widget" data-widget_type="text-editor.default">
				<div class="elementor-widget-container">
									<h3>&nbsp;</h3>
<p>La Alianza Salve Corda concede gran importancia a la privacidad y a la protección de datos. Recopila y utiliza sus datos personales de conformidad con el contenido de estas disposiciones de protección de datos y la normativa aplicable en materia de protección de datos, en particular la Ley de Protección de Datos (LOPD) y el RGPD europeo.</p><p><br></p>
<p></p>
<p>&nbsp; &nbsp; 1. <span style="font-weight: bold;">Objet de l&#8217;Alliance</span></p>
<p>L’Alliance Salve corda est une œuvre cultuelle catholique. Son site salve-corda.org est un service d&#8217;information en ligne cultuel édité à titre non professionnel.</p>
<p><br></p>
<p></p>
<ol start="2">
<li><strong>Descripción y alcance del tratamiento de datos</strong></li>
</ol>
<p><em>Recogida de datos</em></p>
<p>El sitio no recoge más datos personales que un simple correo electrónico. En particular, el sitio no recoge nombres, direcciones postales, números de teléfono, fechas de nacimiento, etc. Cuando una persona u organización se pone en contacto con la Alianza por correo electrónico, los datos que se intercambian posteriormente en las conversaciones son de carácter estrictamente privado y no son objeto de ningún tipo de tratamiento. Estas conversaciones están sujetas a un compromiso mutuo de total confidencialidad por ambas partes.</p><p><br></p>
<p><em>Uso del sitio</em></p>
<p>El sitio no recoge ninguna información sobre su uso del sitio. Además, se ha excluido todo uso de plug-ins de redes sociales y herramientas de análisis web como Google Analytics, ya que requieren que los sitios recopilen información personal.</p><p><br></p>
<p></p>
<ol start="3">
<li><strong>Principios del tratamiento de datos</strong></li>
</ol>
<p>Vos emails ne sont ni vendus ni communiqués à des tiers en dehors de nos deux sous-traitants wordpress (logiciel d&#8217;édition de site) et Brevo (logiciel d&#8217;envoi de mails) et dans le cadre exclusif de leurs services.</p>
<p>La Alianza no "procesa" sus datos. Sus datos, sus correos electrónicos, solo se utilizarán para los siguientes fines:</p>
<ul>
<li>Enviar automáticamente una meditación cada mes</li>
<li>Proporcionar información sobre acontecimientos especiales ad hoc.</li>
<li>Responder a sus mensajes y hablar de nuestros negocios en privado</li>
</ul>
<p>Los correos electrónicos se conservarán durante un periodo de 5 años, a menos que una persona solicite su baja de la lista antes de ese plazo. Para ello, basta con escribir a la Alianza solicitando la baja de la lista a la siguiente dirección de correo electrónico: contact (at) salve-corda.org</p><p><br></p>
<p></p>
<ol start="4">
<li><strong>Cookies</strong></li>
</ol>
<p>Este sitio no utiliza cookies. Sin embargo, sí utiliza los servicios de los subcontratistas mencionados anteriormente. Estas empresas pueden utilizar principalmente cookies técnicas bajo su exclusiva responsabilidad. Si desea bloquear estas cookies, puede configurar su navegador para que no acepte cookies.</p><p><br></p>
<p></p>
<ol start="5">
<li><strong>Seguridad de los datos</strong></li>
</ol>
<p>El correo electrónico que nos envía se almacena en servidores situados en Suiza. Utilizamos el sistema de encriptación SSL (Secure Socket Layer) para cifrar nuestros intercambios.</p><p><br></p>
<p></p>
<ol start="6">
<li><strong>Alojamiento</strong></li>
</ol>
<p>El sitio web de salve-corda está alojado en Kreativmedia Gmbh , Hoschgasse 45, CH-8008 Zúrich, Tel : 0800 550 660</p><p><br></p>
<p></p>
<ol start="7">
<li><strong>Cambios en esta política de protección de datos</strong></li>
</ol>
<p>Nos reservamos el derecho a modificar esta política de privacidad en cualquier momento con efectos para el futuro. En el sitio web encontrará una versión actualizada. Le invitamos a consultar el sitio web con regularidad y a informarse sobre la política de protección de datos vigente.</p><p><br></p>
<p></p>
<ol start="8">
<li><strong>Sus derechos</strong></li>
</ol>
<p>Tiene derecho a solicitar información sobre sus datos personales. En particular, puede solicitar información sobre los propios datos personales, cómo se utilizan, cuánto tiempo se conservan y de dónde proceden. También tiene derecho a revocar en cualquier momento cualquier consentimiento que haya dado para el uso de sus datos personales. Puede hacer valer ante nosotros los derechos antes mencionados en cualquier momento. Para ponerse en contacto con nosotros en relación con la protección de sus datos, diríjase al responsable de protección de datos de la Alianza: dpo (at) salve-corda.org</p>
<p><em>Declaración de datos - 01/01/2024</em></p>
<p style="text-align: right;">
</p>								</div>
				</div>
					</div>
		</div>
					</div>
		</section>
				</div>

<p>DECLARATION de protection des données &nbsp; L’Alliance Salve Corda est très attachée au respect de la vie privée et à la protection des données. Elle collecte et utilise vos données personnelles conformément au [&hellip;]</p>
