{"id":2042,"date":"2021-06-10T12:56:20","date_gmt":"2021-06-10T10:56:20","guid":{"rendered":"https:\/\/salve-corda.org\/?post_type=prieres&#038;p=2042"},"modified":"2024-03-05T17:33:06","modified_gmt":"2024-03-05T16:33:06","slug":"une-autre-priere-a-la-sainte-vierge","status":"publish","type":"prieres","link":"https:\/\/salve-corda.org\/es\/prieres\/une-autre-priere-a-la-sainte-vierge\/","title":{"rendered":"Oraciones escritas por santos"},"content":{"rendered":"<p class=\"has-medium-font-size wp-block-paragraph\">San Luis Mar\u00eda Grignon de Montfort<\/p>\n\n\n\n<p class=\"has-medium-font-size wp-block-paragraph\"><mark style=\"background-color:rgba(0, 0, 0, 0);color:#006984\" class=\"has-inline-color\">En alabanza de este adorable Coraz\u00f3n,<br>Alquilo con proporci\u00f3n<br>El Coraz\u00f3n de su admirable Madre,<br>Tan grande es su uni\u00f3n.<\/mark><br><br><mark style=\"background-color:rgba(0, 0, 0, 0);color:#006984\" class=\"has-inline-color\">Ce n\u2019est que vous seul que j&#8217;adore,<br>Coraz\u00f3n de mi Dios, Coraz\u00f3n glorioso,<br>Pero al adorarte, honro<br>El coraz\u00f3n de la Reina del Cielo.<\/mark><br><br><mark style=\"background-color:rgba(0, 0, 0, 0);color:#006984\" class=\"has-inline-color\">Cristiano, por el Coraz\u00f3n de Mar\u00eda<br>Amamos el Coraz\u00f3n de Jes\u00fas,<br>Porque Jes\u00fas tom\u00f3 la vida en su Coraz\u00f3n y en sus virtudes.<\/mark><br><br><mark style=\"background-color:rgba(0, 0, 0, 0);color:#006984\" class=\"has-inline-color\">De la sangre de su coraz\u00f3n ardiente<br>El Coraz\u00f3n de Jes\u00fas se forma ;<br>Ils n&#8217;ont qu&#8217;un c\u0153ur,<br>Ils n\u2019ont qu&#8217;une \u00e2me,<br>L&#8217;un et I&#8217;autre doit \u00eatre aim\u00e9.<br>Alma, pi\u00e9rdete sin compartir<br>En estos dos corazones milagrosos,<br>Est\u00e1is comprometidos el uno con el otro<br>A n&#8217;en voir qu\u2019un seul dans les deux.<br><br>Alma querida, trepa a hurtadillas<br>Por este tierno Coraz\u00f3n del Alt\u00edsimo<br>Pronto ser\u00e1s perfecto<br>Amando este Coraz\u00f3n como debe ser amado.<\/mark><\/p>\n\n\n\n<p class=\"wp-block-paragraph\">San Luis Mar\u00eda Grignon de Montfort<\/p>","protected":false},"featured_media":6656,"template":"","class_list":["post-2042","prieres","type-prieres","status-publish","has-post-thumbnail","hentry"],"_links":{"self":[{"href":"https:\/\/salve-corda.org\/es\/wp-json\/wp\/v2\/prieres\/2042","targetHints":{"allow":["GET"]}}],"collection":[{"href":"https:\/\/salve-corda.org\/es\/wp-json\/wp\/v2\/prieres"}],"about":[{"href":"https:\/\/salve-corda.org\/es\/wp-json\/wp\/v2\/types\/prieres"}],"version-history":[{"count":1,"href":"https:\/\/salve-corda.org\/es\/wp-json\/wp\/v2\/prieres\/2042\/revisions"}],"predecessor-version":[{"id":6655,"href":"https:\/\/salve-corda.org\/es\/wp-json\/wp\/v2\/prieres\/2042\/revisions\/6655"}],"wp:featuredmedia":[{"embeddable":true,"href":"https:\/\/salve-corda.org\/es\/wp-json\/wp\/v2\/media\/6656"}],"wp:attachment":[{"href":"https:\/\/salve-corda.org\/es\/wp-json\/wp\/v2\/media?parent=2042"}],"curies":[{"name":"wp","href":"https:\/\/api.w.org\/{rel}","templated":true}]}}

<p class="has-medium-font-size wp-block-paragraph">San Luis María Grignon de Montfort</p>



<p class="has-medium-font-size wp-block-paragraph"><mark style="background-color:rgba(0, 0, 0, 0);color:#006984" class="has-inline-color">En alabanza de este adorable Corazón,<br>Alquilo con proporción<br>El Corazón de su admirable Madre,<br>Tan grande es su unión.</mark><br><br><mark style="background-color:rgba(0, 0, 0, 0);color:#006984" class="has-inline-color">Ce n’est que vous seul que j&#8217;adore,<br>Corazón de mi Dios, Corazón glorioso,<br>Pero al adorarte, honro<br>El corazón de la Reina del Cielo.</mark><br><br><mark style="background-color:rgba(0, 0, 0, 0);color:#006984" class="has-inline-color">Cristiano, por el Corazón de María<br>Amamos el Corazón de Jesús,<br>Porque Jesús tomó la vida en su Corazón y en sus virtudes.</mark><br><br><mark style="background-color:rgba(0, 0, 0, 0);color:#006984" class="has-inline-color">De la sangre de su corazón ardiente<br>El Corazón de Jesús se forma ;<br>Ils n&#8217;ont qu&#8217;un cœur,<br>Ils n’ont qu&#8217;une âme,<br>L&#8217;un et I&#8217;autre doit être aimé.<br>Alma, piérdete sin compartir<br>En estos dos corazones milagrosos,<br>Estáis comprometidos el uno con el otro<br>A n&#8217;en voir qu’un seul dans les deux.<br><br>Alma querida, trepa a hurtadillas<br>Por este tierno Corazón del Altísimo<br>Pronto serás perfecto<br>Amando este Corazón como debe ser amado.</mark></p>



<p class="wp-block-paragraph">San Luis María Grignon de Montfort</p>
