{"id":2100,"date":"2021-08-14T21:05:05","date_gmt":"2021-08-14T19:05:05","guid":{"rendered":"https:\/\/salve-corda.org\/?post_type=prieres&#038;p=2100"},"modified":"2021-09-14T21:19:20","modified_gmt":"2021-09-14T19:19:20","slug":"prieres-a-saint-joseph","status":"publish","type":"prieres","link":"https:\/\/salve-corda.org\/es\/prieres\/prieres-a-saint-joseph\/","title":{"rendered":"7 grandes oraciones a San Jos\u00e9"},"content":{"rendered":"<div class=\"wp-block-group\"><div class=\"wp-block-group__inner-container is-layout-flow wp-block-group-is-layout-flow\">\n<p class=\"has-medium-font-size wp-block-paragraph\"><strong>1) Pri\u00e8re du pape L\u00e9on XIII &#8211; &#8220;Nous recourons \u00e0 vous dans notre tribulation&#8221;<\/strong><\/p>\n\n\n\n<p class=\"has-medium-font-size wp-block-paragraph\"><span style=\"color:#0272a2\" class=\"has-inline-color\">Nosotros<\/span> <span style=\"color:#026f9d\" class=\"has-inline-color\">re<\/span><span style=\"color:#0271a0\" class=\"has-inline-color\">corramos a ti en nuestra tribulaci\u00f3n, oh bienaventurado Jos\u00e9, y, despu\u00e9s de implorar la ayuda de tu sant\u00edsimo<\/span> <span style=\"color:#026c9a\" class=\"has-inline-color\">esposa, tambi\u00e9n pedimos con confianza su patrocinio.<br><br>Par l&#8217;affection qui vous a uni \u00e0 la Vierge immacul\u00e9e, M\u00e8re de Dieu ; par l&#8217;amour paternel dont vous avez entour\u00e9 l&#8217;Enfant J\u00e9sus, nous vous supplions de regarder avec bont\u00e9 l&#8217;h\u00e9ritage que J\u00e9sus-Christ a conquis au prix de son sang, et de nous assister de votre puissance et de votre secours dans nos besoins.<br><br>Prot\u00e9gez, \u00d4 tr\u00e8s sage gardien de la divine Famille, la race \u00e9lue de J\u00e9sus-Christ ; Pr\u00e9servez-nous, \u00f4 P\u00e8re tr\u00e8s aimant, de toute souillure d&#8217;erreur et de corruption ; soyez-nous favorable, \u00f4 notre tr\u00e8s puissant lib\u00e9rateur.<br><br>Du haut du ciel assistez-nous dans le combat que nous livrons \u00e0 la puissance des t\u00e9n\u00e8bres ; et, de m\u00eame que vous avez arrach\u00e9 autrefois l&#8217;Enfant J\u00e9sus au p\u00e9ril de la mort, d\u00e9fendez aujourd&#8217;hui la sainte Eglise de Dieu des emb\u00fbches de l&#8217;ennemi et de toute adversit\u00e9.<br><br>C\u00fabrenos a todos y cada uno de nosotros con tu protecci\u00f3n perpetua, para que, sostenidos por tu ayuda, vivamos santamente, muramos piadosamente y obtengamos la bienaventuranza eterna del Cielo.<br><br>Que as\u00ed sea.<\/span><br><\/p>\n\n\n\n<p class=\"has-medium-font-size wp-block-paragraph\"><strong>2) Oraci\u00f3n del Papa San P\u00edo X a San Jos\u00e9, modelo de trabajadores<\/strong><\/p>\n\n\n\n<p class=\"has-medium-font-size wp-block-paragraph\"><span style=\"color:#036f9d\" class=\"has-inline-color\">Glorioso San Jos\u00e9, modelo de todos los que se dedican al trabajo, alc\u00e1nzame la gracia\u00a0<br>&#8211; de travailler en esprit de p\u00e9nitence pour l&#8217;expiation de mes nombreux p\u00e9ch\u00e9s;\u00a0<br>- obrar seg\u00fan mi conciencia, anteponiendo el culto al deber a mis inclinaciones;\u00a0<br>- trabajar con gratitud y alegr\u00eda, considerando un honor utilizar y desarrollar mediante el trabajo los dones recibidos de Dios;\u00a0<br>- trabajar con orden, paz, moderaci\u00f3n y paciencia, sin retroceder nunca ante el cansancio o las dificultades;\u00a0<br>&#8211; de travailler surtout avec puret\u00e9 d&#8217;intention et avec d\u00e9tachement de moi-m\u00eame ayant sans cesse devant les yeux la mort et le compte que je devrai rendre du temps perdu, des talents inutilis\u00e9s, du bien omis et des vaines complaisances dans le succ\u00e8s, si funestes \u00e0 l&#8217;oeuvre de Dieu.\u00a0<br><br>Todo por Jes\u00fas, todo por Mar\u00eda, \u00a1todo a imitaci\u00f3n tuya, patriarca San Jos\u00e9!\u00a0<br><br>Ese ser\u00e1 mi lema en la vida y en la muerte.\u00a0<br>Que as\u00ed sea.<\/span><br><\/p>\n\n\n\n<p class=\"has-medium-font-size wp-block-paragraph\"><strong>3) Oraci\u00f3n del Papa P\u00edo XII a San Jos\u00e9 artesano<\/strong><\/p>\n\n\n\n<p class=\"has-medium-font-size wp-block-paragraph\"><span style=\"color:#016f9f\" class=\"has-inline-color\">En 1955, P\u00edo XII instituy\u00f3 la fiesta de San Jos\u00e9 Artesano, que se celebra el 1 de mayo de cada a\u00f1o.<br><br>Oh glorioso Patriarca San Jos\u00e9, humilde y justo artesano de Nazaret, que diste a todos los cristianos, pero especialmente a nosotros, el ejemplo de una vida perfecta en el trabajo constante y en admirable uni\u00f3n con Mar\u00eda y Jes\u00fas, ay\u00fadanos en nuestra tarea diaria, para que tambi\u00e9n nosotros, artesanos cat\u00f3licos, encontremos en ella los medios eficaces para glorificar al Se\u00f1or, santificarnos y ser \u00fatiles a la sociedad en que vivimos, ideales supremos de todas nuestras acciones.<br><br>Alc\u00e1nzanos del Se\u00f1or, oh amad\u00edsimo protector nuestro, humildad y sencillez de coraz\u00f3n, gusto por el trabajo y benevolencia para con los que son nuestros compa\u00f1eros de fatigas, conformidad a la voluntad divina en las penas inevitables de esta vida y alegr\u00eda en soportarlas, conciencia de nuestra particular misi\u00f3n social y sentido de nuestra responsabilidad, esp\u00edritu de disciplina y oraci\u00f3n, docilidad y respeto para con nuestros superiores, fraternidad para con nuestros iguales, caridad e indulgencia para con nuestros subordinados. Acomp\u00e1\u00f1anos en nuestros momentos de prosperidad, cuando todo nos invita a saborear honestamente los frutos de nuestro trabajo; pero ap\u00f3yanos en nuestras horas de tristeza, cuando el cielo parece cerrarse sobre nosotros y los mismos instrumentos de trabajo parecen rebelarse en nuestras manos.<br><br>Que, siguiendo tu ejemplo, mantengamos la mirada fija en nuestra Madre Mar\u00eda, tu dulc\u00edsima esposa, que, en un rinc\u00f3n de tu modesto taller, hilaba en silencio, dejando vagar por sus labios la sonrisa m\u00e1s graciosa; que tampoco nosotros quitemos los ojos de Jes\u00fas, que trabajaba en tu banco de carpintero, para que podamos llevar una vida tranquila y santa en la tierra, preludio de la vida eternamente feliz que nos espera en el cielo, por los siglos de los siglos.\u00a0<br><br>Que as\u00ed sea.<\/span><br><\/p>\n\n\n\n<p class=\"has-medium-font-size wp-block-paragraph\"><strong>4) Oraci\u00f3n a San Jos\u00e9 de San Francisco de Sales<\/strong><\/p>\n\n\n\n<p class=\"has-medium-font-size wp-block-paragraph\"><span style=\"color:#016f9f\" class=\"has-inline-color\">Gl<\/span><span style=\"color:#0070a0\" class=\"has-inline-color\">orious San Jos\u00e9, esposo de Mar\u00eda, conc\u00e9denos tu protecci\u00f3n paternal, te lo suplicamos por Jesucristo. Oh t\u00fa cuyo poder se extiende a todas nuestras necesidades y conoce\u00a0<strong>HACER POSIBLE LO M\u00c1S DIF\u00cdCIL<\/strong>\u00a0<strong>IMPOSIBLE<\/strong>,\u00a0<strong>toma<\/strong>\u00a0paternalmente los intereses de tus hijos: nos dirigimos a ti con confianza. Bajo tu paternal gu\u00eda, que todas nuestras preocupaciones se conviertan en gloria de Dios y bien de sus devotos siervos.\u00a0<br><br>Que as\u00ed sea.<\/span>.<br><\/p>\n\n\n\n<p class=\"has-medium-font-size wp-block-paragraph\"><strong>5). Oraciones a San Jos\u00e9 de San Alfonso de Ligorio<\/strong><strong>&nbsp;<\/strong><strong><\/strong><\/p>\n\n\n\n<p class=\"has-medium-font-size wp-block-paragraph\"><span style=\"color:#0170a0\" class=\"has-inline-color\">Mi santo Patriarca, os ruego, en nombre de los dolores que experimentasteis cuando visteis al Verbo divino nacer en un establo, en tal estado de pobreza, sin fuego ni lino, y cuando le o\u00edsteis llorar por los sufrimientos causados por los rigores del fr\u00edo; os ruego, digo, que me obteng\u00e1is verdadero dolor por mis pecados, por los cuales fui la causa de las l\u00e1grimas derramadas por Jes\u00fas.\u00a0<\/span><\/p>\n\n\n\n<p class=\"has-medium-font-size wp-block-paragraph\"><span style=\"color:#016f9f\" class=\"has-inline-color\">Pero, en nombre del consuelo que sentiste cuando, por primera vez, viste a Jes\u00fas ni\u00f1o, nacido en un pesebre, tan hermoso, tan lleno de gracia, de modo que desde aquel momento tu coraz\u00f3n comenz\u00f3 a arder con un amor m\u00e1s ardiente por este ni\u00f1o adorable y amado, alc\u00e1nzame la gracia de amarlo con un gran amor tambi\u00e9n en la tierra, para que un d\u00eda se me permita poseerlo en el cielo.\u00a0<\/span><\/p>\n\n\n\n<p class=\"has-medium-font-size wp-block-paragraph\"><span style=\"color:#0172a3\" class=\"has-inline-color\">Y t\u00fa, oh Mar\u00eda, madre de Dios y madre m\u00eda, recomi\u00e9ndame a tu hijo, y alc\u00e1nzame el perd\u00f3n de todas las ofensas que le he hecho, y la gracia de no volver a ofenderle.\u00a0<\/span><\/p>\n\n\n\n<p class=\"has-medium-font-size wp-block-paragraph\"><span style=\"color:#0072a3\" class=\"has-inline-color\">Y t\u00fa, mi amado Jes\u00fas, perd\u00f3name por el amor de Mar\u00eda y Jos\u00e9, y conc\u00e9deme la gracia de poder verte un d\u00eda en el cielo, para alabarte all\u00ed, y amar tu divina belleza, y tu bondad que te hizo ni\u00f1o por amor a m\u00ed. Te amo, belleza infinita.<\/span><\/p>\n\n\n\n<p class=\"has-medium-font-size wp-block-paragraph\"><span style=\"color:#0071a2\" class=\"has-inline-color\">Te amo, mi Jes\u00fas. Te amo, mi Dios, mi amor, mi todo.<\/span><br><\/p>\n\n\n\n<p class=\"has-medium-font-size wp-block-paragraph\"><strong>6) Saludo a San Jos\u00e9 por San Juan Eudes<\/strong><\/p>\n\n\n\n<p class=\"has-medium-font-size wp-block-paragraph\"><span style=\"color:#0171a1\" class=\"has-inline-color\">Salve Jos\u00e9, imagen de Dios Padre\u00a0<br>Salve Jos\u00e9, padre de Dios Hijo\u00a0<br>Salve Jos\u00e9, Santuario del Esp\u00edritu Santo\u00a0<br>Salve Jos\u00e9, amado de la Sant\u00edsima Trinidad\u00a0<br>Salve Jos\u00e9, dign\u00edsimo esposo de la Virgen Madre\u00a0<br>Salve Jos\u00e9, padre de todos los fieles\u00a0<br>Salve Jos\u00e9, fiel observador del silencio sagrado\u00a0<br>Salve Jos\u00e9, amante de la santa pobreza\u00a0<br>Salve Jos\u00e9, modelo de dulzura y paciencia\u00a0<br>Salve Jos\u00e9, espejo de humildad y obediencia\u00a0<\/span><\/p>\n\n\n\n<p class=\"has-medium-font-size wp-block-paragraph\"><span style=\"color:#0171a0\" class=\"has-inline-color\">Bendito seas entre los hombres<br><br>Y benditos sean tus ojos que han visto lo que t\u00fa has visto\u00a0<br>y benditos sean tus o\u00eddos que han o\u00eddo lo que t\u00fa has o\u00eddo\u00a0<br>y benditas sean tus manos que han tocado al Verbo hecho carne\u00a0<br>y benditos sean tus brazos que han soportado a Aquel que soporta todas las cosas\u00a0<br>y bendito sea tu coraz\u00f3n encendido por \u00c9l con el m\u00e1s ardiente amor\u00a0<br>y bendito sea el Padre Eterno que te eligi\u00f3\u00a0<br>y bendito sea el Hijo que os am\u00f3\u00a0<br>y bendito sea el Esp\u00edritu Santo que os ha santificado\u00a0<br>y bendita sea Mar\u00eda, tu esposa, que te quiso como esposo y como hermano\u00a0<br>y benditos sean por siempre todos los que te aman y te bendicen.<\/span><br><\/p>\n\n\n\n<p class=\"has-medium-font-size wp-block-paragraph\"><strong>7 ) C\u00e1ntico de Santa Teresa de \u00c1vila<\/strong><\/p>\n\n\n\n<p class=\"has-medium-font-size wp-block-paragraph\"><span style=\"color:#006f9e\" class=\"has-inline-color\">Joseph, tu admirable vida<br>Se passa dans l&#8217;humilit\u00e9\u00a0;\u00a0<br>Pero de Jes\u00fas y Mar\u00eda,\u00a0<br>\u00a1Contemplabas la belleza!\u00a0<br><br>Jos\u00e9, oh tierno Padre,\u00a0<br>\u00a1Protege Carmel!\u00a0<br>Tus hijos, en esta tierra,\u00a0<br>Saborea la paz del cielo.\u00a0<br><br>El Hijo de Dios, en su infancia,\u00a0<br>Plus d&#8217;une fois, avec bonheur,\u00a0<br>Sujeto a tu obediencia,\u00a0<br>S&#8217;est repos\u00e9 sur votre c\u0153ur\u00a0!\u00a0<br><br>Como t\u00fa, en soledad,\u00a0<br>Servimos a Mar\u00eda y a Jes\u00fas;\u00a0<br>Complacerles es nuestro \u00fanico estudio;\u00a0<br>Eso es todo lo que queremos.\u00a0<\/span><br><br><span style=\"color:#016f9e\" class=\"has-inline-color\">Santa Teresa, nuestra Madre,\u00a0<br>Siempre confiaba en ti;\u00a0<br>Asegura que su oraci\u00f3n,\u00a0<br>Vous l&#8217;exauciez d&#8217;un prompt secours.\u00a0<br><br>Quand l&#8217;\u00e9preuve sera finie,\u00a0<br>Tenemos la dulce esperanza<br>Cerca de la divina Mar\u00eda,\u00a0<br>San Jos\u00e9, iremos a verte.\u00a0<br><br>Bendito seas, dulce Padre,\u00a0<br>Nuestro peque\u00f1o Carmel ;\u00a0<br>Apr\u00e8s l&#8217;exil de cette terre<br>Re\u00fanenos en el cielo.\u00a0<\/span><\/p>\n<\/div><\/div>","protected":false},"featured_media":2101,"template":"","class_list":["post-2100","prieres","type-prieres","status-publish","has-post-thumbnail","hentry"],"_links":{"self":[{"href":"https:\/\/salve-corda.org\/es\/wp-json\/wp\/v2\/prieres\/2100","targetHints":{"allow":["GET"]}}],"collection":[{"href":"https:\/\/salve-corda.org\/es\/wp-json\/wp\/v2\/prieres"}],"about":[{"href":"https:\/\/salve-corda.org\/es\/wp-json\/wp\/v2\/types\/prieres"}],"version-history":[{"count":1,"href":"https:\/\/salve-corda.org\/es\/wp-json\/wp\/v2\/prieres\/2100\/revisions"}],"predecessor-version":[{"id":2102,"href":"https:\/\/salve-corda.org\/es\/wp-json\/wp\/v2\/prieres\/2100\/revisions\/2102"}],"wp:featuredmedia":[{"embeddable":true,"href":"https:\/\/salve-corda.org\/es\/wp-json\/wp\/v2\/media\/2101"}],"wp:attachment":[{"href":"https:\/\/salve-corda.org\/es\/wp-json\/wp\/v2\/media?parent=2100"}],"curies":[{"name":"wp","href":"https:\/\/api.w.org\/{rel}","templated":true}]}}

7 grandes oraciones a San José

<div class="wp-block-group"><div class="wp-block-group__inner-container is-layout-flow wp-block-group-is-layout-flow">
<p class="has-medium-font-size wp-block-paragraph"><strong>1) Prière du pape Léon XIII &#8211; &#8220;Nous recourons à vous dans notre tribulation&#8221;</strong></p>



<p class="has-medium-font-size wp-block-paragraph"><span style="color:#0272a2" class="has-inline-color">Nosotros</span> <span style="color:#026f9d" class="has-inline-color">re</span><span style="color:#0271a0" class="has-inline-color">corramos a ti en nuestra tribulación, oh bienaventurado José, y, después de implorar la ayuda de tu santísimo</span> <span style="color:#026c9a" class="has-inline-color">esposa, también pedimos con confianza su patrocinio.<br><br>Par l&#8217;affection qui vous a uni à la Vierge immaculée, Mère de Dieu ; par l&#8217;amour paternel dont vous avez entouré l&#8217;Enfant Jésus, nous vous supplions de regarder avec bonté l&#8217;héritage que Jésus-Christ a conquis au prix de son sang, et de nous assister de votre puissance et de votre secours dans nos besoins.<br><br>Protégez, Ô très sage gardien de la divine Famille, la race élue de Jésus-Christ ; Préservez-nous, ô Père très aimant, de toute souillure d&#8217;erreur et de corruption ; soyez-nous favorable, ô notre très puissant libérateur.<br><br>Du haut du ciel assistez-nous dans le combat que nous livrons à la puissance des ténèbres ; et, de même que vous avez arraché autrefois l&#8217;Enfant Jésus au péril de la mort, défendez aujourd&#8217;hui la sainte Eglise de Dieu des embûches de l&#8217;ennemi et de toute adversité.<br><br>Cúbrenos a todos y cada uno de nosotros con tu protección perpetua, para que, sostenidos por tu ayuda, vivamos santamente, muramos piadosamente y obtengamos la bienaventuranza eterna del Cielo.<br><br>Que así sea.</span><br></p>



<p class="has-medium-font-size wp-block-paragraph"><strong>2) Oración del Papa San Pío X a San José, modelo de trabajadores</strong></p>



<p class="has-medium-font-size wp-block-paragraph"><span style="color:#036f9d" class="has-inline-color">Glorioso San José, modelo de todos los que se dedican al trabajo, alcánzame la gracia <br>&#8211; de travailler en esprit de pénitence pour l&#8217;expiation de mes nombreux péchés; <br>- obrar según mi conciencia, anteponiendo el culto al deber a mis inclinaciones; <br>- trabajar con gratitud y alegría, considerando un honor utilizar y desarrollar mediante el trabajo los dones recibidos de Dios; <br>- trabajar con orden, paz, moderación y paciencia, sin retroceder nunca ante el cansancio o las dificultades; <br>&#8211; de travailler surtout avec pureté d&#8217;intention et avec détachement de moi-même ayant sans cesse devant les yeux la mort et le compte que je devrai rendre du temps perdu, des talents inutilisés, du bien omis et des vaines complaisances dans le succès, si funestes à l&#8217;oeuvre de Dieu. <br><br>Todo por Jesús, todo por María, ¡todo a imitación tuya, patriarca San José! <br><br>Ese será mi lema en la vida y en la muerte. <br>Que así sea.</span><br></p>



<p class="has-medium-font-size wp-block-paragraph"><strong>3) Oración del Papa Pío XII a San José artesano</strong></p>



<p class="has-medium-font-size wp-block-paragraph"><span style="color:#016f9f" class="has-inline-color">En 1955, Pío XII instituyó la fiesta de San José Artesano, que se celebra el 1 de mayo de cada año.<br><br>Oh glorioso Patriarca San José, humilde y justo artesano de Nazaret, que diste a todos los cristianos, pero especialmente a nosotros, el ejemplo de una vida perfecta en el trabajo constante y en admirable unión con María y Jesús, ayúdanos en nuestra tarea diaria, para que también nosotros, artesanos católicos, encontremos en ella los medios eficaces para glorificar al Señor, santificarnos y ser útiles a la sociedad en que vivimos, ideales supremos de todas nuestras acciones.<br><br>Alcánzanos del Señor, oh amadísimo protector nuestro, humildad y sencillez de corazón, gusto por el trabajo y benevolencia para con los que son nuestros compañeros de fatigas, conformidad a la voluntad divina en las penas inevitables de esta vida y alegría en soportarlas, conciencia de nuestra particular misión social y sentido de nuestra responsabilidad, espíritu de disciplina y oración, docilidad y respeto para con nuestros superiores, fraternidad para con nuestros iguales, caridad e indulgencia para con nuestros subordinados. Acompáñanos en nuestros momentos de prosperidad, cuando todo nos invita a saborear honestamente los frutos de nuestro trabajo; pero apóyanos en nuestras horas de tristeza, cuando el cielo parece cerrarse sobre nosotros y los mismos instrumentos de trabajo parecen rebelarse en nuestras manos.<br><br>Que, siguiendo tu ejemplo, mantengamos la mirada fija en nuestra Madre María, tu dulcísima esposa, que, en un rincón de tu modesto taller, hilaba en silencio, dejando vagar por sus labios la sonrisa más graciosa; que tampoco nosotros quitemos los ojos de Jesús, que trabajaba en tu banco de carpintero, para que podamos llevar una vida tranquila y santa en la tierra, preludio de la vida eternamente feliz que nos espera en el cielo, por los siglos de los siglos. <br><br>Que así sea.</span><br></p>



<p class="has-medium-font-size wp-block-paragraph"><strong>4) Oración a San José de San Francisco de Sales</strong></p>



<p class="has-medium-font-size wp-block-paragraph"><span style="color:#016f9f" class="has-inline-color">Gl</span><span style="color:#0070a0" class="has-inline-color">orious San José, esposo de María, concédenos tu protección paternal, te lo suplicamos por Jesucristo. Oh tú cuyo poder se extiende a todas nuestras necesidades y conoce <strong>HACER POSIBLE LO MÁS DIFÍCIL</strong> <strong>IMPOSIBLE</strong>, <strong>toma</strong> paternalmente los intereses de tus hijos: nos dirigimos a ti con confianza. Bajo tu paternal guía, que todas nuestras preocupaciones se conviertan en gloria de Dios y bien de sus devotos siervos. <br><br>Que así sea.</span>.<br></p>



<p class="has-medium-font-size wp-block-paragraph"><strong>5). Oraciones a San José de San Alfonso de Ligorio</strong><strong>&nbsp;</strong><strong></strong></p>



<p class="has-medium-font-size wp-block-paragraph"><span style="color:#0170a0" class="has-inline-color">Mi santo Patriarca, os ruego, en nombre de los dolores que experimentasteis cuando visteis al Verbo divino nacer en un establo, en tal estado de pobreza, sin fuego ni lino, y cuando le oísteis llorar por los sufrimientos causados por los rigores del frío; os ruego, digo, que me obtengáis verdadero dolor por mis pecados, por los cuales fui la causa de las lágrimas derramadas por Jesús. </span></p>



<p class="has-medium-font-size wp-block-paragraph"><span style="color:#016f9f" class="has-inline-color">Pero, en nombre del consuelo que sentiste cuando, por primera vez, viste a Jesús niño, nacido en un pesebre, tan hermoso, tan lleno de gracia, de modo que desde aquel momento tu corazón comenzó a arder con un amor más ardiente por este niño adorable y amado, alcánzame la gracia de amarlo con un gran amor también en la tierra, para que un día se me permita poseerlo en el cielo. </span></p>



<p class="has-medium-font-size wp-block-paragraph"><span style="color:#0172a3" class="has-inline-color">Y tú, oh María, madre de Dios y madre mía, recomiéndame a tu hijo, y alcánzame el perdón de todas las ofensas que le he hecho, y la gracia de no volver a ofenderle. </span></p>



<p class="has-medium-font-size wp-block-paragraph"><span style="color:#0072a3" class="has-inline-color">Y tú, mi amado Jesús, perdóname por el amor de María y José, y concédeme la gracia de poder verte un día en el cielo, para alabarte allí, y amar tu divina belleza, y tu bondad que te hizo niño por amor a mí. Te amo, belleza infinita.</span></p>



<p class="has-medium-font-size wp-block-paragraph"><span style="color:#0071a2" class="has-inline-color">Te amo, mi Jesús. Te amo, mi Dios, mi amor, mi todo.</span><br></p>



<p class="has-medium-font-size wp-block-paragraph"><strong>6) Saludo a San José por San Juan Eudes</strong></p>



<p class="has-medium-font-size wp-block-paragraph"><span style="color:#0171a1" class="has-inline-color">Salve José, imagen de Dios Padre <br>Salve José, padre de Dios Hijo <br>Salve José, Santuario del Espíritu Santo <br>Salve José, amado de la Santísima Trinidad <br>Salve José, dignísimo esposo de la Virgen Madre <br>Salve José, padre de todos los fieles <br>Salve José, fiel observador del silencio sagrado <br>Salve José, amante de la santa pobreza <br>Salve José, modelo de dulzura y paciencia <br>Salve José, espejo de humildad y obediencia </span></p>



<p class="has-medium-font-size wp-block-paragraph"><span style="color:#0171a0" class="has-inline-color">Bendito seas entre los hombres<br><br>Y benditos sean tus ojos que han visto lo que tú has visto <br>y benditos sean tus oídos que han oído lo que tú has oído <br>y benditas sean tus manos que han tocado al Verbo hecho carne <br>y benditos sean tus brazos que han soportado a Aquel que soporta todas las cosas <br>y bendito sea tu corazón encendido por Él con el más ardiente amor <br>y bendito sea el Padre Eterno que te eligió <br>y bendito sea el Hijo que os amó <br>y bendito sea el Espíritu Santo que os ha santificado <br>y bendita sea María, tu esposa, que te quiso como esposo y como hermano <br>y benditos sean por siempre todos los que te aman y te bendicen.</span><br></p>



<p class="has-medium-font-size wp-block-paragraph"><strong>7 ) Cántico de Santa Teresa de Ávila</strong></p>



<p class="has-medium-font-size wp-block-paragraph"><span style="color:#006f9e" class="has-inline-color">Joseph, tu admirable vida<br>Se passa dans l&#8217;humilité ; <br>Pero de Jesús y María, <br>¡Contemplabas la belleza! <br><br>José, oh tierno Padre, <br>¡Protege Carmel! <br>Tus hijos, en esta tierra, <br>Saborea la paz del cielo. <br><br>El Hijo de Dios, en su infancia, <br>Plus d&#8217;une fois, avec bonheur, <br>Sujeto a tu obediencia, <br>S&#8217;est reposé sur votre cœur ! <br><br>Como tú, en soledad, <br>Servimos a María y a Jesús; <br>Complacerles es nuestro único estudio; <br>Eso es todo lo que queremos. </span><br><br><span style="color:#016f9e" class="has-inline-color">Santa Teresa, nuestra Madre, <br>Siempre confiaba en ti; <br>Asegura que su oración, <br>Vous l&#8217;exauciez d&#8217;un prompt secours. <br><br>Quand l&#8217;épreuve sera finie, <br>Tenemos la dulce esperanza<br>Cerca de la divina María, <br>San José, iremos a verte. <br><br>Bendito seas, dulce Padre, <br>Nuestro pequeño Carmel ; <br>Après l&#8217;exil de cette terre<br>Reúnenos en el cielo. </span></p>
</div></div>
