{"id":2104,"date":"2021-07-14T21:47:02","date_gmt":"2021-07-14T19:47:02","guid":{"rendered":"https:\/\/salve-corda.org\/?post_type=prieres&#038;p=2104"},"modified":"2024-03-05T17:30:38","modified_gmt":"2024-03-05T16:30:38","slug":"prieres-aux-saints-anges","status":"publish","type":"prieres","link":"https:\/\/salve-corda.org\/es\/prieres\/prieres-aux-saints-anges\/","title":{"rendered":"Oraciones a los santos \u00e1ngeles"},"content":{"rendered":"<p class=\"has-medium-font-size wp-block-paragraph\"><strong>Oraci\u00f3n del Papa Le\u00f3n XIII<\/strong><\/p>\n\n\n\n<p class=\"has-medium-font-size wp-block-paragraph\"><mark style=\"background-color:rgba(0, 0, 0, 0);color:#0176a8\" class=\"has-inline-color\">San Miguel Arc\u00e1ngel,<br>defendernos en la batalla ;<br>y s\u00e9 nuestro protector<br>contra la maldad y las asechanzas del diablo.<br>Que Dios reprima su audacia;<br>esta es nuestra humilde oraci\u00f3n.<br>Y t\u00fa, Pr\u00edncipe de la Milicia Celestial,<br>por el poder divino que te ha sido confiado,<br>arrojar a Satan\u00e1s y a los dem\u00e1s esp\u00edritus malignos al infierno,<br>que viajan por el mundo<br>por la p\u00e9rdida de almas.<\/mark><\/p>\n\n\n\n<p class=\"has-medium-font-size wp-block-paragraph\"><strong>Oraci\u00f3n a tu \u00e1ngel de la guarda<\/strong><\/p>\n\n\n\n<p class=\"has-medium-font-size wp-block-paragraph\"><mark style=\"background-color:rgba(0, 0, 0, 0);color:#0071a1\" class=\"has-inline-color\">\u00d4\u00a0Saint Ange, que Dieu, par un effet de Sa bont\u00e9 sur moi, a charg\u00e9 du soin de ma conduite, vous qui m&#8217;assistez dans mes afflictions, qui me soutenez dans mes d\u00e9couragements, et qui m&#8217;obtenez sans cesse de nouvelles faveurs, je vous rends de tr\u00e8s humbles actions de gr\u00e2ces, et je vous conjure, aimable protecteur, de me continuer vos charitables soins, de me d\u00e9fendre contre tous mes ennemis, d&#8217;\u00e9loigner de moi les occasions du p\u00e9ch\u00e9, de m&#8217;obtenir que je sois docile \u00e0 \u00e9couter vos inspirations et fid\u00e8le \u00e0 les suivre, de me prot\u00e9ger de l&#8217;heure de ma mort, et de ne point me quitter que vous ne m&#8217;ayez conduit au s\u00e9jour du repos \u00e9ternel.\u00a0&#8220;<\/mark><\/p>","protected":false},"featured_media":6654,"template":"","class_list":["post-2104","prieres","type-prieres","status-publish","has-post-thumbnail","hentry"],"_links":{"self":[{"href":"https:\/\/salve-corda.org\/es\/wp-json\/wp\/v2\/prieres\/2104","targetHints":{"allow":["GET"]}}],"collection":[{"href":"https:\/\/salve-corda.org\/es\/wp-json\/wp\/v2\/prieres"}],"about":[{"href":"https:\/\/salve-corda.org\/es\/wp-json\/wp\/v2\/types\/prieres"}],"version-history":[{"count":1,"href":"https:\/\/salve-corda.org\/es\/wp-json\/wp\/v2\/prieres\/2104\/revisions"}],"predecessor-version":[{"id":6653,"href":"https:\/\/salve-corda.org\/es\/wp-json\/wp\/v2\/prieres\/2104\/revisions\/6653"}],"wp:featuredmedia":[{"embeddable":true,"href":"https:\/\/salve-corda.org\/es\/wp-json\/wp\/v2\/media\/6654"}],"wp:attachment":[{"href":"https:\/\/salve-corda.org\/es\/wp-json\/wp\/v2\/media?parent=2104"}],"curies":[{"name":"wp","href":"https:\/\/api.w.org\/{rel}","templated":true}]}}

Oraciones a los santos ángeles

<p class="has-medium-font-size wp-block-paragraph"><strong>Oración del Papa León XIII</strong></p>



<p class="has-medium-font-size wp-block-paragraph"><mark style="background-color:rgba(0, 0, 0, 0);color:#0176a8" class="has-inline-color">San Miguel Arcángel,<br>defendernos en la batalla ;<br>y sé nuestro protector<br>contra la maldad y las asechanzas del diablo.<br>Que Dios reprima su audacia;<br>esta es nuestra humilde oración.<br>Y tú, Príncipe de la Milicia Celestial,<br>por el poder divino que te ha sido confiado,<br>arrojar a Satanás y a los demás espíritus malignos al infierno,<br>que viajan por el mundo<br>por la pérdida de almas.</mark></p>



<p class="has-medium-font-size wp-block-paragraph"><strong>Oración a tu ángel de la guarda</strong></p>



<p class="has-medium-font-size wp-block-paragraph"><mark style="background-color:rgba(0, 0, 0, 0);color:#0071a1" class="has-inline-color">Ô Saint Ange, que Dieu, par un effet de Sa bonté sur moi, a chargé du soin de ma conduite, vous qui m&#8217;assistez dans mes afflictions, qui me soutenez dans mes découragements, et qui m&#8217;obtenez sans cesse de nouvelles faveurs, je vous rends de très humbles actions de grâces, et je vous conjure, aimable protecteur, de me continuer vos charitables soins, de me défendre contre tous mes ennemis, d&#8217;éloigner de moi les occasions du péché, de m&#8217;obtenir que je sois docile à écouter vos inspirations et fidèle à les suivre, de me protéger de l&#8217;heure de ma mort, et de ne point me quitter que vous ne m&#8217;ayez conduit au séjour du repos éternel. &#8220;</mark></p>
