{"id":3115,"date":"2021-04-20T21:07:58","date_gmt":"2021-04-20T19:07:58","guid":{"rendered":"https:\/\/salve-corda.org\/?post_type=sites-livres&#038;p=3115"},"modified":"2021-09-30T03:33:03","modified_gmt":"2021-09-30T01:33:03","slug":"le-regne-social-du-coeur-de-jesus","status":"publish","type":"sites-livres","link":"https:\/\/salve-corda.org\/es\/sites-livres\/le-regne-social-du-coeur-de-jesus\/","title":{"rendered":"El Reino Social del Coraz\u00f3n de Jes\u00fas"},"content":{"rendered":"<p class=\"wp-block-paragraph\">Padre Henry Rami\u00e8re<\/p>\n\n\n\n<p class=\"wp-block-paragraph\">El padre Rami\u00e8re no s\u00f3lo fue un gran ap\u00f3stol del Sagrado Coraz\u00f3n de Jes\u00fas, en\u00a0<em>fondant la Ligue et l&#8217;Apostolat du Coeur de J\u00e9sus<\/em>Pero tambi\u00e9n merece ser uno de los m\u00e1s renombrados doctores del Sagrado Coraz\u00f3n. En este libro, nos aporta un profundo conocimiento del Coraz\u00f3n de Jes\u00fas y explica por qu\u00e9 nuestra sociedad debe fundarse en \u00e9l. <\/p>\n\n\n\n<p class=\"wp-block-paragraph\"><a rel=\"noreferrer noopener\" href=\"http:\/\/www.chire.fr\/A-152761-le-regne-social-du-coeur-de-jesus.aspx\" data-type=\"URL\" data-id=\"http:\/\/www.chire.fr\/A-152761-le-regne-social-du-coeur-de-jesus.aspx\" target=\"_blank\">http:\/\/www.chire.fr\/A-152761-le-regne-social-du-coeur-de-jesus.aspx<\/a><\/p>","protected":false},"featured_media":3117,"template":"","class_list":["post-3115","sites-livres","type-sites-livres","status-publish","has-post-thumbnail","hentry"],"_links":{"self":[{"href":"https:\/\/salve-corda.org\/es\/wp-json\/wp\/v2\/sites-livres\/3115","targetHints":{"allow":["GET"]}}],"collection":[{"href":"https:\/\/salve-corda.org\/es\/wp-json\/wp\/v2\/sites-livres"}],"about":[{"href":"https:\/\/salve-corda.org\/es\/wp-json\/wp\/v2\/types\/sites-livres"}],"version-history":[{"count":1,"href":"https:\/\/salve-corda.org\/es\/wp-json\/wp\/v2\/sites-livres\/3115\/revisions"}],"predecessor-version":[{"id":3197,"href":"https:\/\/salve-corda.org\/es\/wp-json\/wp\/v2\/sites-livres\/3115\/revisions\/3197"}],"wp:featuredmedia":[{"embeddable":true,"href":"https:\/\/salve-corda.org\/es\/wp-json\/wp\/v2\/media\/3117"}],"wp:attachment":[{"href":"https:\/\/salve-corda.org\/es\/wp-json\/wp\/v2\/media?parent=3115"}],"curies":[{"name":"wp","href":"https:\/\/api.w.org\/{rel}","templated":true}]}}

El Reino Social del Corazón de Jesús

<p class="wp-block-paragraph">Padre Henry Ramière</p>



<p class="wp-block-paragraph">El padre Ramière no sólo fue un gran apóstol del Sagrado Corazón de Jesús, en <em>fondant la Ligue et l&#8217;Apostolat du Coeur de Jésus</em>Pero también merece ser uno de los más renombrados doctores del Sagrado Corazón. En este libro, nos aporta un profundo conocimiento del Corazón de Jesús y explica por qué nuestra sociedad debe fundarse en él. </p>



<p class="wp-block-paragraph"><a rel="noreferrer noopener" href="http://www.chire.fr/A-152761-le-regne-social-du-coeur-de-jesus.aspx" data-type="URL" data-id="http://www.chire.fr/A-152761-le-regne-social-du-coeur-de-jesus.aspx" target="_blank">http://www.chire.fr/A-152761-le-regne-social-du-coeur-de-jesus.aspx</a></p>
