{"id":2055,"date":"2021-09-14T14:08:35","date_gmt":"2021-09-14T12:08:35","guid":{"rendered":"https:\/\/salve-corda.org\/?post_type=documentation&#038;p=2055"},"modified":"2022-03-06T23:46:14","modified_gmt":"2022-03-06T22:46:14","slug":"doc-2","status":"publish","type":"documentation","link":"https:\/\/salve-corda.org\/it\/documentation\/doc-2\/","title":{"rendered":"Volantino \"Salve Corda\" da distribuire"},"content":{"rendered":"<p class=\"has-medium-font-size wp-block-paragraph\">Ce document d&#8217;une page est destin\u00e9 \u00e0 pr\u00e9senter rapidement Salve Corda. Il faut l&#8217;imprimer en plusieurs exemplaires et ne pas h\u00e9siter \u00e0 la distribuer aux personnes rencontr\u00e9es, aux amis etc. <\/p>\n\n\n\n<p class=\"has-medium-font-size wp-block-paragraph\"><mark style=\"background-color:rgba(0, 0, 0, 0)\" class=\"has-inline-color has-luminous-vivid-amber-color\">Una crisi senza precedenti<\/mark><br><br><em>\u00a0<mark style=\"background-color:rgba(0, 0, 0, 0);color:#0271a0\" class=\"has-inline-color\">&#8220;La crise que l\u2019occident traverse ne s\u2019est jamais v\u00e9cue dans l\u2019Histoire. Aucune soci\u00e9t\u00e9 n\u2019a l\u00e9gif\u00e9r\u00e9 ce qu\u2019on l\u00e9gif\u00e8re aujourd\u2019hui en Occident. Aucune civilisation !\u00a0&#8221;\u00a0\u00a0<\/mark>\u00a0\u00a0 \u00a0\u00a0\u00a0\u00a0\u00a0\u00a0\u00a0\u00a0\u00a0\u00a0\u00a0\u00a0\u00a0\u00a0\u00a0\u00a0\u00a0\u00a0\u00a0\u00a0\u00a0\u00a0\u00a0\u00a0\u00a0\u00a0\u00a0Papa Benedetto XVI<\/em><br><br><em>&#8220;<mark style=\"background-color:rgba(0, 0, 0, 0);color:#0171a1\" class=\"has-inline-color\">La fl\u00e8che de la cath\u00e9drale de Paris s\u2019est effondr\u00e9e : ce n\u2019est pas un hasard ! Notre Dame de Paris symbolise tout l\u2019occident. A force de se d\u00e9tourner de Dieu l\u2019Occident s\u2019effondre. Cette civilisation vit une crise mortelle.&#8221;\u00a0\u00a0<\/mark>\u00a0\u00a0\u00a0\u00a0\u00a0\u00a0\u00a0\u00a0\u00a0 \u00a0\u00a0\u00a0\u00a0\u00a0\u00a0\u00a0\u00a0\u00a0\u00a0\u00a0\u00a0\u00a0\u00a0\u00a0\u00a0\u00a0\u00a0\u00a0\u00a0\u00a0\u00a0\u00a0\u00a0\u00a0\u00a0\u00a0\u00a0\u00a0\u00a0\u00a0\u00a0\u00a0\u00a0\u00a0\u00a0\u00a0\u00a0\u00a0\u00a0\u00a0\u00a0\u00a0\u00a0\u00a0\u00a0\u00a0\u00a0\u00a0\u00a0\u00a0\u00a0\u00a0\u00a0\u00a0\u00a0\u00a0\u00a0\u00a0\u00a0\u00a0\u00a0\u00a0\u00a0\u00a0\u00a0\u00a0\u00a0\u00a0\u00a0\u00a0\u00a0\u00a0\u00a0\u00a0\u00a0\u00a0\u00a0\u00a0\u00a0\u00a0\u00a0 \u00a0 Il cardinale Sarah<\/em><br><br><mark style=\"background-color:rgba(0, 0, 0, 0)\" class=\"has-inline-color has-luminous-vivid-amber-color\">Dio ci ha dato la via d'uscita<\/mark><br><br>Di fronte alla portata globale della crisi morale, spirituale, politica e sociale che stiamo vivendo, sempre pi\u00f9 persone si rendono conto che i soli mezzi umani non sono sufficienti. <strong><u>da solo non sar\u00e0 mai in grado di<\/u><\/strong> fermare il crollo imminente. \u00c8 necessario un intervento divino diretto. Ma come si pu\u00f2 ottenere?  Porre la domanda significa rispondere, perch\u00e9 ricordiamo che la Santa Vergine \u00e8 venuta a Fatima nel 1917 per dirci <strong><u>qual \u00e8 la via di Dio<\/u><\/strong> per ottenere la conversione del mondo e la pace: la devozione al suo Cuore Immacolato tramite <strong><u>preghiere e azioni specifiche.<\/u><\/strong> (cinque richieste fatte ai fedeli e due al Papa).<br><br><em>\"<mark style=\"background-color:rgba(0, 0, 0, 0);color:#016e9d\" class=\"has-inline-color\">Dio vuole stabilire nel mondo la devozione al mio Cuore Immacolato\".\u00a0<\/mark>\u00a0 Nostra Signora a Fatima, 1917<\/em><br><br><em>\"<mark style=\"background-color:rgba(0, 0, 0, 0);color:#016e9d\" class=\"has-inline-color\">Dio vuole questa devozione<strong> <u>e non un altro<\/u><\/strong>\".<\/mark><\/em>\u00a0 <em>Suor Lucia, veggente di Fatima marzo 1939<\/em><br><br><mark style=\"background-color:rgba(0, 0, 0, 0)\" class=\"has-inline-color has-luminous-vivid-amber-color\">Cosa stiamo aspettando?<\/mark><br><br>Dio non ha bisogno di milioni di noi! Nella sua misericordia, stava per salvare Sodoma e Gomorra per dieci giusti. \u00c8 sufficiente che un certo numero di fedeli si mobiliti con fede, umilt\u00e0 e perseveranza. <strong><u>mettere in pratica esattamente ci\u00f2 che Dio ci ha chiesto di fare<\/u><\/strong>. Se lo faremo, l'intervento della Beata Vergine promesso a Fatima si realizzer\u00e0.<br><br><em>\u00a0<mark style=\"background-color:rgba(0, 0, 0, 0);color:#0270a0\" class=\"has-inline-color\">\"<strong>Alla fine il mio Cuore Immacolato trionfer\u00e0<\/strong>. Il Santo Padre mi consacrer\u00e0 la Russia, che si convertir\u00e0, e al mondo sar\u00e0 concesso un certo tempo di pace\".\u00a0\u00a0\u00a0<\/mark>Nostra Signora a Fatima, 23 ottobre 1917<\/em><\/p>\n\n\n\n<p class=\"has-medium-font-size wp-block-paragraph\"><mark style=\"background-color:rgba(0, 0, 0, 0)\" class=\"has-inline-color has-luminous-vivid-amber-color\">Salve Corda*<\/mark><\/p>\n\n\n\n<p class=\"has-medium-font-size wp-block-paragraph\">Salve Corda \u00e8 un'Alleanza che riunisce persone di ogni estrazione sociale - compresi i bambini - che hanno deciso di agire per la conversione del mondo e per la pace. <strong><u>seguendo le cinque richieste di Fatima<\/u><\/strong>. Lungi dall'essere un altro \"movimento\", Salve Corda non invade gli impegni esistenti, ma li rafforza.<\/p>\n\n\n\n<p class=\"has-medium-font-size wp-block-paragraph\"><em>&#8220;<span style=\"color:#0074a6\" class=\"has-inline-color\">Il n\u2019est jamais trop tard pour recourir aux c\u0153urs de J\u00e9sus et Marie&#8221; <\/span>Santa Giacinta, veggente di Fatima<\/em><\/p>\n\n\n\n<p class=\"wp-block-paragraph\">* <span style=\"font-size: revert;\">dal latino: Nous vous saluons Coeurs (di Ges\u00f9 e Maria)<\/span><\/p>\n\n\n\n<div class=\"wp-block-buttons is-layout-flex wp-block-buttons-is-layout-flex\">\n<div class=\"wp-block-button\"><a class=\"wp-block-button__link\" href=\"https:\/\/salve-corda.org\/wp-content\/uploads\/2021\/09\/teaser-SC-VF.pdf\" target=\"_blank\" rel=\"noreferrer noopener\">visualizza e scarica il pdf<\/a><\/div>\n<\/div>\n\n\n\n<div class=\"wp-block-buttons is-layout-flex wp-block-buttons-is-layout-flex\"><\/div>\n\n\n\n<p class=\"wp-block-paragraph\"><\/p>","protected":false},"featured_media":1401,"template":"","class_list":["post-2055","documentation","type-documentation","status-publish","has-post-thumbnail","hentry"],"_links":{"self":[{"href":"https:\/\/salve-corda.org\/it\/wp-json\/wp\/v2\/documentation\/2055","targetHints":{"allow":["GET"]}}],"collection":[{"href":"https:\/\/salve-corda.org\/it\/wp-json\/wp\/v2\/documentation"}],"about":[{"href":"https:\/\/salve-corda.org\/it\/wp-json\/wp\/v2\/types\/documentation"}],"version-history":[{"count":1,"href":"https:\/\/salve-corda.org\/it\/wp-json\/wp\/v2\/documentation\/2055\/revisions"}],"predecessor-version":[{"id":4783,"href":"https:\/\/salve-corda.org\/it\/wp-json\/wp\/v2\/documentation\/2055\/revisions\/4783"}],"wp:featuredmedia":[{"embeddable":true,"href":"https:\/\/salve-corda.org\/it\/wp-json\/wp\/v2\/media\/1401"}],"wp:attachment":[{"href":"https:\/\/salve-corda.org\/it\/wp-json\/wp\/v2\/media?parent=2055"}],"curies":[{"name":"wp","href":"https:\/\/api.w.org\/{rel}","templated":true}]}}

<p class="has-medium-font-size wp-block-paragraph">Ce document d&#8217;une page est destiné à présenter rapidement Salve Corda. Il faut l&#8217;imprimer en plusieurs exemplaires et ne pas hésiter à la distribuer aux personnes rencontrées, aux amis etc. </p>



<p class="has-medium-font-size wp-block-paragraph"><mark style="background-color:rgba(0, 0, 0, 0)" class="has-inline-color has-luminous-vivid-amber-color">Una crisi senza precedenti</mark><br><br><em> <mark style="background-color:rgba(0, 0, 0, 0);color:#0271a0" class="has-inline-color">&#8220;La crise que l’occident traverse ne s’est jamais vécue dans l’Histoire. Aucune société n’a légiféré ce qu’on légifère aujourd’hui en Occident. Aucune civilisation ! &#8221;  </mark>                              Papa Benedetto XVI</em><br><br><em>&#8220;<mark style="background-color:rgba(0, 0, 0, 0);color:#0171a1" class="has-inline-color">La flèche de la cathédrale de Paris s’est effondrée : ce n’est pas un hasard ! Notre Dame de Paris symbolise tout l’occident. A force de se détourner de Dieu l’Occident s’effondre. Cette civilisation vit une crise mortelle.&#8221;  </mark>                                                                                               Il cardinale Sarah</em><br><br><mark style="background-color:rgba(0, 0, 0, 0)" class="has-inline-color has-luminous-vivid-amber-color">Dio ci ha dato la via d'uscita</mark><br><br>Di fronte alla portata globale della crisi morale, spirituale, politica e sociale che stiamo vivendo, sempre più persone si rendono conto che i soli mezzi umani non sono sufficienti. <strong><u>da solo non sarà mai in grado di</u></strong> fermare il crollo imminente. È necessario un intervento divino diretto. Ma come si può ottenere?  Porre la domanda significa rispondere, perché ricordiamo che la Santa Vergine è venuta a Fatima nel 1917 per dirci <strong><u>qual è la via di Dio</u></strong> per ottenere la conversione del mondo e la pace: la devozione al suo Cuore Immacolato tramite <strong><u>preghiere e azioni specifiche.</u></strong> (cinque richieste fatte ai fedeli e due al Papa).<br><br><em>"<mark style="background-color:rgba(0, 0, 0, 0);color:#016e9d" class="has-inline-color">Dio vuole stabilire nel mondo la devozione al mio Cuore Immacolato". </mark>  Nostra Signora a Fatima, 1917</em><br><br><em>"<mark style="background-color:rgba(0, 0, 0, 0);color:#016e9d" class="has-inline-color">Dio vuole questa devozione<strong> <u>e non un altro</u></strong>".</mark></em>  <em>Suor Lucia, veggente di Fatima marzo 1939</em><br><br><mark style="background-color:rgba(0, 0, 0, 0)" class="has-inline-color has-luminous-vivid-amber-color">Cosa stiamo aspettando?</mark><br><br>Dio non ha bisogno di milioni di noi! Nella sua misericordia, stava per salvare Sodoma e Gomorra per dieci giusti. È sufficiente che un certo numero di fedeli si mobiliti con fede, umiltà e perseveranza. <strong><u>mettere in pratica esattamente ciò che Dio ci ha chiesto di fare</u></strong>. Se lo faremo, l'intervento della Beata Vergine promesso a Fatima si realizzerà.<br><br><em> <mark style="background-color:rgba(0, 0, 0, 0);color:#0270a0" class="has-inline-color">"<strong>Alla fine il mio Cuore Immacolato trionferà</strong>. Il Santo Padre mi consacrerà la Russia, che si convertirà, e al mondo sarà concesso un certo tempo di pace".   </mark>Nostra Signora a Fatima, 23 ottobre 1917</em></p>



<p class="has-medium-font-size wp-block-paragraph"><mark style="background-color:rgba(0, 0, 0, 0)" class="has-inline-color has-luminous-vivid-amber-color">Salve Corda*</mark></p>



<p class="has-medium-font-size wp-block-paragraph">Salve Corda è un'Alleanza che riunisce persone di ogni estrazione sociale - compresi i bambini - che hanno deciso di agire per la conversione del mondo e per la pace. <strong><u>seguendo le cinque richieste di Fatima</u></strong>. Lungi dall'essere un altro "movimento", Salve Corda non invade gli impegni esistenti, ma li rafforza.</p>



<p class="has-medium-font-size wp-block-paragraph"><em>&#8220;<span style="color:#0074a6" class="has-inline-color">Il n’est jamais trop tard pour recourir aux cœurs de Jésus et Marie&#8221; </span>Santa Giacinta, veggente di Fatima</em></p>



<p class="wp-block-paragraph">* <span style="font-size: revert;">dal latino: Nous vous saluons Coeurs (di Gesù e Maria)</span></p>



<div class="wp-block-buttons is-layout-flex wp-block-buttons-is-layout-flex">
<div class="wp-block-button"><a class="wp-block-button__link" href="https://salve-corda.org/wp-content/uploads/2021/09/teaser-SC-VF.pdf" target="_blank" rel="noreferrer noopener">visualizza e scarica il pdf</a></div>
</div>



<div class="wp-block-buttons is-layout-flex wp-block-buttons-is-layout-flex"></div>



<p class="wp-block-paragraph"></p>
