{"id":454,"date":"2020-09-25T15:12:48","date_gmt":"2020-09-25T13:12:48","guid":{"rendered":"https:\/\/salve-corda.org\/?page_id=454"},"modified":"2021-12-01T22:33:23","modified_gmt":"2021-12-01T21:33:23","slug":"pourquoi-une-devotion-au-coeur","status":"publish","type":"page","link":"https:\/\/salve-corda.org\/it\/pourquoi-une-devotion-au-coeur\/","title":{"rendered":"Perch\u00e9 una devozione al \"cuore\"?"},"content":{"rendered":"<div data-elementor-type=\"wp-page\" data-elementor-id=\"454\" class=\"elementor elementor-454\">\n\t\t\t\t\t\t<section class=\"elementor-section elementor-top-section elementor-element elementor-element-b68e16b elementor-section-boxed elementor-section-height-default elementor-section-height-default\" data-id=\"b68e16b\" data-element_type=\"section\" data-e-type=\"section\">\n\t\t\t\t\t\t<div class=\"elementor-container elementor-column-gap-default\">\n\t\t\t\t\t<div class=\"elementor-column elementor-col-100 elementor-top-column elementor-element elementor-element-9fa5851\" data-id=\"9fa5851\" data-element_type=\"column\" data-e-type=\"column\">\n\t\t\t<div class=\"elementor-widget-wrap elementor-element-populated\">\n\t\t\t\t\t\t<div class=\"elementor-element elementor-element-5d4715e elementor-widget elementor-widget-spacer\" data-id=\"5d4715e\" data-element_type=\"widget\" data-e-type=\"widget\" data-widget_type=\"spacer.default\">\n\t\t\t\t<div class=\"elementor-widget-container\">\n\t\t\t\t\t\t\t<div class=\"elementor-spacer\">\n\t\t\t<div class=\"elementor-spacer-inner\"><\/div>\n\t\t<\/div>\n\t\t\t\t\t\t<\/div>\n\t\t\t\t<\/div>\n\t\t\t\t\t<\/div>\n\t\t<\/div>\n\t\t\t\t\t<\/div>\n\t\t<\/section>\n\t\t\t\t<section class=\"elementor-section elementor-top-section elementor-element elementor-element-71da5dc elementor-section-boxed elementor-section-height-default elementor-section-height-default\" data-id=\"71da5dc\" data-element_type=\"section\" data-e-type=\"section\">\n\t\t\t\t\t\t<div class=\"elementor-container elementor-column-gap-default\">\n\t\t\t\t\t<div class=\"elementor-column elementor-col-100 elementor-top-column elementor-element elementor-element-fc55463\" data-id=\"fc55463\" data-element_type=\"column\" data-e-type=\"column\">\n\t\t\t<div class=\"elementor-widget-wrap elementor-element-populated\">\n\t\t\t\t\t\t<div class=\"elementor-element elementor-element-c51df69 elementor-widget elementor-widget-heading\" data-id=\"c51df69\" data-element_type=\"widget\" data-e-type=\"widget\" data-widget_type=\"heading.default\">\n\t\t\t\t<div class=\"elementor-widget-container\">\n\t\t\t\t\t<h2 class=\"elementor-heading-title elementor-size-default\">Perch\u00e9 la devozione al \"Cuore\"?<\/h2>\t\t\t\t<\/div>\n\t\t\t\t<\/div>\n\t\t\t\t<div class=\"elementor-element elementor-element-469c40f elementor-widget elementor-widget-text-editor\" data-id=\"469c40f\" data-element_type=\"widget\" data-e-type=\"widget\" data-widget_type=\"text-editor.default\">\n\t\t\t\t<div class=\"elementor-widget-container\">\n\t\t\t\t\t\t\t\t\t<p>Sintesi dell'intero essere, rappresentante del corpo e dell'anima, il cuore \u00e8 la parte pi\u00f9 importante del corpo.<span style=\"color: var( --e-global-color-text ); font-family: var( --e-global-typography-18e5089-font-family ), Sans-serif; font-size: var( --e-global-typography-18e5089-font-size ); font-weight: var( --e-global-typography-18e5089-font-weight ); letter-spacing: var( --e-global-typography-18e5089-letter-spacing );\">\u0153ur<\/span><span style=\"color: var( --e-global-color-text ); font-family: var( --e-global-typography-18e5089-font-family ), Sans-serif; font-size: var( --e-global-typography-18e5089-font-size ); font-weight: var( --e-global-typography-18e5089-font-weight ); letter-spacing: var( --e-global-typography-18e5089-letter-spacing );\">\u00a0\u00e8 ci\u00f2 che esprime l'amore ed \u00e8 la chiave del nostro rapporto con il prossimo. Il c<\/span><span style=\"color: var( --e-global-color-text ); font-family: var( --e-global-typography-18e5089-font-family ), Sans-serif; font-size: var( --e-global-typography-18e5089-font-size ); font-weight: var( --e-global-typography-18e5089-font-weight ); letter-spacing: var( --e-global-typography-18e5089-letter-spacing );\">\u0153ur<\/span><span style=\"color: var( --e-global-color-text ); font-family: var( --e-global-typography-18e5089-font-family ), Sans-serif; font-size: var( --e-global-typography-18e5089-font-size ); font-weight: var( --e-global-typography-18e5089-font-weight ); letter-spacing: var( --e-global-typography-18e5089-letter-spacing );\">\u00a0significa anche essenziale, centrale. Da qui la sua importanza primordiale nell'\"essere\". Antoine de Saint-Exup\u00e9ry lo ha spiegato in poche parole nel suo libro Il Piccolo Principe:<\/span><\/p>\t\t\t\t\t\t\t\t<\/div>\n\t\t\t\t<\/div>\n\t\t\t\t\t<\/div>\n\t\t<\/div>\n\t\t\t\t\t<\/div>\n\t\t<\/section>\n\t\t\t\t<section class=\"elementor-section elementor-top-section elementor-element elementor-element-3b4c258 elementor-section-boxed elementor-section-height-default elementor-section-height-default\" data-id=\"3b4c258\" data-element_type=\"section\" data-e-type=\"section\">\n\t\t\t\t\t\t<div class=\"elementor-container elementor-column-gap-default\">\n\t\t\t\t\t<div class=\"elementor-column elementor-col-50 elementor-top-column elementor-element elementor-element-a44149b\" data-id=\"a44149b\" data-element_type=\"column\" data-e-type=\"column\">\n\t\t\t<div class=\"elementor-widget-wrap elementor-element-populated\">\n\t\t\t\t\t\t<div class=\"elementor-element elementor-element-9fac3f8 elementor-widget elementor-widget-text-editor\" data-id=\"9fac3f8\" data-element_type=\"widget\" data-e-type=\"widget\" data-widget_type=\"text-editor.default\">\n\t\t\t\t<div class=\"elementor-widget-container\">\n\t\t\t\t\t\t\t\t\t<p>\"Si pu\u00f2 vedere bene solo con il cuore<span style=\"color: var( --e-global-color-text );\">.<\/span><\/p><p>Ci\u00f2 che \u00e8 essenziale \u00e8 invisibile agli occhi.<\/p>\t\t\t\t\t\t\t\t<\/div>\n\t\t\t\t<\/div>\n\t\t\t\t\t<\/div>\n\t\t<\/div>\n\t\t\t\t<div class=\"elementor-column elementor-col-50 elementor-top-column elementor-element elementor-element-ff76fec\" data-id=\"ff76fec\" data-element_type=\"column\" data-e-type=\"column\">\n\t\t\t<div class=\"elementor-widget-wrap elementor-element-populated\">\n\t\t\t\t\t\t<div class=\"elementor-element elementor-element-8c634aa elementor-widget elementor-widget-image\" data-id=\"8c634aa\" data-element_type=\"widget\" data-e-type=\"widget\" data-widget_type=\"image.default\">\n\t\t\t\t<div class=\"elementor-widget-container\">\n\t\t\t\t\t\t\t\t\t\t\t\t\t\t\t<img fetchpriority=\"high\" decoding=\"async\" width=\"315\" height=\"212\" src=\"https:\/\/salve-corda.org\/wp-content\/uploads\/2020\/09\/prince.jpg\" class=\"attachment-large size-large wp-image-456\" alt=\"\" srcset=\"https:\/\/salve-corda.org\/wp-content\/uploads\/2020\/09\/prince.jpg 315w, https:\/\/salve-corda.org\/wp-content\/uploads\/2020\/09\/prince-300x202.jpg 300w\" sizes=\"(max-width: 315px) 100vw, 315px\" \/>\t\t\t\t\t\t\t\t\t\t\t\t\t\t\t<\/div>\n\t\t\t\t<\/div>\n\t\t\t\t\t<\/div>\n\t\t<\/div>\n\t\t\t\t\t<\/div>\n\t\t<\/section>\n\t\t\t\t<section class=\"elementor-section elementor-top-section elementor-element elementor-element-a5e4ef9 elementor-section-boxed elementor-section-height-default elementor-section-height-default\" data-id=\"a5e4ef9\" data-element_type=\"section\" data-e-type=\"section\">\n\t\t\t\t\t\t<div class=\"elementor-container elementor-column-gap-default\">\n\t\t\t\t\t<div class=\"elementor-column elementor-col-100 elementor-top-column elementor-element elementor-element-f0321e7\" data-id=\"f0321e7\" data-element_type=\"column\" data-e-type=\"column\">\n\t\t\t<div class=\"elementor-widget-wrap elementor-element-populated\">\n\t\t\t\t\t\t<div class=\"elementor-element elementor-element-ceb2d33 elementor-widget elementor-widget-text-editor\" data-id=\"ceb2d33\" data-element_type=\"widget\" data-e-type=\"widget\" data-widget_type=\"text-editor.default\">\n\t\t\t\t<div class=\"elementor-widget-container\">\n\t\t\t\t\t\t\t\t\t<p>Se il cuore \u00e8 di fondamentale importanza nelle nostre relazioni umane, lo \u00e8 ancora di pi\u00f9 con un Dio che \u00e8 amore. Nel Vangelo, vediamo che la redenzione operata da Cristo e dalla Beata Vergine (corredentrice) d\u00e0 un'importanza magistrale al cuore. Il loro sacrificio si compie con il cuore \"Una spada ti trafigger\u00e0 l'anima\", profetizz\u00f2 San Simeone alla Vergine, intendendo per anima il cuore. Durante l'istituzione dell'Eucaristia, San Giovanni si china sul Cuore di Ges\u00f9. Il sacrificio della Croce si conclude con il Cuore trafitto di Cristo.<\/p><p>\u00a0<\/p><p>Se Cristo e la Beata Vergine hanno chiesto di pregarli attraverso i loro \"Cuori\", \u00e8 perch\u00e9 vogliono che consideriamo questa caratteristica essenziale al di sopra di ogni altra: <b>l<\/b><b>&#8216;<\/b><b>amore <\/b><b>hanno <\/b><b>per noi<\/b>. Per questo ci chiedono di avvicinarci a loro contemplando prima il loro amore per noi (senza dimenticare la realt\u00e0 della Passione, ovviamente). Lungi dall'essere antiquato o mistico, questo avvicinamento a Cristo e alla Vergine attraverso l'amore \u00e8, al contrario, magnifico e un dono eccezionale da parte loro.<\/p><p>\u00a0<\/p><p>Ricordiamo che i primi due comandamenti non sono \"proibiti\". Sono due comandamenti d'amore. \"Amerai il tuo Dio con tutte le tue forze, con tutta la tua anima e con tutta la tua mente\". Il secondo, dato da Cristo, \u00e8 \"Amerai il tuo prossimo come te stesso\". La devozione al cuore non \u00e8 diversa.<\/p>\t\t\t\t\t\t\t\t<\/div>\n\t\t\t\t<\/div>\n\t\t\t\t\t<\/div>\n\t\t<\/div>\n\t\t\t\t\t<\/div>\n\t\t<\/section>\n\t\t\t\t<section class=\"elementor-section elementor-top-section elementor-element elementor-element-7ee4f28 elementor-section-boxed elementor-section-height-default elementor-section-height-default\" data-id=\"7ee4f28\" data-element_type=\"section\" data-e-type=\"section\">\n\t\t\t\t\t\t<div class=\"elementor-container elementor-column-gap-default\">\n\t\t\t\t\t<div class=\"elementor-column elementor-col-50 elementor-top-column elementor-element elementor-element-5771afc\" data-id=\"5771afc\" data-element_type=\"column\" data-e-type=\"column\">\n\t\t\t<div class=\"elementor-widget-wrap elementor-element-populated\">\n\t\t\t\t\t\t<div class=\"elementor-element elementor-element-791f9e4 elementor-widget elementor-widget-image\" data-id=\"791f9e4\" data-element_type=\"widget\" data-e-type=\"widget\" data-widget_type=\"image.default\">\n\t\t\t\t<div class=\"elementor-widget-container\">\n\t\t\t\t\t\t\t\t\t\t\t\t\t\t\t<img decoding=\"async\" width=\"583\" height=\"712\" src=\"https:\/\/salve-corda.org\/wp-content\/uploads\/2021\/07\/gre\u0301goire.png\" class=\"attachment-large size-large wp-image-898\" alt=\"\" srcset=\"https:\/\/salve-corda.org\/wp-content\/uploads\/2021\/07\/gre\u0301goire.png 583w, https:\/\/salve-corda.org\/wp-content\/uploads\/2021\/07\/gre\u0301goire-246x300.png 246w\" sizes=\"(max-width: 583px) 100vw, 583px\" \/>\t\t\t\t\t\t\t\t\t\t\t\t\t\t\t<\/div>\n\t\t\t\t<\/div>\n\t\t\t\t\t<\/div>\n\t\t<\/div>\n\t\t\t\t<div class=\"elementor-column elementor-col-50 elementor-top-column elementor-element elementor-element-5a3eeee\" data-id=\"5a3eeee\" data-element_type=\"column\" data-e-type=\"column\">\n\t\t\t<div class=\"elementor-widget-wrap elementor-element-populated\">\n\t\t\t\t\t\t<div class=\"elementor-element elementor-element-b483cd7 elementor-widget elementor-widget-text-editor\" data-id=\"b483cd7\" data-element_type=\"widget\" data-e-type=\"widget\" data-widget_type=\"text-editor.default\">\n\t\t\t\t<div class=\"elementor-widget-container\">\n\t\t\t\t\t\t\t\t\t<p>I Papi ce lo hanno insegnato fin dagli inizi della Chiesa. Nel 604 Papa San Gregorio Magno ebbe queste magnifiche parole:<\/p><p><br><\/p>\n<p><\/p>\n<p><span style=\"color: #6288c6;\"><i>\"Imparate dal Cuore di Dio gli insegnamenti di Dio per desiderare le cose eterne\".<\/i><\/span><\/p>\t\t\t\t\t\t\t\t<\/div>\n\t\t\t\t<\/div>\n\t\t\t\t\t<\/div>\n\t\t<\/div>\n\t\t\t\t\t<\/div>\n\t\t<\/section>\n\t\t\t\t<\/div>","protected":false},"excerpt":{"rendered":"<p>Perch\u00e9 una devozione al \"Cuore\"? Sintesi di tutto l'essere, rappresentante del corpo e dell'anima, il cuore \u00e8 ci\u00f2 che esprime l'amore ed \u00e8 la chiave del rapporto con la propria [...]<\/p>","protected":false},"author":1,"featured_media":0,"parent":0,"menu_order":0,"comment_status":"closed","ping_status":"closed","template":"elementor_header_footer","meta":{"footnotes":""},"class_list":["post-454","page","type-page","status-publish","hentry"],"_links":{"self":[{"href":"https:\/\/salve-corda.org\/it\/wp-json\/wp\/v2\/pages\/454","targetHints":{"allow":["GET"]}}],"collection":[{"href":"https:\/\/salve-corda.org\/it\/wp-json\/wp\/v2\/pages"}],"about":[{"href":"https:\/\/salve-corda.org\/it\/wp-json\/wp\/v2\/types\/page"}],"author":[{"embeddable":true,"href":"https:\/\/salve-corda.org\/it\/wp-json\/wp\/v2\/users\/1"}],"replies":[{"embeddable":true,"href":"https:\/\/salve-corda.org\/it\/wp-json\/wp\/v2\/comments?post=454"}],"version-history":[{"count":39,"href":"https:\/\/salve-corda.org\/it\/wp-json\/wp\/v2\/pages\/454\/revisions"}],"predecessor-version":[{"id":4605,"href":"https:\/\/salve-corda.org\/it\/wp-json\/wp\/v2\/pages\/454\/revisions\/4605"}],"wp:attachment":[{"href":"https:\/\/salve-corda.org\/it\/wp-json\/wp\/v2\/media?parent=454"}],"curies":[{"name":"wp","href":"https:\/\/api.w.org\/{rel}","templated":true}]}}

Perché una devozione al "cuore"?

<div data-elementor-type="wp-page" data-elementor-id="454" class="elementor elementor-454">
						<section class="elementor-section elementor-top-section elementor-element elementor-element-b68e16b elementor-section-boxed elementor-section-height-default elementor-section-height-default" data-id="b68e16b" data-element_type="section" data-e-type="section">
						<div class="elementor-container elementor-column-gap-default">
					<div class="elementor-column elementor-col-100 elementor-top-column elementor-element elementor-element-9fa5851" data-id="9fa5851" data-element_type="column" data-e-type="column">
			<div class="elementor-widget-wrap elementor-element-populated">
						<div class="elementor-element elementor-element-5d4715e elementor-widget elementor-widget-spacer" data-id="5d4715e" data-element_type="widget" data-e-type="widget" data-widget_type="spacer.default">
				<div class="elementor-widget-container">
							<div class="elementor-spacer">
			<div class="elementor-spacer-inner"></div>
		</div>
						</div>
				</div>
					</div>
		</div>
					</div>
		</section>
				<section class="elementor-section elementor-top-section elementor-element elementor-element-71da5dc elementor-section-boxed elementor-section-height-default elementor-section-height-default" data-id="71da5dc" data-element_type="section" data-e-type="section">
						<div class="elementor-container elementor-column-gap-default">
					<div class="elementor-column elementor-col-100 elementor-top-column elementor-element elementor-element-fc55463" data-id="fc55463" data-element_type="column" data-e-type="column">
			<div class="elementor-widget-wrap elementor-element-populated">
						<div class="elementor-element elementor-element-c51df69 elementor-widget elementor-widget-heading" data-id="c51df69" data-element_type="widget" data-e-type="widget" data-widget_type="heading.default">
				<div class="elementor-widget-container">
					<h2 class="elementor-heading-title elementor-size-default">Perché la devozione al "Cuore"?</h2>				</div>
				</div>
				<div class="elementor-element elementor-element-469c40f elementor-widget elementor-widget-text-editor" data-id="469c40f" data-element_type="widget" data-e-type="widget" data-widget_type="text-editor.default">
				<div class="elementor-widget-container">
									<p>Sintesi dell'intero essere, rappresentante del corpo e dell'anima, il cuore è la parte più importante del corpo.<span style="color: var( --e-global-color-text ); font-family: var( --e-global-typography-18e5089-font-family ), Sans-serif; font-size: var( --e-global-typography-18e5089-font-size ); font-weight: var( --e-global-typography-18e5089-font-weight ); letter-spacing: var( --e-global-typography-18e5089-letter-spacing );">œur</span><span style="color: var( --e-global-color-text ); font-family: var( --e-global-typography-18e5089-font-family ), Sans-serif; font-size: var( --e-global-typography-18e5089-font-size ); font-weight: var( --e-global-typography-18e5089-font-weight ); letter-spacing: var( --e-global-typography-18e5089-letter-spacing );"> è ciò che esprime l'amore ed è la chiave del nostro rapporto con il prossimo. Il c</span><span style="color: var( --e-global-color-text ); font-family: var( --e-global-typography-18e5089-font-family ), Sans-serif; font-size: var( --e-global-typography-18e5089-font-size ); font-weight: var( --e-global-typography-18e5089-font-weight ); letter-spacing: var( --e-global-typography-18e5089-letter-spacing );">œur</span><span style="color: var( --e-global-color-text ); font-family: var( --e-global-typography-18e5089-font-family ), Sans-serif; font-size: var( --e-global-typography-18e5089-font-size ); font-weight: var( --e-global-typography-18e5089-font-weight ); letter-spacing: var( --e-global-typography-18e5089-letter-spacing );"> significa anche essenziale, centrale. Da qui la sua importanza primordiale nell'"essere". Antoine de Saint-Exupéry lo ha spiegato in poche parole nel suo libro Il Piccolo Principe:</span></p>								</div>
				</div>
					</div>
		</div>
					</div>
		</section>
				<section class="elementor-section elementor-top-section elementor-element elementor-element-3b4c258 elementor-section-boxed elementor-section-height-default elementor-section-height-default" data-id="3b4c258" data-element_type="section" data-e-type="section">
						<div class="elementor-container elementor-column-gap-default">
					<div class="elementor-column elementor-col-50 elementor-top-column elementor-element elementor-element-a44149b" data-id="a44149b" data-element_type="column" data-e-type="column">
			<div class="elementor-widget-wrap elementor-element-populated">
						<div class="elementor-element elementor-element-9fac3f8 elementor-widget elementor-widget-text-editor" data-id="9fac3f8" data-element_type="widget" data-e-type="widget" data-widget_type="text-editor.default">
				<div class="elementor-widget-container">
									<p>"Si può vedere bene solo con il cuore<span style="color: var( --e-global-color-text );">.</span></p><p>Ciò che è essenziale è invisibile agli occhi.</p>								</div>
				</div>
					</div>
		</div>
				<div class="elementor-column elementor-col-50 elementor-top-column elementor-element elementor-element-ff76fec" data-id="ff76fec" data-element_type="column" data-e-type="column">
			<div class="elementor-widget-wrap elementor-element-populated">
						<div class="elementor-element elementor-element-8c634aa elementor-widget elementor-widget-image" data-id="8c634aa" data-element_type="widget" data-e-type="widget" data-widget_type="image.default">
				<div class="elementor-widget-container">
															<img fetchpriority="high" decoding="async" width="315" height="212" src="https://salve-corda.org/wp-content/uploads/2020/09/prince.jpg" class="attachment-large size-large wp-image-456" alt="" srcset="https://salve-corda.org/wp-content/uploads/2020/09/prince.jpg 315w, https://salve-corda.org/wp-content/uploads/2020/09/prince-300x202.jpg 300w" sizes="(max-width: 315px) 100vw, 315px" />															</div>
				</div>
					</div>
		</div>
					</div>
		</section>
				<section class="elementor-section elementor-top-section elementor-element elementor-element-a5e4ef9 elementor-section-boxed elementor-section-height-default elementor-section-height-default" data-id="a5e4ef9" data-element_type="section" data-e-type="section">
						<div class="elementor-container elementor-column-gap-default">
					<div class="elementor-column elementor-col-100 elementor-top-column elementor-element elementor-element-f0321e7" data-id="f0321e7" data-element_type="column" data-e-type="column">
			<div class="elementor-widget-wrap elementor-element-populated">
						<div class="elementor-element elementor-element-ceb2d33 elementor-widget elementor-widget-text-editor" data-id="ceb2d33" data-element_type="widget" data-e-type="widget" data-widget_type="text-editor.default">
				<div class="elementor-widget-container">
									<p>Se il cuore è di fondamentale importanza nelle nostre relazioni umane, lo è ancora di più con un Dio che è amore. Nel Vangelo, vediamo che la redenzione operata da Cristo e dalla Beata Vergine (corredentrice) dà un'importanza magistrale al cuore. Il loro sacrificio si compie con il cuore "Una spada ti trafiggerà l'anima", profetizzò San Simeone alla Vergine, intendendo per anima il cuore. Durante l'istituzione dell'Eucaristia, San Giovanni si china sul Cuore di Gesù. Il sacrificio della Croce si conclude con il Cuore trafitto di Cristo.</p><p> </p><p>Se Cristo e la Beata Vergine hanno chiesto di pregarli attraverso i loro "Cuori", è perché vogliono che consideriamo questa caratteristica essenziale al di sopra di ogni altra: <b>l</b><b>&#8216;</b><b>amore </b><b>hanno </b><b>per noi</b>. Per questo ci chiedono di avvicinarci a loro contemplando prima il loro amore per noi (senza dimenticare la realtà della Passione, ovviamente). Lungi dall'essere antiquato o mistico, questo avvicinamento a Cristo e alla Vergine attraverso l'amore è, al contrario, magnifico e un dono eccezionale da parte loro.</p><p> </p><p>Ricordiamo che i primi due comandamenti non sono "proibiti". Sono due comandamenti d'amore. "Amerai il tuo Dio con tutte le tue forze, con tutta la tua anima e con tutta la tua mente". Il secondo, dato da Cristo, è "Amerai il tuo prossimo come te stesso". La devozione al cuore non è diversa.</p>								</div>
				</div>
					</div>
		</div>
					</div>
		</section>
				<section class="elementor-section elementor-top-section elementor-element elementor-element-7ee4f28 elementor-section-boxed elementor-section-height-default elementor-section-height-default" data-id="7ee4f28" data-element_type="section" data-e-type="section">
						<div class="elementor-container elementor-column-gap-default">
					<div class="elementor-column elementor-col-50 elementor-top-column elementor-element elementor-element-5771afc" data-id="5771afc" data-element_type="column" data-e-type="column">
			<div class="elementor-widget-wrap elementor-element-populated">
						<div class="elementor-element elementor-element-791f9e4 elementor-widget elementor-widget-image" data-id="791f9e4" data-element_type="widget" data-e-type="widget" data-widget_type="image.default">
				<div class="elementor-widget-container">
															<img decoding="async" width="583" height="712" src="https://salve-corda.org/wp-content/uploads/2021/07/grégoire.png" class="attachment-large size-large wp-image-898" alt="" srcset="https://salve-corda.org/wp-content/uploads/2021/07/grégoire.png 583w, https://salve-corda.org/wp-content/uploads/2021/07/grégoire-246x300.png 246w" sizes="(max-width: 583px) 100vw, 583px" />															</div>
				</div>
					</div>
		</div>
				<div class="elementor-column elementor-col-50 elementor-top-column elementor-element elementor-element-5a3eeee" data-id="5a3eeee" data-element_type="column" data-e-type="column">
			<div class="elementor-widget-wrap elementor-element-populated">
						<div class="elementor-element elementor-element-b483cd7 elementor-widget elementor-widget-text-editor" data-id="b483cd7" data-element_type="widget" data-e-type="widget" data-widget_type="text-editor.default">
				<div class="elementor-widget-container">
									<p>I Papi ce lo hanno insegnato fin dagli inizi della Chiesa. Nel 604 Papa San Gregorio Magno ebbe queste magnifiche parole:</p><p><br></p>
<p></p>
<p><span style="color: #6288c6;"><i>"Imparate dal Cuore di Dio gli insegnamenti di Dio per desiderare le cose eterne".</i></span></p>								</div>
				</div>
					</div>
		</div>
					</div>
		</section>
				</div>

<p>Perché una devozione al "Cuore"? Sintesi di tutto l'essere, rappresentante del corpo e dell'anima, il cuore è ciò che esprime l'amore ed è la chiave del rapporto con la propria [...]</p>
