{"id":480,"date":"2020-09-25T15:31:36","date_gmt":"2020-09-25T13:31:36","guid":{"rendered":"https:\/\/salve-corda.org\/?page_id=480"},"modified":"2021-12-01T22:45:25","modified_gmt":"2021-12-01T21:45:25","slug":"signification-des-1ers-vendredis-et-samedis-du-mois","status":"publish","type":"page","link":"https:\/\/salve-corda.org\/it\/signification-des-1ers-vendredis-et-samedis-du-mois\/","title":{"rendered":"Cosa significano i primi venerd\u00ec e sabati del mese?"},"content":{"rendered":"<div data-elementor-type=\"wp-page\" data-elementor-id=\"480\" class=\"elementor elementor-480\">\n\t\t\t\t\t\t<section class=\"elementor-section elementor-top-section elementor-element elementor-element-76295b2 elementor-section-boxed elementor-section-height-default elementor-section-height-default\" data-id=\"76295b2\" data-element_type=\"section\" data-e-type=\"section\">\n\t\t\t\t\t\t<div class=\"elementor-container elementor-column-gap-default\">\n\t\t\t\t\t<div class=\"elementor-column elementor-col-100 elementor-top-column elementor-element elementor-element-3b1dc33\" data-id=\"3b1dc33\" data-element_type=\"column\" data-e-type=\"column\">\n\t\t\t<div class=\"elementor-widget-wrap elementor-element-populated\">\n\t\t\t\t\t\t<div class=\"elementor-element elementor-element-4290dc1 elementor-widget elementor-widget-spacer\" data-id=\"4290dc1\" data-element_type=\"widget\" data-e-type=\"widget\" data-widget_type=\"spacer.default\">\n\t\t\t\t<div class=\"elementor-widget-container\">\n\t\t\t\t\t\t\t<div class=\"elementor-spacer\">\n\t\t\t<div class=\"elementor-spacer-inner\"><\/div>\n\t\t<\/div>\n\t\t\t\t\t\t<\/div>\n\t\t\t\t<\/div>\n\t\t\t\t\t<\/div>\n\t\t<\/div>\n\t\t\t\t\t<\/div>\n\t\t<\/section>\n\t\t\t\t<section class=\"elementor-section elementor-top-section elementor-element elementor-element-f1f514c elementor-section-boxed elementor-section-height-default elementor-section-height-default\" data-id=\"f1f514c\" data-element_type=\"section\" data-e-type=\"section\">\n\t\t\t\t\t\t<div class=\"elementor-container elementor-column-gap-default\">\n\t\t\t\t\t<div class=\"elementor-column elementor-col-100 elementor-top-column elementor-element elementor-element-dd88db6\" data-id=\"dd88db6\" data-element_type=\"column\" data-e-type=\"column\">\n\t\t\t<div class=\"elementor-widget-wrap elementor-element-populated\">\n\t\t\t\t\t\t<div class=\"elementor-element elementor-element-205cd01 elementor-widget elementor-widget-heading\" data-id=\"205cd01\" data-element_type=\"widget\" data-e-type=\"widget\" data-widget_type=\"heading.default\">\n\t\t\t\t<div class=\"elementor-widget-container\">\n\t\t\t\t\t<h2 class=\"elementor-heading-title elementor-size-default\">Perch\u00e9 il primo venerd\u00ec e sabato di ogni mese?\n<\/h2>\t\t\t\t<\/div>\n\t\t\t\t<\/div>\n\t\t\t\t\t<\/div>\n\t\t<\/div>\n\t\t\t\t\t<\/div>\n\t\t<\/section>\n\t\t\t\t<section class=\"elementor-section elementor-top-section elementor-element elementor-element-f40c6a5 elementor-section-boxed elementor-section-height-default elementor-section-height-default\" data-id=\"f40c6a5\" data-element_type=\"section\" data-e-type=\"section\">\n\t\t\t\t\t\t<div class=\"elementor-container elementor-column-gap-default\">\n\t\t\t\t\t<div class=\"elementor-column elementor-col-100 elementor-top-column elementor-element elementor-element-0b15af7\" data-id=\"0b15af7\" data-element_type=\"column\" data-e-type=\"column\">\n\t\t\t<div class=\"elementor-widget-wrap elementor-element-populated\">\n\t\t\t\t\t\t<div class=\"elementor-element elementor-element-e20f103 elementor-widget elementor-widget-text-editor\" data-id=\"e20f103\" data-element_type=\"widget\" data-e-type=\"widget\" data-widget_type=\"text-editor.default\">\n\t\t\t\t<div class=\"elementor-widget-container\">\n\t\t\t\t\t\t\t\t\t<p>Potremmo chiederci: ma perch\u00e9 Cristo \u00e8 venuto a chiederci di celebrare il suo Cuore il primo venerd\u00ec del mese e la Beata Vergine \u00e8 venuta a chiederci di celebrare il suo il primo sabato? Sebbene ci sia sempre un elemento di mistero dietro le richieste del Cielo per mantenere la nostra fede e condurci verso l'umilt\u00e0 della semplice obbedienza, si possono dare alcune spiegazioni parziali.<\/p>\t\t\t\t\t\t\t\t<\/div>\n\t\t\t\t<\/div>\n\t\t\t\t\t<\/div>\n\t\t<\/div>\n\t\t\t\t\t<\/div>\n\t\t<\/section>\n\t\t\t\t<section class=\"elementor-section elementor-top-section elementor-element elementor-element-ce97835 elementor-section-boxed elementor-section-height-default elementor-section-height-default\" data-id=\"ce97835\" data-element_type=\"section\" data-e-type=\"section\">\n\t\t\t\t\t\t<div class=\"elementor-container elementor-column-gap-default\">\n\t\t\t\t\t<div class=\"elementor-column elementor-col-50 elementor-top-column elementor-element elementor-element-ddf1cf7\" data-id=\"ddf1cf7\" data-element_type=\"column\" data-e-type=\"column\">\n\t\t\t<div class=\"elementor-widget-wrap elementor-element-populated\">\n\t\t\t\t\t\t<div class=\"elementor-element elementor-element-e0666c4 elementor-widget elementor-widget-text-editor\" data-id=\"e0666c4\" data-element_type=\"widget\" data-e-type=\"widget\" data-widget_type=\"text-editor.default\">\n\t\t\t\t<div class=\"elementor-widget-container\">\n\t\t\t\t\t\t\t\t\t<p><span style=\"color: var( --e-global-color-text ); font-family: var( --e-global-typography-text-font-family ), Sans-serif; font-size: var( --e-global-typography-text-font-size ); font-weight: var( --e-global-typography-text-font-weight );\">Sappiamo che la nostra redenzione \u00e8 stata ottenuta a prezzo delle sofferenze congiunte di Cristo e della Beata Vergine. Cristo ha sofferto ed \u00e8 morto di venerd\u00ec. Il dono ultimo del suo amore \u00e8 avvenuto quindi in quel giorno, il giorno che ha scelto per la devozione al suo Cuore. Cosa c'\u00e8 di pi\u00f9 logico?<\/span><\/p><p>\u00a0<\/p><p>\u00a0<\/p><p>Per la Beata Vergine, sebbene la sua sofferenza sia stata immensa anche il Venerd\u00ec Santo, \u00e8 continuata per tutto il sabato fino alla Risurrezione. Per tutto il giorno e la notte, la visione di ci\u00f2 che suo figlio aveva patito non l'ha mai abbandonata e la spada \u00e8 stata conficcata nel suo cuore durante quelle 24 ore, che potrebbero essere descritte come l'agonia della Beata Vergine.<\/p><p>\u00a0<\/p>\t\t\t\t\t\t\t\t<\/div>\n\t\t\t\t<\/div>\n\t\t\t\t\t<\/div>\n\t\t<\/div>\n\t\t\t\t<div class=\"elementor-column elementor-col-50 elementor-top-column elementor-element elementor-element-191f821\" data-id=\"191f821\" data-element_type=\"column\" data-e-type=\"column\">\n\t\t\t<div class=\"elementor-widget-wrap elementor-element-populated\">\n\t\t\t\t\t\t<div class=\"elementor-element elementor-element-02a4edf elementor-widget elementor-widget-image\" data-id=\"02a4edf\" data-element_type=\"widget\" data-e-type=\"widget\" data-widget_type=\"image.default\">\n\t\t\t\t<div class=\"elementor-widget-container\">\n\t\t\t\t\t\t\t\t\t\t\t\t\t\t\t<img fetchpriority=\"high\" decoding=\"async\" width=\"640\" height=\"511\" src=\"https:\/\/salve-corda.org\/wp-content\/uploads\/2021\/09\/image069-1.jpg\" class=\"attachment-large size-large wp-image-2540\" alt=\"\" srcset=\"https:\/\/salve-corda.org\/wp-content\/uploads\/2021\/09\/image069-1.jpg 662w, https:\/\/salve-corda.org\/wp-content\/uploads\/2021\/09\/image069-1-300x240.jpg 300w\" sizes=\"(max-width: 640px) 100vw, 640px\" \/>\t\t\t\t\t\t\t\t\t\t\t\t\t\t\t<\/div>\n\t\t\t\t<\/div>\n\t\t\t\t\t<\/div>\n\t\t<\/div>\n\t\t\t\t\t<\/div>\n\t\t<\/section>\n\t\t\t\t<section class=\"elementor-section elementor-top-section elementor-element elementor-element-f2f2296 elementor-section-boxed elementor-section-height-default elementor-section-height-default\" data-id=\"f2f2296\" data-element_type=\"section\" data-e-type=\"section\">\n\t\t\t\t\t\t<div class=\"elementor-container elementor-column-gap-default\">\n\t\t\t\t\t<div class=\"elementor-column elementor-col-100 elementor-top-column elementor-element elementor-element-cf09d99\" data-id=\"cf09d99\" data-element_type=\"column\" data-e-type=\"column\">\n\t\t\t<div class=\"elementor-widget-wrap elementor-element-populated\">\n\t\t\t\t\t\t<div class=\"elementor-element elementor-element-aa3b0f2 elementor-widget elementor-widget-text-editor\" data-id=\"aa3b0f2\" data-element_type=\"widget\" data-e-type=\"widget\" data-widget_type=\"text-editor.default\">\n\t\t\t\t<div class=\"elementor-widget-container\">\n\t\t\t\t\t\t\t\t\t<p>Fu anche in questo sabato che la dimostrazione della sua fede esplose nell'universo e che lei sola port\u00f2 avanti la Chiesa. Nonostante l'apparizione della fine di Cristo, quando il dubbio attanagliava tutti, compresi gli Apostoli, lei non dubit\u00f2 nemmeno per un secondo della futura risurrezione di suo figlio.  Il sabato \u00e8 quindi il suo giorno di gloria.<br \/><br \/>Se osserviamo attentamente tutte le richieste di Cristo e della Beata Vergine, possiamo notare che formano una vera e propria \"trilogia\" all'inizio di ogni mese: l'ora santa del gioved\u00ec sera, la comunione del venerd\u00ec e la comunione del sabato. Il significato \u00e8 evidente: Cristo e la Beata Vergine vogliono che i fedeli ricordino e meditino su quanto segue all'inizio di ogni mese\u00a0<b>questo<\/b><b>tre giorni di\u00a0<\/b><b>nostro<\/b>\u00a0<b>riscatto<\/b>\u00a0- Gioved\u00ec Santo, Venerd\u00ec e Sabato Santo - quando ci hanno amato cos\u00ec tanto e hanno sofferto cos\u00ec tanto per noi. Cosa c'\u00e8 di pi\u00f9 normale? Cosa c'\u00e8 di pi\u00f9 legittimo che chiederci qualche ora, una volta all'inizio del mese, per ringraziarli e associarci a loro?<\/p>\t\t\t\t\t\t\t\t<\/div>\n\t\t\t\t<\/div>\n\t\t\t\t\t<\/div>\n\t\t<\/div>\n\t\t\t\t\t<\/div>\n\t\t<\/section>\n\t\t\t\t<section class=\"elementor-section elementor-top-section elementor-element elementor-element-7d2ffb5 elementor-section-boxed elementor-section-height-default elementor-section-height-default\" data-id=\"7d2ffb5\" data-element_type=\"section\" data-e-type=\"section\">\n\t\t\t\t\t\t<div class=\"elementor-container elementor-column-gap-default\">\n\t\t\t\t\t<div class=\"elementor-column elementor-col-100 elementor-top-column elementor-element elementor-element-bd8b4b0\" data-id=\"bd8b4b0\" data-element_type=\"column\" data-e-type=\"column\">\n\t\t\t<div class=\"elementor-widget-wrap elementor-element-populated\">\n\t\t\t\t\t\t<div class=\"elementor-element elementor-element-31991be elementor-widget elementor-widget-text-editor\" data-id=\"31991be\" data-element_type=\"widget\" data-e-type=\"widget\" data-widget_type=\"text-editor.default\">\n\t\t\t\t<div class=\"elementor-widget-container\">\n\t\t\t\t\t\t\t\t\t<p>Il nostro Padre celeste ci ha chiesto il primo giorno della settimana, la domenica, per ringraziarlo della C<b>reazione<\/b>.<\/p>\n<p>Cristo e la Beata Vergine ci chiedono <b>tre<\/b> <b>giorni<\/b> <b>a <\/b><b>inizio<\/b><b> da<\/b><b> mese<\/b> per ringraziarli della R<b>edenzione<\/b>.<\/p>\t\t\t\t\t\t\t\t<\/div>\n\t\t\t\t<\/div>\n\t\t\t\t\t<\/div>\n\t\t<\/div>\n\t\t\t\t\t<\/div>\n\t\t<\/section>\n\t\t\t\t<\/div>","protected":false},"excerpt":{"rendered":"<p>Perch\u00e9 il primo venerd\u00ec e sabato di ogni mese? Potremmo chiederci perch\u00e9 Cristo sia venuto a chiederci di celebrare il suo Cuore il primo venerd\u00ec di ogni mese [...].<\/p>","protected":false},"author":1,"featured_media":0,"parent":0,"menu_order":0,"comment_status":"closed","ping_status":"closed","template":"elementor_header_footer","meta":{"footnotes":""},"class_list":["post-480","page","type-page","status-publish","hentry"],"_links":{"self":[{"href":"https:\/\/salve-corda.org\/it\/wp-json\/wp\/v2\/pages\/480","targetHints":{"allow":["GET"]}}],"collection":[{"href":"https:\/\/salve-corda.org\/it\/wp-json\/wp\/v2\/pages"}],"about":[{"href":"https:\/\/salve-corda.org\/it\/wp-json\/wp\/v2\/types\/page"}],"author":[{"embeddable":true,"href":"https:\/\/salve-corda.org\/it\/wp-json\/wp\/v2\/users\/1"}],"replies":[{"embeddable":true,"href":"https:\/\/salve-corda.org\/it\/wp-json\/wp\/v2\/comments?post=480"}],"version-history":[{"count":29,"href":"https:\/\/salve-corda.org\/it\/wp-json\/wp\/v2\/pages\/480\/revisions"}],"predecessor-version":[{"id":4626,"href":"https:\/\/salve-corda.org\/it\/wp-json\/wp\/v2\/pages\/480\/revisions\/4626"}],"wp:attachment":[{"href":"https:\/\/salve-corda.org\/it\/wp-json\/wp\/v2\/media?parent=480"}],"curies":[{"name":"wp","href":"https:\/\/api.w.org\/{rel}","templated":true}]}}

Cosa significano i primi venerdì e sabati del mese?

<div data-elementor-type="wp-page" data-elementor-id="480" class="elementor elementor-480">
						<section class="elementor-section elementor-top-section elementor-element elementor-element-76295b2 elementor-section-boxed elementor-section-height-default elementor-section-height-default" data-id="76295b2" data-element_type="section" data-e-type="section">
						<div class="elementor-container elementor-column-gap-default">
					<div class="elementor-column elementor-col-100 elementor-top-column elementor-element elementor-element-3b1dc33" data-id="3b1dc33" data-element_type="column" data-e-type="column">
			<div class="elementor-widget-wrap elementor-element-populated">
						<div class="elementor-element elementor-element-4290dc1 elementor-widget elementor-widget-spacer" data-id="4290dc1" data-element_type="widget" data-e-type="widget" data-widget_type="spacer.default">
				<div class="elementor-widget-container">
							<div class="elementor-spacer">
			<div class="elementor-spacer-inner"></div>
		</div>
						</div>
				</div>
					</div>
		</div>
					</div>
		</section>
				<section class="elementor-section elementor-top-section elementor-element elementor-element-f1f514c elementor-section-boxed elementor-section-height-default elementor-section-height-default" data-id="f1f514c" data-element_type="section" data-e-type="section">
						<div class="elementor-container elementor-column-gap-default">
					<div class="elementor-column elementor-col-100 elementor-top-column elementor-element elementor-element-dd88db6" data-id="dd88db6" data-element_type="column" data-e-type="column">
			<div class="elementor-widget-wrap elementor-element-populated">
						<div class="elementor-element elementor-element-205cd01 elementor-widget elementor-widget-heading" data-id="205cd01" data-element_type="widget" data-e-type="widget" data-widget_type="heading.default">
				<div class="elementor-widget-container">
					<h2 class="elementor-heading-title elementor-size-default">Perché il primo venerdì e sabato di ogni mese?
</h2>				</div>
				</div>
					</div>
		</div>
					</div>
		</section>
				<section class="elementor-section elementor-top-section elementor-element elementor-element-f40c6a5 elementor-section-boxed elementor-section-height-default elementor-section-height-default" data-id="f40c6a5" data-element_type="section" data-e-type="section">
						<div class="elementor-container elementor-column-gap-default">
					<div class="elementor-column elementor-col-100 elementor-top-column elementor-element elementor-element-0b15af7" data-id="0b15af7" data-element_type="column" data-e-type="column">
			<div class="elementor-widget-wrap elementor-element-populated">
						<div class="elementor-element elementor-element-e20f103 elementor-widget elementor-widget-text-editor" data-id="e20f103" data-element_type="widget" data-e-type="widget" data-widget_type="text-editor.default">
				<div class="elementor-widget-container">
									<p>Potremmo chiederci: ma perché Cristo è venuto a chiederci di celebrare il suo Cuore il primo venerdì del mese e la Beata Vergine è venuta a chiederci di celebrare il suo il primo sabato? Sebbene ci sia sempre un elemento di mistero dietro le richieste del Cielo per mantenere la nostra fede e condurci verso l'umiltà della semplice obbedienza, si possono dare alcune spiegazioni parziali.</p>								</div>
				</div>
					</div>
		</div>
					</div>
		</section>
				<section class="elementor-section elementor-top-section elementor-element elementor-element-ce97835 elementor-section-boxed elementor-section-height-default elementor-section-height-default" data-id="ce97835" data-element_type="section" data-e-type="section">
						<div class="elementor-container elementor-column-gap-default">
					<div class="elementor-column elementor-col-50 elementor-top-column elementor-element elementor-element-ddf1cf7" data-id="ddf1cf7" data-element_type="column" data-e-type="column">
			<div class="elementor-widget-wrap elementor-element-populated">
						<div class="elementor-element elementor-element-e0666c4 elementor-widget elementor-widget-text-editor" data-id="e0666c4" data-element_type="widget" data-e-type="widget" data-widget_type="text-editor.default">
				<div class="elementor-widget-container">
									<p><span style="color: var( --e-global-color-text ); font-family: var( --e-global-typography-text-font-family ), Sans-serif; font-size: var( --e-global-typography-text-font-size ); font-weight: var( --e-global-typography-text-font-weight );">Sappiamo che la nostra redenzione è stata ottenuta a prezzo delle sofferenze congiunte di Cristo e della Beata Vergine. Cristo ha sofferto ed è morto di venerdì. Il dono ultimo del suo amore è avvenuto quindi in quel giorno, il giorno che ha scelto per la devozione al suo Cuore. Cosa c'è di più logico?</span></p><p> </p><p> </p><p>Per la Beata Vergine, sebbene la sua sofferenza sia stata immensa anche il Venerdì Santo, è continuata per tutto il sabato fino alla Risurrezione. Per tutto il giorno e la notte, la visione di ciò che suo figlio aveva patito non l'ha mai abbandonata e la spada è stata conficcata nel suo cuore durante quelle 24 ore, che potrebbero essere descritte come l'agonia della Beata Vergine.</p><p> </p>								</div>
				</div>
					</div>
		</div>
				<div class="elementor-column elementor-col-50 elementor-top-column elementor-element elementor-element-191f821" data-id="191f821" data-element_type="column" data-e-type="column">
			<div class="elementor-widget-wrap elementor-element-populated">
						<div class="elementor-element elementor-element-02a4edf elementor-widget elementor-widget-image" data-id="02a4edf" data-element_type="widget" data-e-type="widget" data-widget_type="image.default">
				<div class="elementor-widget-container">
															<img fetchpriority="high" decoding="async" width="640" height="511" src="https://salve-corda.org/wp-content/uploads/2021/09/image069-1.jpg" class="attachment-large size-large wp-image-2540" alt="" srcset="https://salve-corda.org/wp-content/uploads/2021/09/image069-1.jpg 662w, https://salve-corda.org/wp-content/uploads/2021/09/image069-1-300x240.jpg 300w" sizes="(max-width: 640px) 100vw, 640px" />															</div>
				</div>
					</div>
		</div>
					</div>
		</section>
				<section class="elementor-section elementor-top-section elementor-element elementor-element-f2f2296 elementor-section-boxed elementor-section-height-default elementor-section-height-default" data-id="f2f2296" data-element_type="section" data-e-type="section">
						<div class="elementor-container elementor-column-gap-default">
					<div class="elementor-column elementor-col-100 elementor-top-column elementor-element elementor-element-cf09d99" data-id="cf09d99" data-element_type="column" data-e-type="column">
			<div class="elementor-widget-wrap elementor-element-populated">
						<div class="elementor-element elementor-element-aa3b0f2 elementor-widget elementor-widget-text-editor" data-id="aa3b0f2" data-element_type="widget" data-e-type="widget" data-widget_type="text-editor.default">
				<div class="elementor-widget-container">
									<p>Fu anche in questo sabato che la dimostrazione della sua fede esplose nell'universo e che lei sola portò avanti la Chiesa. Nonostante l'apparizione della fine di Cristo, quando il dubbio attanagliava tutti, compresi gli Apostoli, lei non dubitò nemmeno per un secondo della futura risurrezione di suo figlio.  Il sabato è quindi il suo giorno di gloria.<br /><br />Se osserviamo attentamente tutte le richieste di Cristo e della Beata Vergine, possiamo notare che formano una vera e propria "trilogia" all'inizio di ogni mese: l'ora santa del giovedì sera, la comunione del venerdì e la comunione del sabato. Il significato è evidente: Cristo e la Beata Vergine vogliono che i fedeli ricordino e meditino su quanto segue all'inizio di ogni mese <b>questo</b><b>tre giorni di </b><b>nostro</b> <b>riscatto</b> - Giovedì Santo, Venerdì e Sabato Santo - quando ci hanno amato così tanto e hanno sofferto così tanto per noi. Cosa c'è di più normale? Cosa c'è di più legittimo che chiederci qualche ora, una volta all'inizio del mese, per ringraziarli e associarci a loro?</p>								</div>
				</div>
					</div>
		</div>
					</div>
		</section>
				<section class="elementor-section elementor-top-section elementor-element elementor-element-7d2ffb5 elementor-section-boxed elementor-section-height-default elementor-section-height-default" data-id="7d2ffb5" data-element_type="section" data-e-type="section">
						<div class="elementor-container elementor-column-gap-default">
					<div class="elementor-column elementor-col-100 elementor-top-column elementor-element elementor-element-bd8b4b0" data-id="bd8b4b0" data-element_type="column" data-e-type="column">
			<div class="elementor-widget-wrap elementor-element-populated">
						<div class="elementor-element elementor-element-31991be elementor-widget elementor-widget-text-editor" data-id="31991be" data-element_type="widget" data-e-type="widget" data-widget_type="text-editor.default">
				<div class="elementor-widget-container">
									<p>Il nostro Padre celeste ci ha chiesto il primo giorno della settimana, la domenica, per ringraziarlo della C<b>reazione</b>.</p>
<p>Cristo e la Beata Vergine ci chiedono <b>tre</b> <b>giorni</b> <b>a </b><b>inizio</b><b> da</b><b> mese</b> per ringraziarli della R<b>edenzione</b>.</p>								</div>
				</div>
					</div>
		</div>
					</div>
		</section>
				</div>

<p>Perché il primo venerdì e sabato di ogni mese? Potremmo chiederci perché Cristo sia venuto a chiederci di celebrare il suo Cuore il primo venerdì di ogni mese [...].</p>
