{"id":500,"date":"2020-09-25T15:40:44","date_gmt":"2020-09-25T13:40:44","guid":{"rendered":"https:\/\/salve-corda.org\/?page_id=500"},"modified":"2021-12-01T23:05:30","modified_gmt":"2021-12-01T22:05:30","slug":"pourquoi-est-ce-la-plus-grande-oeuvre-de-charite","status":"publish","type":"page","link":"https:\/\/salve-corda.org\/it\/pourquoi-est-ce-la-plus-grande-oeuvre-de-charite\/","title":{"rendered":"Perch\u00e9 \u00e8 il pi\u00f9 grande ente di beneficenza?"},"content":{"rendered":"<div data-elementor-type=\"wp-page\" data-elementor-id=\"500\" class=\"elementor elementor-500\">\n\t\t\t\t\t\t<section class=\"elementor-section elementor-top-section elementor-element elementor-element-0e1fcab elementor-section-boxed elementor-section-height-default elementor-section-height-default\" data-id=\"0e1fcab\" data-element_type=\"section\" data-e-type=\"section\">\n\t\t\t\t\t\t<div class=\"elementor-container elementor-column-gap-default\">\n\t\t\t\t\t<div class=\"elementor-column elementor-col-100 elementor-top-column elementor-element elementor-element-a4a0a55\" data-id=\"a4a0a55\" data-element_type=\"column\" data-e-type=\"column\">\n\t\t\t<div class=\"elementor-widget-wrap elementor-element-populated\">\n\t\t\t\t\t\t<div class=\"elementor-element elementor-element-1b66156 elementor-widget elementor-widget-spacer\" data-id=\"1b66156\" data-element_type=\"widget\" data-e-type=\"widget\" data-widget_type=\"spacer.default\">\n\t\t\t\t<div class=\"elementor-widget-container\">\n\t\t\t\t\t\t\t<div class=\"elementor-spacer\">\n\t\t\t<div class=\"elementor-spacer-inner\"><\/div>\n\t\t<\/div>\n\t\t\t\t\t\t<\/div>\n\t\t\t\t<\/div>\n\t\t\t\t\t<\/div>\n\t\t<\/div>\n\t\t\t\t\t<\/div>\n\t\t<\/section>\n\t\t\t\t<section class=\"elementor-section elementor-top-section elementor-element elementor-element-9c125c4 elementor-section-boxed elementor-section-height-default elementor-section-height-default\" data-id=\"9c125c4\" data-element_type=\"section\" data-e-type=\"section\">\n\t\t\t\t\t\t<div class=\"elementor-container elementor-column-gap-default\">\n\t\t\t\t\t<div class=\"elementor-column elementor-col-100 elementor-top-column elementor-element elementor-element-0eeab31\" data-id=\"0eeab31\" data-element_type=\"column\" data-e-type=\"column\">\n\t\t\t<div class=\"elementor-widget-wrap elementor-element-populated\">\n\t\t\t\t\t\t<div class=\"elementor-element elementor-element-c1e3f0a elementor-widget elementor-widget-heading\" data-id=\"c1e3f0a\" data-element_type=\"widget\" data-e-type=\"widget\" data-widget_type=\"heading.default\">\n\t\t\t\t<div class=\"elementor-widget-container\">\n\t\t\t\t\t<h2 class=\"elementor-heading-title elementor-size-default\">Perch\u00e9 \u00e8 un grande ente di beneficenza?\n<\/h2>\t\t\t\t<\/div>\n\t\t\t\t<\/div>\n\t\t\t\t\t<\/div>\n\t\t<\/div>\n\t\t\t\t\t<\/div>\n\t\t<\/section>\n\t\t\t\t<section class=\"elementor-section elementor-top-section elementor-element elementor-element-37cc523 elementor-section-boxed elementor-section-height-default elementor-section-height-default\" data-id=\"37cc523\" data-element_type=\"section\" data-e-type=\"section\">\n\t\t\t\t\t\t<div class=\"elementor-container elementor-column-gap-default\">\n\t\t\t\t\t<div class=\"elementor-column elementor-col-50 elementor-top-column elementor-element elementor-element-470187f\" data-id=\"470187f\" data-element_type=\"column\" data-e-type=\"column\">\n\t\t\t<div class=\"elementor-widget-wrap elementor-element-populated\">\n\t\t\t\t\t\t<div class=\"elementor-element elementor-element-7e322f6 elementor-widget elementor-widget-image\" data-id=\"7e322f6\" data-element_type=\"widget\" data-e-type=\"widget\" data-widget_type=\"image.default\">\n\t\t\t\t<div class=\"elementor-widget-container\">\n\t\t\t\t\t\t\t\t\t\t\t\t\t\t\t<img fetchpriority=\"high\" decoding=\"async\" width=\"640\" height=\"491\" src=\"https:\/\/salve-corda.org\/wp-content\/uploads\/2021\/07\/charite\u0301.png\" class=\"attachment-large size-large wp-image-973\" alt=\"\" srcset=\"https:\/\/salve-corda.org\/wp-content\/uploads\/2021\/07\/charite\u0301.png 933w, https:\/\/salve-corda.org\/wp-content\/uploads\/2021\/07\/charite\u0301-300x230.png 300w, https:\/\/salve-corda.org\/wp-content\/uploads\/2021\/07\/charite\u0301-768x589.png 768w\" sizes=\"(max-width: 640px) 100vw, 640px\" \/>\t\t\t\t\t\t\t\t\t\t\t\t\t\t\t<\/div>\n\t\t\t\t<\/div>\n\t\t\t\t\t<\/div>\n\t\t<\/div>\n\t\t\t\t<div class=\"elementor-column elementor-col-50 elementor-top-column elementor-element elementor-element-5e84f85\" data-id=\"5e84f85\" data-element_type=\"column\" data-e-type=\"column\">\n\t\t\t<div class=\"elementor-widget-wrap elementor-element-populated\">\n\t\t\t\t\t\t<div class=\"elementor-element elementor-element-9410f71 elementor-widget elementor-widget-text-editor\" data-id=\"9410f71\" data-element_type=\"widget\" data-e-type=\"widget\" data-widget_type=\"text-editor.default\">\n\t\t\t\t<div class=\"elementor-widget-container\">\n\t\t\t\t\t\t\t\t\t<p>Sappiamo tutti che il secondo comandamento portato da Cristo nel Vangelo e da lui posto sullo stesso piano di importanza del primo \u00e8 il seguente: <b>\"Amerai il tuo prossimo come te stesso\". <\/b>In questi giorni tutti parlano di solidariet\u00e0, di aiuto agli altri, di ONG e cos\u00ec via. I media si occupano molto di questi temi.<\/p><p>\u00a0<\/p><p>Ma cosa significa veramente amare il prossimo? Amare il prossimo significa volergli fare del bene in tutte le sue forme, in una gerarchia di buon senso: dal bene pi\u00f9 importante per lui, al bene meno importante. Infatti, avrebbe senso alleviare una piccola ferita e lasciare un'emorragia che richiede urgentemente un punto di compressione? Certamente no.<\/p>\t\t\t\t\t\t\t\t<\/div>\n\t\t\t\t<\/div>\n\t\t\t\t\t<\/div>\n\t\t<\/div>\n\t\t\t\t\t<\/div>\n\t\t<\/section>\n\t\t\t\t<section class=\"elementor-section elementor-top-section elementor-element elementor-element-32e7cc2 elementor-section-boxed elementor-section-height-default elementor-section-height-default\" data-id=\"32e7cc2\" data-element_type=\"section\" data-e-type=\"section\">\n\t\t\t\t\t\t<div class=\"elementor-container elementor-column-gap-default\">\n\t\t\t\t\t<div class=\"elementor-column elementor-col-100 elementor-top-column elementor-element elementor-element-42a4c61\" data-id=\"42a4c61\" data-element_type=\"column\" data-e-type=\"column\">\n\t\t\t<div class=\"elementor-widget-wrap elementor-element-populated\">\n\t\t\t\t\t\t<div class=\"elementor-element elementor-element-f63a730 elementor-widget elementor-widget-text-editor\" data-id=\"f63a730\" data-element_type=\"widget\" data-e-type=\"widget\" data-widget_type=\"text-editor.default\">\n\t\t\t\t<div class=\"elementor-widget-container\">\n\t\t\t\t\t\t\t\t\t<p>L'uomo pu\u00f2 soffrire due tipi di male: uno materiale e temporaneo (povert\u00e0, malattia, sofferenza) e l'altro spirituale attraverso la perdita dell'anima e l'inferno eterno dopo la morte. Sebbene la carit\u00e0 in forma materiale sia importante, resta il fatto che il pi\u00f9 grande servizio da rendere a una persona \u00e8 quello di permetterle di andare in Paradiso ed evitare l'Inferno eterno, una punizione terribile anche rispetto alle peggiori prove sulla terra. \u00c8 <b>l'<\/b><b>lavoro<\/b><b> di carit\u00e0 assoluta <\/b>che riuscire a salvare una persona dall'inferno. Questo \u00e8 il senso degli ordini religiosi contemplativi che, pur non avendo un impatto materiale diretto sulle persone perch\u00e9 sono in clausura, salvano migliaia di persone dall'inferno grazie alla loro preghiera e al loro sacrificio.<\/p>\t\t\t\t\t\t\t\t<\/div>\n\t\t\t\t<\/div>\n\t\t\t\t\t<\/div>\n\t\t<\/div>\n\t\t\t\t\t<\/div>\n\t\t<\/section>\n\t\t\t\t<section class=\"elementor-section elementor-top-section elementor-element elementor-element-c77ea2e elementor-section-boxed elementor-section-height-default elementor-section-height-default\" data-id=\"c77ea2e\" data-element_type=\"section\" data-e-type=\"section\">\n\t\t\t\t\t\t<div class=\"elementor-container elementor-column-gap-default\">\n\t\t\t\t\t<div class=\"elementor-column elementor-col-50 elementor-top-column elementor-element elementor-element-f22d8f8\" data-id=\"f22d8f8\" data-element_type=\"column\" data-e-type=\"column\">\n\t\t\t<div class=\"elementor-widget-wrap elementor-element-populated\">\n\t\t\t\t\t\t<div class=\"elementor-element elementor-element-d6e4a45 elementor-widget elementor-widget-text-editor\" data-id=\"d6e4a45\" data-element_type=\"widget\" data-e-type=\"widget\" data-widget_type=\"text-editor.default\">\n\t\t\t\t<div class=\"elementor-widget-container\">\n\t\t\t\t\t\t\t\t\t<p>La devozione ai Cuori di Ges\u00f9 e di Maria va nella stessa direzione ed \u00e8 giustamente <b>per salvare le anime dall'inferno. <\/b>Questa \u00e8 una delle principali preoccupazioni della Madonna. \u00c8 venuta per questo, lo ha chiesto ad ogni apparizione e lo chiede a noi adesso. <b>per fare qualcosa al riguardo<\/b>. Ricordate come ha pianto a La Salette, dicendo <span style=\"color: #6288c6;\"><em>\"Gli uomini cadono all'inferno come foglie in autunno\".<\/em><\/span><\/p><p>\u00a0<\/p><p>A Fatima non ha mai smesso di spiegarci concretamente come agire per salvare migliaia di anime:<\/p><p>\u00a0<\/p><p>\u00a0<\/p><p><span style=\"color: #6288c6;\"><i>\"Avete visto l'inferno dove vanno le anime dei poveri peccatori. <\/i><b><i>Per salvarli, Dio vuole stabilire la devozione al mio Cuore Immacolato in tutto il mondo.<\/i><\/b><i>. Se facciamo quello che vi dir\u00f2, molte anime saranno salvate e avremo la pace\".<\/i><\/span><\/p><p style=\"text-align: right;\">La Vergine Maria, Pontevedra 10 dicembre 1925<\/p><p>\u00a0<\/p><p><span style=\"color: #6288c6;\"><i>\u00a0<\/i><\/span><\/p><p><span style=\"color: #6288c6;\"><i>\"Sacrificatevi per i peccatori che vanno all'inferno e non hanno nessuno che preghi per loro\".<\/i><\/span><\/p><p style=\"text-align: right;\">La Vergine Maria, Pontevedra 10 dicembre 1925<\/p>\t\t\t\t\t\t\t\t<\/div>\n\t\t\t\t<\/div>\n\t\t\t\t\t<\/div>\n\t\t<\/div>\n\t\t\t\t<div class=\"elementor-column elementor-col-50 elementor-top-column elementor-element elementor-element-091ff07\" data-id=\"091ff07\" data-element_type=\"column\" data-e-type=\"column\">\n\t\t\t<div class=\"elementor-widget-wrap elementor-element-populated\">\n\t\t\t\t\t\t<div class=\"elementor-element elementor-element-7ecf746 elementor-widget elementor-widget-image\" data-id=\"7ecf746\" data-element_type=\"widget\" data-e-type=\"widget\" data-widget_type=\"image.default\">\n\t\t\t\t<div class=\"elementor-widget-container\">\n\t\t\t\t\t\t\t\t\t\t\t\t\t\t\t<img decoding=\"async\" width=\"640\" height=\"856\" src=\"https:\/\/salve-corda.org\/wp-content\/uploads\/2021\/07\/enfer-766x1024.png\" class=\"attachment-large size-large wp-image-974\" alt=\"\" srcset=\"https:\/\/salve-corda.org\/wp-content\/uploads\/2021\/07\/enfer-766x1024.png 766w, https:\/\/salve-corda.org\/wp-content\/uploads\/2021\/07\/enfer-224x300.png 224w, https:\/\/salve-corda.org\/wp-content\/uploads\/2021\/07\/enfer-768x1027.png 768w, https:\/\/salve-corda.org\/wp-content\/uploads\/2021\/07\/enfer.png 797w\" sizes=\"(max-width: 640px) 100vw, 640px\" \/>\t\t\t\t\t\t\t\t\t\t\t\t\t\t\t<\/div>\n\t\t\t\t<\/div>\n\t\t\t\t\t<\/div>\n\t\t<\/div>\n\t\t\t\t\t<\/div>\n\t\t<\/section>\n\t\t\t\t<section class=\"elementor-section elementor-top-section elementor-element elementor-element-6cd6fec elementor-section-boxed elementor-section-height-default elementor-section-height-default\" data-id=\"6cd6fec\" data-element_type=\"section\" data-e-type=\"section\">\n\t\t\t\t\t\t<div class=\"elementor-container elementor-column-gap-default\">\n\t\t\t\t\t<div class=\"elementor-column elementor-col-100 elementor-top-column elementor-element elementor-element-3683809\" data-id=\"3683809\" data-element_type=\"column\" data-e-type=\"column\">\n\t\t\t<div class=\"elementor-widget-wrap elementor-element-populated\">\n\t\t\t\t\t\t<div class=\"elementor-element elementor-element-1cf8f08 elementor-widget elementor-widget-text-editor\" data-id=\"1cf8f08\" data-element_type=\"widget\" data-e-type=\"widget\" data-widget_type=\"text-editor.default\">\n\t\t\t\t<div class=\"elementor-widget-container\">\n\t\t\t\t\t\t\t\t\t<p>Quindi, per tutti coloro che vogliono fare qualcosa per gli altri, eccoli qui <b>il mezzo pi\u00f9 potente dato dalla Divina Misericordia<\/b>. La carit\u00e0 non \u00e8 solo dare una piccola moneta a un povero o scrivere un assegno a un ente di beneficenza. Significa amare un povero come un fratello e un figlio di Dio e quindi, oltre al necessario aiuto materiale, volere soprattutto aiutarlo ad andare in Paradiso perch\u00e9 possa avere la felicit\u00e0 eterna e non solo un sollievo temporaneo. Ricordiamo ci\u00f2 che Cristo dice nel Vangelo:<\/p><p><br><\/p>\n<p><\/p>\n<p><span style=\"color: #6288c6;\"><i>\"A cosa serve a un uomo vincere il mondo se poi perde la sua anima?<\/i><\/span><\/p><p><span style=\"color: #6288c6;\"><i><br><\/i><\/span><\/p>\n<p><\/p>\n<p>Potremmo parafrasare: a cosa serve aiutare un uomo per qualche giorno se allo stesso tempo gli facciamo perdere la sua Anima. La carit\u00e0 materiale \u00e8 intrinsecamente legata alla carit\u00e0 spirituale, soprattutto in un momento in cui tante persone non hanno pi\u00f9 fede. Francia: terra di missione!<\/p>\n<p><\/p>\n<p>Il Cuore Immacolato di Maria \u00e8 il mezzo deciso da Dio per salvare le anime nel modo pi\u00f9 potente e rapido. Sta a noi agire.<\/p>\t\t\t\t\t\t\t\t<\/div>\n\t\t\t\t<\/div>\n\t\t\t\t\t<\/div>\n\t\t<\/div>\n\t\t\t\t\t<\/div>\n\t\t<\/section>\n\t\t\t\t<\/div>","protected":false},"excerpt":{"rendered":"<p>Perch\u00e9 questa \u00e8 una grande opera di carit\u00e0? Sappiamo tutti che il secondo comandamento portato da Cristo nel Vangelo e da lui posto sullo stesso piano di importanza del primo comandamento [...].<\/p>","protected":false},"author":1,"featured_media":0,"parent":0,"menu_order":0,"comment_status":"closed","ping_status":"closed","template":"elementor_header_footer","meta":{"footnotes":""},"class_list":["post-500","page","type-page","status-publish","hentry"],"_links":{"self":[{"href":"https:\/\/salve-corda.org\/it\/wp-json\/wp\/v2\/pages\/500","targetHints":{"allow":["GET"]}}],"collection":[{"href":"https:\/\/salve-corda.org\/it\/wp-json\/wp\/v2\/pages"}],"about":[{"href":"https:\/\/salve-corda.org\/it\/wp-json\/wp\/v2\/types\/page"}],"author":[{"embeddable":true,"href":"https:\/\/salve-corda.org\/it\/wp-json\/wp\/v2\/users\/1"}],"replies":[{"embeddable":true,"href":"https:\/\/salve-corda.org\/it\/wp-json\/wp\/v2\/comments?post=500"}],"version-history":[{"count":33,"href":"https:\/\/salve-corda.org\/it\/wp-json\/wp\/v2\/pages\/500\/revisions"}],"predecessor-version":[{"id":4642,"href":"https:\/\/salve-corda.org\/it\/wp-json\/wp\/v2\/pages\/500\/revisions\/4642"}],"wp:attachment":[{"href":"https:\/\/salve-corda.org\/it\/wp-json\/wp\/v2\/media?parent=500"}],"curies":[{"name":"wp","href":"https:\/\/api.w.org\/{rel}","templated":true}]}}

Perché è il più grande ente di beneficenza?

<div data-elementor-type="wp-page" data-elementor-id="500" class="elementor elementor-500">
						<section class="elementor-section elementor-top-section elementor-element elementor-element-0e1fcab elementor-section-boxed elementor-section-height-default elementor-section-height-default" data-id="0e1fcab" data-element_type="section" data-e-type="section">
						<div class="elementor-container elementor-column-gap-default">
					<div class="elementor-column elementor-col-100 elementor-top-column elementor-element elementor-element-a4a0a55" data-id="a4a0a55" data-element_type="column" data-e-type="column">
			<div class="elementor-widget-wrap elementor-element-populated">
						<div class="elementor-element elementor-element-1b66156 elementor-widget elementor-widget-spacer" data-id="1b66156" data-element_type="widget" data-e-type="widget" data-widget_type="spacer.default">
				<div class="elementor-widget-container">
							<div class="elementor-spacer">
			<div class="elementor-spacer-inner"></div>
		</div>
						</div>
				</div>
					</div>
		</div>
					</div>
		</section>
				<section class="elementor-section elementor-top-section elementor-element elementor-element-9c125c4 elementor-section-boxed elementor-section-height-default elementor-section-height-default" data-id="9c125c4" data-element_type="section" data-e-type="section">
						<div class="elementor-container elementor-column-gap-default">
					<div class="elementor-column elementor-col-100 elementor-top-column elementor-element elementor-element-0eeab31" data-id="0eeab31" data-element_type="column" data-e-type="column">
			<div class="elementor-widget-wrap elementor-element-populated">
						<div class="elementor-element elementor-element-c1e3f0a elementor-widget elementor-widget-heading" data-id="c1e3f0a" data-element_type="widget" data-e-type="widget" data-widget_type="heading.default">
				<div class="elementor-widget-container">
					<h2 class="elementor-heading-title elementor-size-default">Perché è un grande ente di beneficenza?
</h2>				</div>
				</div>
					</div>
		</div>
					</div>
		</section>
				<section class="elementor-section elementor-top-section elementor-element elementor-element-37cc523 elementor-section-boxed elementor-section-height-default elementor-section-height-default" data-id="37cc523" data-element_type="section" data-e-type="section">
						<div class="elementor-container elementor-column-gap-default">
					<div class="elementor-column elementor-col-50 elementor-top-column elementor-element elementor-element-470187f" data-id="470187f" data-element_type="column" data-e-type="column">
			<div class="elementor-widget-wrap elementor-element-populated">
						<div class="elementor-element elementor-element-7e322f6 elementor-widget elementor-widget-image" data-id="7e322f6" data-element_type="widget" data-e-type="widget" data-widget_type="image.default">
				<div class="elementor-widget-container">
															<img fetchpriority="high" decoding="async" width="640" height="491" src="https://salve-corda.org/wp-content/uploads/2021/07/charité.png" class="attachment-large size-large wp-image-973" alt="" srcset="https://salve-corda.org/wp-content/uploads/2021/07/charité.png 933w, https://salve-corda.org/wp-content/uploads/2021/07/charité-300x230.png 300w, https://salve-corda.org/wp-content/uploads/2021/07/charité-768x589.png 768w" sizes="(max-width: 640px) 100vw, 640px" />															</div>
				</div>
					</div>
		</div>
				<div class="elementor-column elementor-col-50 elementor-top-column elementor-element elementor-element-5e84f85" data-id="5e84f85" data-element_type="column" data-e-type="column">
			<div class="elementor-widget-wrap elementor-element-populated">
						<div class="elementor-element elementor-element-9410f71 elementor-widget elementor-widget-text-editor" data-id="9410f71" data-element_type="widget" data-e-type="widget" data-widget_type="text-editor.default">
				<div class="elementor-widget-container">
									<p>Sappiamo tutti che il secondo comandamento portato da Cristo nel Vangelo e da lui posto sullo stesso piano di importanza del primo è il seguente: <b>"Amerai il tuo prossimo come te stesso". </b>In questi giorni tutti parlano di solidarietà, di aiuto agli altri, di ONG e così via. I media si occupano molto di questi temi.</p><p> </p><p>Ma cosa significa veramente amare il prossimo? Amare il prossimo significa volergli fare del bene in tutte le sue forme, in una gerarchia di buon senso: dal bene più importante per lui, al bene meno importante. Infatti, avrebbe senso alleviare una piccola ferita e lasciare un'emorragia che richiede urgentemente un punto di compressione? Certamente no.</p>								</div>
				</div>
					</div>
		</div>
					</div>
		</section>
				<section class="elementor-section elementor-top-section elementor-element elementor-element-32e7cc2 elementor-section-boxed elementor-section-height-default elementor-section-height-default" data-id="32e7cc2" data-element_type="section" data-e-type="section">
						<div class="elementor-container elementor-column-gap-default">
					<div class="elementor-column elementor-col-100 elementor-top-column elementor-element elementor-element-42a4c61" data-id="42a4c61" data-element_type="column" data-e-type="column">
			<div class="elementor-widget-wrap elementor-element-populated">
						<div class="elementor-element elementor-element-f63a730 elementor-widget elementor-widget-text-editor" data-id="f63a730" data-element_type="widget" data-e-type="widget" data-widget_type="text-editor.default">
				<div class="elementor-widget-container">
									<p>L'uomo può soffrire due tipi di male: uno materiale e temporaneo (povertà, malattia, sofferenza) e l'altro spirituale attraverso la perdita dell'anima e l'inferno eterno dopo la morte. Sebbene la carità in forma materiale sia importante, resta il fatto che il più grande servizio da rendere a una persona è quello di permetterle di andare in Paradiso ed evitare l'Inferno eterno, una punizione terribile anche rispetto alle peggiori prove sulla terra. È <b>l'</b><b>lavoro</b><b> di carità assoluta </b>che riuscire a salvare una persona dall'inferno. Questo è il senso degli ordini religiosi contemplativi che, pur non avendo un impatto materiale diretto sulle persone perché sono in clausura, salvano migliaia di persone dall'inferno grazie alla loro preghiera e al loro sacrificio.</p>								</div>
				</div>
					</div>
		</div>
					</div>
		</section>
				<section class="elementor-section elementor-top-section elementor-element elementor-element-c77ea2e elementor-section-boxed elementor-section-height-default elementor-section-height-default" data-id="c77ea2e" data-element_type="section" data-e-type="section">
						<div class="elementor-container elementor-column-gap-default">
					<div class="elementor-column elementor-col-50 elementor-top-column elementor-element elementor-element-f22d8f8" data-id="f22d8f8" data-element_type="column" data-e-type="column">
			<div class="elementor-widget-wrap elementor-element-populated">
						<div class="elementor-element elementor-element-d6e4a45 elementor-widget elementor-widget-text-editor" data-id="d6e4a45" data-element_type="widget" data-e-type="widget" data-widget_type="text-editor.default">
				<div class="elementor-widget-container">
									<p>La devozione ai Cuori di Gesù e di Maria va nella stessa direzione ed è giustamente <b>per salvare le anime dall'inferno. </b>Questa è una delle principali preoccupazioni della Madonna. È venuta per questo, lo ha chiesto ad ogni apparizione e lo chiede a noi adesso. <b>per fare qualcosa al riguardo</b>. Ricordate come ha pianto a La Salette, dicendo <span style="color: #6288c6;"><em>"Gli uomini cadono all'inferno come foglie in autunno".</em></span></p><p> </p><p>A Fatima non ha mai smesso di spiegarci concretamente come agire per salvare migliaia di anime:</p><p> </p><p> </p><p><span style="color: #6288c6;"><i>"Avete visto l'inferno dove vanno le anime dei poveri peccatori. </i><b><i>Per salvarli, Dio vuole stabilire la devozione al mio Cuore Immacolato in tutto il mondo.</i></b><i>. Se facciamo quello che vi dirò, molte anime saranno salvate e avremo la pace".</i></span></p><p style="text-align: right;">La Vergine Maria, Pontevedra 10 dicembre 1925</p><p> </p><p><span style="color: #6288c6;"><i> </i></span></p><p><span style="color: #6288c6;"><i>"Sacrificatevi per i peccatori che vanno all'inferno e non hanno nessuno che preghi per loro".</i></span></p><p style="text-align: right;">La Vergine Maria, Pontevedra 10 dicembre 1925</p>								</div>
				</div>
					</div>
		</div>
				<div class="elementor-column elementor-col-50 elementor-top-column elementor-element elementor-element-091ff07" data-id="091ff07" data-element_type="column" data-e-type="column">
			<div class="elementor-widget-wrap elementor-element-populated">
						<div class="elementor-element elementor-element-7ecf746 elementor-widget elementor-widget-image" data-id="7ecf746" data-element_type="widget" data-e-type="widget" data-widget_type="image.default">
				<div class="elementor-widget-container">
															<img decoding="async" width="640" height="856" src="https://salve-corda.org/wp-content/uploads/2021/07/enfer-766x1024.png" class="attachment-large size-large wp-image-974" alt="" srcset="https://salve-corda.org/wp-content/uploads/2021/07/enfer-766x1024.png 766w, https://salve-corda.org/wp-content/uploads/2021/07/enfer-224x300.png 224w, https://salve-corda.org/wp-content/uploads/2021/07/enfer-768x1027.png 768w, https://salve-corda.org/wp-content/uploads/2021/07/enfer.png 797w" sizes="(max-width: 640px) 100vw, 640px" />															</div>
				</div>
					</div>
		</div>
					</div>
		</section>
				<section class="elementor-section elementor-top-section elementor-element elementor-element-6cd6fec elementor-section-boxed elementor-section-height-default elementor-section-height-default" data-id="6cd6fec" data-element_type="section" data-e-type="section">
						<div class="elementor-container elementor-column-gap-default">
					<div class="elementor-column elementor-col-100 elementor-top-column elementor-element elementor-element-3683809" data-id="3683809" data-element_type="column" data-e-type="column">
			<div class="elementor-widget-wrap elementor-element-populated">
						<div class="elementor-element elementor-element-1cf8f08 elementor-widget elementor-widget-text-editor" data-id="1cf8f08" data-element_type="widget" data-e-type="widget" data-widget_type="text-editor.default">
				<div class="elementor-widget-container">
									<p>Quindi, per tutti coloro che vogliono fare qualcosa per gli altri, eccoli qui <b>il mezzo più potente dato dalla Divina Misericordia</b>. La carità non è solo dare una piccola moneta a un povero o scrivere un assegno a un ente di beneficenza. Significa amare un povero come un fratello e un figlio di Dio e quindi, oltre al necessario aiuto materiale, volere soprattutto aiutarlo ad andare in Paradiso perché possa avere la felicità eterna e non solo un sollievo temporaneo. Ricordiamo ciò che Cristo dice nel Vangelo:</p><p><br></p>
<p></p>
<p><span style="color: #6288c6;"><i>"A cosa serve a un uomo vincere il mondo se poi perde la sua anima?</i></span></p><p><span style="color: #6288c6;"><i><br></i></span></p>
<p></p>
<p>Potremmo parafrasare: a cosa serve aiutare un uomo per qualche giorno se allo stesso tempo gli facciamo perdere la sua Anima. La carità materiale è intrinsecamente legata alla carità spirituale, soprattutto in un momento in cui tante persone non hanno più fede. Francia: terra di missione!</p>
<p></p>
<p>Il Cuore Immacolato di Maria è il mezzo deciso da Dio per salvare le anime nel modo più potente e rapido. Sta a noi agire.</p>								</div>
				</div>
					</div>
		</div>
					</div>
		</section>
				</div>

<p>Perché questa è una grande opera di carità? Sappiamo tutti che il secondo comandamento portato da Cristo nel Vangelo e da lui posto sullo stesso piano di importanza del primo comandamento [...].</p>
