{"id":8845,"date":"2024-03-26T10:34:07","date_gmt":"2024-03-26T09:34:07","guid":{"rendered":"https:\/\/salve-corda.org\/?page_id=8845"},"modified":"2024-04-28T15:01:01","modified_gmt":"2024-04-28T13:01:01","slug":"mention-legales","status":"publish","type":"page","link":"https:\/\/salve-corda.org\/it\/mention-legales\/","title":{"rendered":"Avviso legale"},"content":{"rendered":"<div data-elementor-type=\"wp-page\" data-elementor-id=\"8845\" class=\"elementor elementor-8845\">\n\t\t\t\t\t\t<section class=\"elementor-section elementor-top-section elementor-element elementor-element-b856bc0 elementor-section-boxed elementor-section-height-default elementor-section-height-default\" data-id=\"b856bc0\" data-element_type=\"section\" data-e-type=\"section\">\n\t\t\t\t\t\t<div class=\"elementor-container elementor-column-gap-default\">\n\t\t\t\t\t<div class=\"elementor-column elementor-col-100 elementor-top-column elementor-element elementor-element-f8ef477\" data-id=\"f8ef477\" data-element_type=\"column\" data-e-type=\"column\">\n\t\t\t<div class=\"elementor-widget-wrap elementor-element-populated\">\n\t\t\t\t\t\t<div class=\"elementor-element elementor-element-0eba749 elementor-widget elementor-widget-spacer\" data-id=\"0eba749\" data-element_type=\"widget\" data-e-type=\"widget\" data-widget_type=\"spacer.default\">\n\t\t\t\t<div class=\"elementor-widget-container\">\n\t\t\t\t\t\t\t<div class=\"elementor-spacer\">\n\t\t\t<div class=\"elementor-spacer-inner\"><\/div>\n\t\t<\/div>\n\t\t\t\t\t\t<\/div>\n\t\t\t\t<\/div>\n\t\t\t\t\t<\/div>\n\t\t<\/div>\n\t\t\t\t\t<\/div>\n\t\t<\/section>\n\t\t\t\t<section class=\"elementor-section elementor-top-section elementor-element elementor-element-d808c5b elementor-section-boxed elementor-section-height-default elementor-section-height-default\" data-id=\"d808c5b\" data-element_type=\"section\" data-e-type=\"section\">\n\t\t\t\t\t\t<div class=\"elementor-container elementor-column-gap-default\">\n\t\t\t\t\t<div class=\"elementor-column elementor-col-100 elementor-top-column elementor-element elementor-element-e8b4ce5\" data-id=\"e8b4ce5\" data-element_type=\"column\" data-e-type=\"column\">\n\t\t\t<div class=\"elementor-widget-wrap elementor-element-populated\">\n\t\t\t\t\t\t<div class=\"elementor-element elementor-element-448478e elementor-widget elementor-widget-heading\" data-id=\"448478e\" data-element_type=\"widget\" data-e-type=\"widget\" data-widget_type=\"heading.default\">\n\t\t\t\t<div class=\"elementor-widget-container\">\n\t\t\t\t\t<h2 class=\"elementor-heading-title elementor-size-default\">DICHIARAZIONE SULLA PROTEZIONE DEI DATI<\/h2>\t\t\t\t<\/div>\n\t\t\t\t<\/div>\n\t\t\t\t\t<\/div>\n\t\t<\/div>\n\t\t\t\t\t<\/div>\n\t\t<\/section>\n\t\t\t\t<section class=\"elementor-section elementor-top-section elementor-element elementor-element-a3eb121 elementor-section-boxed elementor-section-height-default elementor-section-height-default\" data-id=\"a3eb121\" data-element_type=\"section\" data-e-type=\"section\" data-settings=\"{&quot;background_background&quot;:&quot;classic&quot;}\">\n\t\t\t\t\t\t<div class=\"elementor-container elementor-column-gap-default\">\n\t\t\t\t\t<div class=\"elementor-column elementor-col-100 elementor-top-column elementor-element elementor-element-ca6451b\" data-id=\"ca6451b\" data-element_type=\"column\" data-e-type=\"column\">\n\t\t\t<div class=\"elementor-widget-wrap elementor-element-populated\">\n\t\t\t\t\t\t<div class=\"elementor-element elementor-element-aa49358 elementor-widget elementor-widget-text-editor\" data-id=\"aa49358\" data-element_type=\"widget\" data-e-type=\"widget\" data-widget_type=\"text-editor.default\">\n\t\t\t\t<div class=\"elementor-widget-container\">\n\t\t\t\t\t\t\t\t\t<h3>&nbsp;<\/h3>\n<p>L'Alleanza Salve Corda attribuisce grande importanza alla privacy e alla protezione dei dati. Raccoglie e utilizza i vostri dati personali in conformit\u00e0 con il contenuto delle presenti disposizioni sulla protezione dei dati e con le normative vigenti in materia di protezione dei dati, in particolare la legge sulla protezione dei dati (DPA) e il RGPD europeo.<\/p><p><br><\/p>\n<p><\/p>\n<p>&nbsp; &nbsp; 1. <span style=\"font-weight: bold;\">Objet de l&#8217;Alliance<\/span><\/p>\n<p>L\u2019Alliance Salve corda est une \u0153uvre cultuelle catholique. Son site salve-corda.org est un service d&#8217;information en ligne cultuel \u00e9dit\u00e9 \u00e0 titre non professionnel.<\/p>\n<p><br><\/p>\n<p><\/p>\n<ol start=\"2\">\n<li><strong>Descrizione e ambito del trattamento dei dati<\/strong><\/li>\n<\/ol>\n<p><em>Raccolta dei dati<\/em><\/p>\n<p>Il sito non raccoglie dati personali diversi da una semplice e-mail. In particolare, il sito non raccoglie nomi, indirizzi postali, numeri di telefono, date di nascita, ecc. Quando una persona o un'organizzazione contatta l'Alleanza via e-mail, i dati scambiati successivamente nelle discussioni sono di natura strettamente privata e non vengono elaborati in alcun modo. Queste discussioni sono soggette a un impegno reciproco di totale riservatezza da entrambe le parti.<\/p><p><br><\/p>\n<p><em>Utilizzo del sito<\/em><\/p>\n<p>Il sito non raccoglie alcuna informazione sull'utilizzo del sito da parte dell'utente. Inoltre, \u00e8 stato escluso l'utilizzo di plug-in di social network e di strumenti di analisi web come Google Analytics, che richiedono la raccolta di informazioni personali.<\/p><p><br><\/p>\n<p><\/p>\n<ol start=\"3\">\n<li><strong>Principi di trattamento dei dati<\/strong><\/li>\n<\/ol>\n<p>Vos emails ne sont ni vendus ni communiqu\u00e9s \u00e0 des tiers en dehors de nos deux sous-traitants wordpress (logiciel d&#8217;\u00e9dition de site) et Brevo (logiciel d&#8217;envoi de mails) et dans le cadre exclusif de leurs services.<\/p>\n<p>L'Alleanza non \"tratta\" i vostri dati. I vostri dati, le vostre e-mail, saranno utilizzati solo per i seguenti scopi:<\/p>\n<ul>\n<li>Inviare automaticamente una meditazione ogni mese<\/li>\n<li>Fornire informazioni su eventi speciali su base ad hoc.<\/li>\n<li>Rispondere ai vostri messaggi e discutere in privato dei nostri affari<\/li>\n<\/ul>\n<p>Le e-mail saranno conservate per un periodo di 5 anni, a meno che una persona non chieda di essere rimossa dalla lista prima di allora. Per farlo, \u00e8 sufficiente scrivere all'Alleanza per chiedere di essere rimossi dalla lista utilizzando il seguente indirizzo e-mail: contact (at) salve-corda.org<\/p><p><br><\/p>\n<p><\/p>\n<ol start=\"4\">\n<li><strong>Biscotti<\/strong><\/li>\n<\/ol>\n<p>Il sito non utilizza alcun cookie. Tuttavia, utilizza i servizi dei subappaltatori sopra elencati. Queste aziende possono utilizzare principalmente cookie tecnici sotto la loro esclusiva responsabilit\u00e0. Se si desidera bloccare questi cookie, \u00e8 possibile configurare il proprio browser in modo che non accetti i cookie.<\/p><p><br><\/p>\n<p><\/p>\n<ol start=\"5\">\n<li><strong>Sicurezza dei dati<\/strong><\/li>\n<\/ol>\n<p>Le e-mail che ci inviate sono memorizzate su server situati in Svizzera. Utilizziamo il sistema di crittografia SSL (Secure Socket Layer) per criptare i nostri scambi.<\/p><p><br><\/p>\n<p><\/p>\n<ol start=\"6\">\n<li><strong>Hosting<\/strong><\/li>\n<\/ol>\n<p>Il sito web di salve-corda \u00e8 ospitato da Kreativmedia Gmbh , Hoschgasse 45, CH-8008 Zurigo, Tel : 0800 550 660<\/p><p><br><\/p>\n<p><\/p>\n<ol start=\"7\">\n<li><strong>Modifiche alla presente informativa sulla protezione dei dati<\/strong><\/li>\n<\/ol>\n<p>Ci riserviamo il diritto di modificare la presente informativa sulla privacy in qualsiasi momento con effetto futuro. Una versione aggiornata \u00e8 disponibile sul sito web. Vi invitiamo a consultare regolarmente il sito web e a informarvi sull'attuale politica di protezione dei dati.<\/p><p><br><\/p>\n<p><\/p>\n<ol start=\"8\">\n<li><strong>I vostri diritti<\/strong><\/li>\n<\/ol>\n<p>Avete il diritto di richiedere informazioni sui vostri dati personali. In particolare, potete richiedere informazioni sui dati personali stessi, su come vengono utilizzati, su quanto tempo vengono conservati e sulla loro provenienza. L'utente ha inoltre il diritto di revocare in qualsiasi momento il consenso eventualmente prestato all'utilizzo dei propri dati personali. Potete far valere i vostri diritti presso di noi in qualsiasi momento. Per contattarci in merito alla protezione dei vostri dati, vi preghiamo di contattare il responsabile della protezione dei dati presso l'Alleanza: dpo (at) salve-corda.org<\/p>\n<p><em>Dichiarazione dei dati - 01\/01\/2024<\/em><\/p>\n<p style=\"text-align: right;\">\n<\/p>\t\t\t\t\t\t\t\t<\/div>\n\t\t\t\t<\/div>\n\t\t\t\t\t<\/div>\n\t\t<\/div>\n\t\t\t\t\t<\/div>\n\t\t<\/section>\n\t\t\t\t<\/div>","protected":false},"excerpt":{"rendered":"<p>DICHIARAZIONE SULLA PROTEZIONE DEI DATI La Salve Corda Alliance si impegna a rispettare la privacy e la protezione dei dati. Raccoglie e utilizza i vostri dati personali in conformit\u00e0 alla [...]<\/p>","protected":false},"author":1,"featured_media":0,"parent":0,"menu_order":0,"comment_status":"closed","ping_status":"closed","template":"elementor_header_footer","meta":{"footnotes":""},"class_list":["post-8845","page","type-page","status-publish","hentry"],"_links":{"self":[{"href":"https:\/\/salve-corda.org\/it\/wp-json\/wp\/v2\/pages\/8845","targetHints":{"allow":["GET"]}}],"collection":[{"href":"https:\/\/salve-corda.org\/it\/wp-json\/wp\/v2\/pages"}],"about":[{"href":"https:\/\/salve-corda.org\/it\/wp-json\/wp\/v2\/types\/page"}],"author":[{"embeddable":true,"href":"https:\/\/salve-corda.org\/it\/wp-json\/wp\/v2\/users\/1"}],"replies":[{"embeddable":true,"href":"https:\/\/salve-corda.org\/it\/wp-json\/wp\/v2\/comments?post=8845"}],"version-history":[{"count":25,"href":"https:\/\/salve-corda.org\/it\/wp-json\/wp\/v2\/pages\/8845\/revisions"}],"predecessor-version":[{"id":12136,"href":"https:\/\/salve-corda.org\/it\/wp-json\/wp\/v2\/pages\/8845\/revisions\/12136"}],"wp:attachment":[{"href":"https:\/\/salve-corda.org\/it\/wp-json\/wp\/v2\/media?parent=8845"}],"curies":[{"name":"wp","href":"https:\/\/api.w.org\/{rel}","templated":true}]}}

<div data-elementor-type="wp-page" data-elementor-id="8845" class="elementor elementor-8845">
						<section class="elementor-section elementor-top-section elementor-element elementor-element-b856bc0 elementor-section-boxed elementor-section-height-default elementor-section-height-default" data-id="b856bc0" data-element_type="section" data-e-type="section">
						<div class="elementor-container elementor-column-gap-default">
					<div class="elementor-column elementor-col-100 elementor-top-column elementor-element elementor-element-f8ef477" data-id="f8ef477" data-element_type="column" data-e-type="column">
			<div class="elementor-widget-wrap elementor-element-populated">
						<div class="elementor-element elementor-element-0eba749 elementor-widget elementor-widget-spacer" data-id="0eba749" data-element_type="widget" data-e-type="widget" data-widget_type="spacer.default">
				<div class="elementor-widget-container">
							<div class="elementor-spacer">
			<div class="elementor-spacer-inner"></div>
		</div>
						</div>
				</div>
					</div>
		</div>
					</div>
		</section>
				<section class="elementor-section elementor-top-section elementor-element elementor-element-d808c5b elementor-section-boxed elementor-section-height-default elementor-section-height-default" data-id="d808c5b" data-element_type="section" data-e-type="section">
						<div class="elementor-container elementor-column-gap-default">
					<div class="elementor-column elementor-col-100 elementor-top-column elementor-element elementor-element-e8b4ce5" data-id="e8b4ce5" data-element_type="column" data-e-type="column">
			<div class="elementor-widget-wrap elementor-element-populated">
						<div class="elementor-element elementor-element-448478e elementor-widget elementor-widget-heading" data-id="448478e" data-element_type="widget" data-e-type="widget" data-widget_type="heading.default">
				<div class="elementor-widget-container">
					<h2 class="elementor-heading-title elementor-size-default">DICHIARAZIONE SULLA PROTEZIONE DEI DATI</h2>				</div>
				</div>
					</div>
		</div>
					</div>
		</section>
				<section class="elementor-section elementor-top-section elementor-element elementor-element-a3eb121 elementor-section-boxed elementor-section-height-default elementor-section-height-default" data-id="a3eb121" data-element_type="section" data-e-type="section" data-settings="{&quot;background_background&quot;:&quot;classic&quot;}">
						<div class="elementor-container elementor-column-gap-default">
					<div class="elementor-column elementor-col-100 elementor-top-column elementor-element elementor-element-ca6451b" data-id="ca6451b" data-element_type="column" data-e-type="column">
			<div class="elementor-widget-wrap elementor-element-populated">
						<div class="elementor-element elementor-element-aa49358 elementor-widget elementor-widget-text-editor" data-id="aa49358" data-element_type="widget" data-e-type="widget" data-widget_type="text-editor.default">
				<div class="elementor-widget-container">
									<h3>&nbsp;</h3>
<p>L'Alleanza Salve Corda attribuisce grande importanza alla privacy e alla protezione dei dati. Raccoglie e utilizza i vostri dati personali in conformità con il contenuto delle presenti disposizioni sulla protezione dei dati e con le normative vigenti in materia di protezione dei dati, in particolare la legge sulla protezione dei dati (DPA) e il RGPD europeo.</p><p><br></p>
<p></p>
<p>&nbsp; &nbsp; 1. <span style="font-weight: bold;">Objet de l&#8217;Alliance</span></p>
<p>L’Alliance Salve corda est une œuvre cultuelle catholique. Son site salve-corda.org est un service d&#8217;information en ligne cultuel édité à titre non professionnel.</p>
<p><br></p>
<p></p>
<ol start="2">
<li><strong>Descrizione e ambito del trattamento dei dati</strong></li>
</ol>
<p><em>Raccolta dei dati</em></p>
<p>Il sito non raccoglie dati personali diversi da una semplice e-mail. In particolare, il sito non raccoglie nomi, indirizzi postali, numeri di telefono, date di nascita, ecc. Quando una persona o un'organizzazione contatta l'Alleanza via e-mail, i dati scambiati successivamente nelle discussioni sono di natura strettamente privata e non vengono elaborati in alcun modo. Queste discussioni sono soggette a un impegno reciproco di totale riservatezza da entrambe le parti.</p><p><br></p>
<p><em>Utilizzo del sito</em></p>
<p>Il sito non raccoglie alcuna informazione sull'utilizzo del sito da parte dell'utente. Inoltre, è stato escluso l'utilizzo di plug-in di social network e di strumenti di analisi web come Google Analytics, che richiedono la raccolta di informazioni personali.</p><p><br></p>
<p></p>
<ol start="3">
<li><strong>Principi di trattamento dei dati</strong></li>
</ol>
<p>Vos emails ne sont ni vendus ni communiqués à des tiers en dehors de nos deux sous-traitants wordpress (logiciel d&#8217;édition de site) et Brevo (logiciel d&#8217;envoi de mails) et dans le cadre exclusif de leurs services.</p>
<p>L'Alleanza non "tratta" i vostri dati. I vostri dati, le vostre e-mail, saranno utilizzati solo per i seguenti scopi:</p>
<ul>
<li>Inviare automaticamente una meditazione ogni mese</li>
<li>Fornire informazioni su eventi speciali su base ad hoc.</li>
<li>Rispondere ai vostri messaggi e discutere in privato dei nostri affari</li>
</ul>
<p>Le e-mail saranno conservate per un periodo di 5 anni, a meno che una persona non chieda di essere rimossa dalla lista prima di allora. Per farlo, è sufficiente scrivere all'Alleanza per chiedere di essere rimossi dalla lista utilizzando il seguente indirizzo e-mail: contact (at) salve-corda.org</p><p><br></p>
<p></p>
<ol start="4">
<li><strong>Biscotti</strong></li>
</ol>
<p>Il sito non utilizza alcun cookie. Tuttavia, utilizza i servizi dei subappaltatori sopra elencati. Queste aziende possono utilizzare principalmente cookie tecnici sotto la loro esclusiva responsabilità. Se si desidera bloccare questi cookie, è possibile configurare il proprio browser in modo che non accetti i cookie.</p><p><br></p>
<p></p>
<ol start="5">
<li><strong>Sicurezza dei dati</strong></li>
</ol>
<p>Le e-mail che ci inviate sono memorizzate su server situati in Svizzera. Utilizziamo il sistema di crittografia SSL (Secure Socket Layer) per criptare i nostri scambi.</p><p><br></p>
<p></p>
<ol start="6">
<li><strong>Hosting</strong></li>
</ol>
<p>Il sito web di salve-corda è ospitato da Kreativmedia Gmbh , Hoschgasse 45, CH-8008 Zurigo, Tel : 0800 550 660</p><p><br></p>
<p></p>
<ol start="7">
<li><strong>Modifiche alla presente informativa sulla protezione dei dati</strong></li>
</ol>
<p>Ci riserviamo il diritto di modificare la presente informativa sulla privacy in qualsiasi momento con effetto futuro. Una versione aggiornata è disponibile sul sito web. Vi invitiamo a consultare regolarmente il sito web e a informarvi sull'attuale politica di protezione dei dati.</p><p><br></p>
<p></p>
<ol start="8">
<li><strong>I vostri diritti</strong></li>
</ol>
<p>Avete il diritto di richiedere informazioni sui vostri dati personali. In particolare, potete richiedere informazioni sui dati personali stessi, su come vengono utilizzati, su quanto tempo vengono conservati e sulla loro provenienza. L'utente ha inoltre il diritto di revocare in qualsiasi momento il consenso eventualmente prestato all'utilizzo dei propri dati personali. Potete far valere i vostri diritti presso di noi in qualsiasi momento. Per contattarci in merito alla protezione dei vostri dati, vi preghiamo di contattare il responsabile della protezione dei dati presso l'Alleanza: dpo (at) salve-corda.org</p>
<p><em>Dichiarazione dei dati - 01/01/2024</em></p>
<p style="text-align: right;">
</p>								</div>
				</div>
					</div>
		</div>
					</div>
		</section>
				</div>

<p>DICHIARAZIONE SULLA PROTEZIONE DEI DATI La Salve Corda Alliance si impegna a rispettare la privacy e la protezione dei dati. Raccoglie e utilizza i vostri dati personali in conformità alla [...]</p>
