{"id":2076,"date":"2021-09-14T16:01:49","date_gmt":"2021-09-14T14:01:49","guid":{"rendered":"https:\/\/salve-corda.org\/?post_type=prieres&#038;p=2076"},"modified":"2021-09-23T23:30:56","modified_gmt":"2021-09-23T21:30:56","slug":"prieres-fatima","status":"publish","type":"prieres","link":"https:\/\/salve-corda.org\/it\/prieres\/prieres-fatima\/","title":{"rendered":"Pregare durante il giorno"},"content":{"rendered":"<p class=\"wp-block-paragraph\"><\/p>\n\n\n\n<p class=\"has-medium-font-size wp-block-paragraph\"><strong><u>Offerta mattutina ai Cuori di Ges\u00f9 e Maria<\/u><\/strong><\/p>\n\n\n\n<p class=\"has-medium-font-size wp-block-paragraph\"><span style=\"color:#0c54d0\" class=\"has-inline-color\">\"Cuore divino di Ges\u00f9, ti offro, per mezzo del Cuore Immacolato di Maria, le preghiere, le opere e le sofferenze di questo giorno, in riparazione delle nostre offese e per tutte le intenzioni per le quali ti immoli continuamente sull'Altare. Le offro in particolare per il nostro santo padre il Papa, per la venuta del Papa che consacrer\u00e0 la Russia, per la Francia e per la Chiesa, per i sacerdoti buoni e santi, per la conversione dei peccatori e delle anime del Purgatorio.<\/span><\/p>\n\n\n\n<p class=\"has-medium-font-size wp-block-paragraph\"><em>Nota: abbiamo aggiunto la richiesta dell'avvento del Papa che consacrer\u00e0 la Russia. Questa richiesta \u00e8 fondamentale per ottenere la conversione del mondo e deve essere fatta a Dio regolarmente.<\/em><\/p>\n\n\n\n<p class=\"wp-block-paragraph\"><\/p>\n\n\n\n<p class=\"wp-block-paragraph\"><\/p>\n\n\n\n<p class=\"has-medium-font-size wp-block-paragraph\"><strong><u>Preghiera per offrire le difficolt\u00e0 del suo dovere di Stato<\/u><\/strong><br><meta charset=\"utf-8\"><em>Preghiera data da Nostra Signora stessa a Fatima il 13 luglio 1917\u00a0<\/em><\/p>\n\n\n\n<p class=\"has-medium-font-size wp-block-paragraph\"><span style=\"color:#0c54d0\" class=\"has-inline-color\">\u00ab&nbsp;J\u00e9sus, c&#8217;est par amour pour Vous, pour la conversion des p\u00e9cheurs et en r\u00e9paration des p\u00e9ch\u00e9s commis contre le C\u0153ur Immacul\u00e9 de Marie \u00bb.<\/span><\/p>\n\n\n\n<p class=\"has-medium-font-size wp-block-paragraph\"><\/p>\n\n\n\n<p class=\"wp-block-paragraph\"><\/p>\n\n\n\n<p class=\"has-medium-font-size wp-block-paragraph\"><strong><u>Offerta quando ci si trova di fronte al male o ai peccatori durante il giorno<\/u><\/strong><br><meta charset=\"utf-8\"><em>Preghiera pronunciata dall'angelo a Fatima nella primavera del 1916<\/em><\/p>\n\n\n\n<p class=\"has-medium-font-size wp-block-paragraph\"><span style=\"color:#0c54d0\" class=\"has-inline-color\">\u00ab&nbsp;Mon Dieu, je crois, j&#8217;adore, j&#8217;esp\u00e8re et je Vous aime&nbsp;! Je Vous demande pardon pour ceux qui ne croient pas, qui n&#8217;adorent pas, qui n&#8217;esp\u00e8rent pas, qui ne Vous aiment pas&nbsp;!&nbsp;\u00bb<\/span><\/p>\n\n\n\n<p class=\"wp-block-paragraph\"><\/p>\n\n\n\n<p class=\"has-medium-font-size wp-block-paragraph\"><strong><u>Offerta per la comunione<\/u><\/strong><br><meta charset=\"utf-8\"><em>Preghiera pronunciata dall'angelo a Fatima nella primavera del 1916<\/em><\/p>\n\n\n\n<p class=\"has-medium-font-size wp-block-paragraph\"><span style=\"color:#0c54d0\" class=\"has-inline-color\">\"Santissima Trinit\u00e0, Padre, Figlio e Spirito Santo, Ti adoro profondamente e Ti offro il preziosissimo Corpo, Sangue, Anima e Divinit\u00e0 di Ges\u00f9 Cristo, presente in tutti i Tabernacoli della terra, in riparazione degli oltraggi, dei sacrilegi e dell'indifferenza da cui Egli stesso \u00e8 offeso. Per i meriti infiniti del Suo Sacratissimo Cuore e del Cuore Immacolato di Maria, Ti chiedo la conversione dei poveri. <\/span><em><span style=\"color:#0c54d0\" class=\"has-inline-color\">peccatori \"<\/span><\/em><\/p>","protected":false},"featured_media":2078,"template":"","class_list":["post-2076","prieres","type-prieres","status-publish","has-post-thumbnail","hentry"],"_links":{"self":[{"href":"https:\/\/salve-corda.org\/it\/wp-json\/wp\/v2\/prieres\/2076","targetHints":{"allow":["GET"]}}],"collection":[{"href":"https:\/\/salve-corda.org\/it\/wp-json\/wp\/v2\/prieres"}],"about":[{"href":"https:\/\/salve-corda.org\/it\/wp-json\/wp\/v2\/types\/prieres"}],"version-history":[{"count":1,"href":"https:\/\/salve-corda.org\/it\/wp-json\/wp\/v2\/prieres\/2076\/revisions"}],"predecessor-version":[{"id":6812,"href":"https:\/\/salve-corda.org\/it\/wp-json\/wp\/v2\/prieres\/2076\/revisions\/6812"}],"wp:featuredmedia":[{"embeddable":true,"href":"https:\/\/salve-corda.org\/it\/wp-json\/wp\/v2\/media\/2078"}],"wp:attachment":[{"href":"https:\/\/salve-corda.org\/it\/wp-json\/wp\/v2\/media?parent=2076"}],"curies":[{"name":"wp","href":"https:\/\/api.w.org\/{rel}","templated":true}]}}

<p class="wp-block-paragraph"></p>



<p class="has-medium-font-size wp-block-paragraph"><strong><u>Offerta mattutina ai Cuori di Gesù e Maria</u></strong></p>



<p class="has-medium-font-size wp-block-paragraph"><span style="color:#0c54d0" class="has-inline-color">"Cuore divino di Gesù, ti offro, per mezzo del Cuore Immacolato di Maria, le preghiere, le opere e le sofferenze di questo giorno, in riparazione delle nostre offese e per tutte le intenzioni per le quali ti immoli continuamente sull'Altare. Le offro in particolare per il nostro santo padre il Papa, per la venuta del Papa che consacrerà la Russia, per la Francia e per la Chiesa, per i sacerdoti buoni e santi, per la conversione dei peccatori e delle anime del Purgatorio.</span></p>



<p class="has-medium-font-size wp-block-paragraph"><em>Nota: abbiamo aggiunto la richiesta dell'avvento del Papa che consacrerà la Russia. Questa richiesta è fondamentale per ottenere la conversione del mondo e deve essere fatta a Dio regolarmente.</em></p>



<p class="wp-block-paragraph"></p>



<p class="wp-block-paragraph"></p>



<p class="has-medium-font-size wp-block-paragraph"><strong><u>Preghiera per offrire le difficoltà del suo dovere di Stato</u></strong><br><meta charset="utf-8"><em>Preghiera data da Nostra Signora stessa a Fatima il 13 luglio 1917 </em></p>



<p class="has-medium-font-size wp-block-paragraph"><span style="color:#0c54d0" class="has-inline-color">«&nbsp;Jésus, c&#8217;est par amour pour Vous, pour la conversion des pécheurs et en réparation des péchés commis contre le Cœur Immaculé de Marie ».</span></p>



<p class="has-medium-font-size wp-block-paragraph"></p>



<p class="wp-block-paragraph"></p>



<p class="has-medium-font-size wp-block-paragraph"><strong><u>Offerta quando ci si trova di fronte al male o ai peccatori durante il giorno</u></strong><br><meta charset="utf-8"><em>Preghiera pronunciata dall'angelo a Fatima nella primavera del 1916</em></p>



<p class="has-medium-font-size wp-block-paragraph"><span style="color:#0c54d0" class="has-inline-color">«&nbsp;Mon Dieu, je crois, j&#8217;adore, j&#8217;espère et je Vous aime&nbsp;! Je Vous demande pardon pour ceux qui ne croient pas, qui n&#8217;adorent pas, qui n&#8217;espèrent pas, qui ne Vous aiment pas&nbsp;!&nbsp;»</span></p>



<p class="wp-block-paragraph"></p>



<p class="has-medium-font-size wp-block-paragraph"><strong><u>Offerta per la comunione</u></strong><br><meta charset="utf-8"><em>Preghiera pronunciata dall'angelo a Fatima nella primavera del 1916</em></p>



<p class="has-medium-font-size wp-block-paragraph"><span style="color:#0c54d0" class="has-inline-color">"Santissima Trinità, Padre, Figlio e Spirito Santo, Ti adoro profondamente e Ti offro il preziosissimo Corpo, Sangue, Anima e Divinità di Gesù Cristo, presente in tutti i Tabernacoli della terra, in riparazione degli oltraggi, dei sacrilegi e dell'indifferenza da cui Egli stesso è offeso. Per i meriti infiniti del Suo Sacratissimo Cuore e del Cuore Immacolato di Maria, Ti chiedo la conversione dei poveri. </span><em><span style="color:#0c54d0" class="has-inline-color">peccatori "</span></em></p>
