{"id":2054,"date":"2021-09-14T14:08:26","date_gmt":"2021-09-14T12:08:26","guid":{"rendered":"https:\/\/salve-corda.org\/?post_type=documentation&#038;p=2054"},"modified":"2024-03-05T17:22:21","modified_gmt":"2024-03-05T16:22:21","slug":"doc-1","status":"publish","type":"documentation","link":"https:\/\/salve-corda.org\/pt\/documentation\/doc-1\/","title":{"rendered":"Log\u00f3tipo Salve Corda"},"content":{"rendered":"<p class=\"wp-block-paragraph\"><\/p>\n\n\n\n<p class=\"has-medium-font-size wp-block-paragraph\"><mark style=\"background-color:rgba(0, 0, 0, 0)\" class=\"has-inline-color has-luminous-vivid-amber-color\">As cores<\/mark><\/p>\n\n\n\n<p class=\"has-medium-font-size wp-block-paragraph\">O log\u00f3tipo tem as cores da Igreja Cat\u00f3lica, \u00e0 frente da qual reinam os Cora\u00e7\u00f5es de Cristo e da Sant\u00edssima Virgem. Estas cores simbolizam a fidelidade de Salve Corda \u00e0 doutrina e ao magist\u00e9rio de dois mil anos da Igreja.<\/p>\n\n\n\n<p class=\"has-medium-font-size wp-block-paragraph\"><mark style=\"background-color:rgba(0, 0, 0, 0)\" class=\"has-inline-color has-luminous-vivid-amber-color\">A Cruz<\/mark><\/p>\n\n\n\n<p class=\"has-medium-font-size wp-block-paragraph\">\u00c9 o s\u00edmbolo por excel\u00eancia dos Cora\u00e7\u00f5es de Jesus e de Maria. Foi aqui que sofreram tanto juntos e onde os seus Cora\u00e7\u00f5es foram trespassados para nos redimir. <\/p>\n\n\n\n<p class=\"has-medium-font-size wp-block-paragraph\"><mark style=\"background-color:rgba(0, 0, 0, 0)\" class=\"has-inline-color has-luminous-vivid-amber-color\">Os cora\u00e7\u00f5es de Jesus e de Maria<\/mark><\/p>\n\n\n\n<p class=\"has-medium-font-size wp-block-paragraph\">Plac\u00e9s au centre de la croix ils sont le centre de l&#8217;Eglise. Ils sont rassembl\u00e9s en raison du caract\u00e8re ins\u00e9parable des deux d\u00e9votions au Sacr\u00e9-C\u0153ur et au C\u0153ur Immacul\u00e9 de Marie. Ils sont plac\u00e9s en respectant le m\u00eame ordre que sur la m\u00e9daille miraculeuse.<\/p>\n\n\n\n<p class=\"has-medium-font-size wp-block-paragraph\"><\/p>\n\n\n\n<div class=\"wp-block-buttons is-layout-flex wp-block-buttons-is-layout-flex\">\n<div class=\"wp-block-button\"><a class=\"wp-block-button__link\" href=\"https:\/\/salve-corda.org\/wp-content\/uploads\/2023\/09\/logo-SC.png\">Ver e descarregar em jpg<\/a><\/div>\n<\/div>","protected":false},"featured_media":6092,"template":"","class_list":["post-2054","documentation","type-documentation","status-publish","has-post-thumbnail","hentry"],"_links":{"self":[{"href":"https:\/\/salve-corda.org\/pt\/wp-json\/wp\/v2\/documentation\/2054","targetHints":{"allow":["GET"]}}],"collection":[{"href":"https:\/\/salve-corda.org\/pt\/wp-json\/wp\/v2\/documentation"}],"about":[{"href":"https:\/\/salve-corda.org\/pt\/wp-json\/wp\/v2\/types\/documentation"}],"version-history":[{"count":1,"href":"https:\/\/salve-corda.org\/pt\/wp-json\/wp\/v2\/documentation\/2054\/revisions"}],"predecessor-version":[{"id":6651,"href":"https:\/\/salve-corda.org\/pt\/wp-json\/wp\/v2\/documentation\/2054\/revisions\/6651"}],"wp:featuredmedia":[{"embeddable":true,"href":"https:\/\/salve-corda.org\/pt\/wp-json\/wp\/v2\/media\/6092"}],"wp:attachment":[{"href":"https:\/\/salve-corda.org\/pt\/wp-json\/wp\/v2\/media?parent=2054"}],"curies":[{"name":"wp","href":"https:\/\/api.w.org\/{rel}","templated":true}]}}

Logótipo Salve Corda

<p class="wp-block-paragraph"></p>



<p class="has-medium-font-size wp-block-paragraph"><mark style="background-color:rgba(0, 0, 0, 0)" class="has-inline-color has-luminous-vivid-amber-color">As cores</mark></p>



<p class="has-medium-font-size wp-block-paragraph">O logótipo tem as cores da Igreja Católica, à frente da qual reinam os Corações de Cristo e da Santíssima Virgem. Estas cores simbolizam a fidelidade de Salve Corda à doutrina e ao magistério de dois mil anos da Igreja.</p>



<p class="has-medium-font-size wp-block-paragraph"><mark style="background-color:rgba(0, 0, 0, 0)" class="has-inline-color has-luminous-vivid-amber-color">A Cruz</mark></p>



<p class="has-medium-font-size wp-block-paragraph">É o símbolo por excelência dos Corações de Jesus e de Maria. Foi aqui que sofreram tanto juntos e onde os seus Corações foram trespassados para nos redimir. </p>



<p class="has-medium-font-size wp-block-paragraph"><mark style="background-color:rgba(0, 0, 0, 0)" class="has-inline-color has-luminous-vivid-amber-color">Os corações de Jesus e de Maria</mark></p>



<p class="has-medium-font-size wp-block-paragraph">Placés au centre de la croix ils sont le centre de l&#8217;Eglise. Ils sont rassemblés en raison du caractère inséparable des deux dévotions au Sacré-Cœur et au Cœur Immaculé de Marie. Ils sont placés en respectant le même ordre que sur la médaille miraculeuse.</p>



<p class="has-medium-font-size wp-block-paragraph"></p>



<div class="wp-block-buttons is-layout-flex wp-block-buttons-is-layout-flex">
<div class="wp-block-button"><a class="wp-block-button__link" href="https://salve-corda.org/wp-content/uploads/2023/09/logo-SC.png">Ver e descarregar em jpg</a></div>
</div>
