{"id":2702,"date":"2021-09-17T10:21:36","date_gmt":"2021-09-17T08:21:36","guid":{"rendered":"https:\/\/salve-corda.org\/?post_type=documentation&#038;p=2702"},"modified":"2022-03-06T23:55:38","modified_gmt":"2022-03-06T22:55:38","slug":"carte-de-visite-a-distribuer","status":"publish","type":"documentation","link":"https:\/\/salve-corda.org\/pt\/documentation\/carte-de-visite-a-distribuer\/","title":{"rendered":"Cart\u00f5es de visita para distribui\u00e7\u00e3o"},"content":{"rendered":"<p class=\"has-medium-font-size wp-block-paragraph\">On peut avoir sur soi tout le temps des cartes de visite Salve Corda. C&#8217;est un outil tr\u00e8s simple \u00e0 avoir sur soi. Lorsque vous les croisez des personnes \u00e0 la messe particuli\u00e8rement pieuses, des personnes dans la rue qui expriment leurs inqui\u00e9tudes face la crise, d&#8217;autres qui cherchent des solutions, bref des personnes que la providence met sur votre chemin donnez-leur avec une tr\u00e8s br\u00e8ve explication la carte de visite. Vous pouvez mettre sur ces cartes votre mail personnel qui permettra ensuite d&#8217;engager la conversation si la personne accroche avec le site.<\/p>\n\n\n\n<div class=\"wp-block-buttons is-layout-flex wp-block-buttons-is-layout-flex\">\n<div class=\"wp-block-button\"><a class=\"wp-block-button__link\" href=\"https:\/\/salve-corda.org\/wp-content\/uploads\/2021\/09\/carte-visite.pdf\" target=\"_blank\" rel=\"noreferrer noopener\">Ver e descarregar o pdf<\/a><\/div>\n<\/div>\n\n\n\n<p class=\"wp-block-paragraph\"><\/p>","protected":false},"featured_media":4784,"template":"","class_list":["post-2702","documentation","type-documentation","status-publish","has-post-thumbnail","hentry"],"_links":{"self":[{"href":"https:\/\/salve-corda.org\/pt\/wp-json\/wp\/v2\/documentation\/2702","targetHints":{"allow":["GET"]}}],"collection":[{"href":"https:\/\/salve-corda.org\/pt\/wp-json\/wp\/v2\/documentation"}],"about":[{"href":"https:\/\/salve-corda.org\/pt\/wp-json\/wp\/v2\/types\/documentation"}],"version-history":[{"count":0,"href":"https:\/\/salve-corda.org\/pt\/wp-json\/wp\/v2\/documentation\/2702\/revisions"}],"wp:featuredmedia":[{"embeddable":true,"href":"https:\/\/salve-corda.org\/pt\/wp-json\/wp\/v2\/media\/4784"}],"wp:attachment":[{"href":"https:\/\/salve-corda.org\/pt\/wp-json\/wp\/v2\/media?parent=2702"}],"curies":[{"name":"wp","href":"https:\/\/api.w.org\/{rel}","templated":true}]}}

Cartões de visita para distribuição

<p class="has-medium-font-size wp-block-paragraph">On peut avoir sur soi tout le temps des cartes de visite Salve Corda. C&#8217;est un outil très simple à avoir sur soi. Lorsque vous les croisez des personnes à la messe particulièrement pieuses, des personnes dans la rue qui expriment leurs inquiétudes face la crise, d&#8217;autres qui cherchent des solutions, bref des personnes que la providence met sur votre chemin donnez-leur avec une très brève explication la carte de visite. Vous pouvez mettre sur ces cartes votre mail personnel qui permettra ensuite d&#8217;engager la conversation si la personne accroche avec le site.</p>



<div class="wp-block-buttons is-layout-flex wp-block-buttons-is-layout-flex">
<div class="wp-block-button"><a class="wp-block-button__link" href="https://salve-corda.org/wp-content/uploads/2021/09/carte-visite.pdf" target="_blank" rel="noreferrer noopener">Ver e descarregar o pdf</a></div>
</div>



<p class="wp-block-paragraph"></p>
