{"id":2045,"date":"2021-09-14T13:34:56","date_gmt":"2021-09-14T11:34:56","guid":{"rendered":"https:\/\/salve-corda.org\/?post_type=lettres&#038;p=2045"},"modified":"2021-12-17T19:19:11","modified_gmt":"2021-12-17T18:19:11","slug":"lettre-2","status":"publish","type":"meditations","link":"https:\/\/salve-corda.org\/pt\/meditations\/lettre-2\/","title":{"rendered":"Carta de apoio de Monsenhor Schneider"},"content":{"rendered":"<p class=\"has-medium-font-size wp-block-paragraph\">Caros fi\u00e9is da Salve Corda,<\/p>\n\n\n\n<p class=\"wp-block-paragraph\" style=\"font-size:18px\">\u00c9 com profunda alegria que venho dar o meu apoio espiritual \u00e0 grande Alian\u00e7a em torno dos Cora\u00e7\u00f5es de Jesus e de Maria que lan\u00e7astes. No contexto de uma crise mundial sem precedentes, o vosso objetivo de responder de forma concreta ao seu apelo \u00e9 totalmente atual.<\/p>\n\n\n\n<p class=\"wp-block-paragraph\" style=\"font-size:18px\">Esta devo\u00e7\u00e3o aos Cora\u00e7\u00f5es de Jesus e de Maria est\u00e1 a desenvolver-se muito hoje em dia, e \u00e9 absolutamente essencial. Infelizmente, os pedidos precisos de Cristo e da Sant\u00edssima Virgem, que s\u00e3o insepar\u00e1veis desta devo\u00e7\u00e3o, s\u00e3o demasiadas vezes esquecidos. O grande m\u00e9rito da Salve Corda \u00e9 precisamente o de nos recordar a sua import\u00e2ncia vital e basear a sua a\u00e7\u00e3o na sua realiza\u00e7\u00e3o.<\/p>\n\n\n\n<p class=\"wp-block-paragraph\" style=\"font-size:18px\">H\u00e1 tamb\u00e9m uma falta de unidade entre os fi\u00e9is de hoje. A abordagem Salve Corda responde a esta necessidade, sendo uma \"Alian\u00e7a\" e n\u00e3o um novo movimento acrescentado a tantos outros. Sim, perante a adversidade do nosso mundo moderno, devemos unir-nos \u00e0 volta da bandeira dos Cora\u00e7\u00f5es de Jesus e de Maria e p\u00f4r em pr\u00e1tica as suas exig\u00eancias nas nossas vidas.<\/p>\n\n\n\n<p class=\"wp-block-paragraph\" style=\"font-size:18px\">Recordemos as belas palavras de esperan\u00e7a de Santa Jacinta: \"Nunca \u00e9 tarde para recorrer aos Cora\u00e7\u00f5es de Jesus e de Maria\".<\/p>\n\n\n\n<p class=\"wp-block-paragraph\" style=\"font-size:18px\">Da Catedral de Nossa Senhora de F\u00e1tima, no Cazaquist\u00e3o, aben\u00e7oo a Alian\u00e7a Salve Corda e convido os fi\u00e9is a aderirem a ela. Que a vossa abordagem permane\u00e7a fundada na humildade, no esp\u00edrito de obedi\u00eancia e na f\u00e9 na vit\u00f3ria final da Sant\u00edssima Virgem.<\/p>\n\n\n\n<p class=\"wp-block-paragraph\" style=\"font-size:18px\">Em Can\u00e1, Maria disse aos criados: \"Fazei tudo o que ele vos disser\". Os criados obedeceram e o milagre realizou-se.<\/p>\n\n\n\n<p class=\"wp-block-paragraph\" style=\"font-size:18px\">Hoje \u00e9 a mesma coisa: fa\u00e7amos o que Nossa Senhora nos pediu em F\u00e1tima e Deus conceder\u00e1 aos homens as gra\u00e7as da convers\u00e3o e da paz de que o mundo tanto precisa.<\/p>\n\n\n\n<p class=\"wp-block-paragraph\" style=\"font-size:18px\"><strong>+ Athanasius Schneider, Bispo Auxiliar da Arquidiocese de Santa Maria em Astana<\/strong><\/p>","protected":false},"featured_media":4645,"template":"","class_list":["post-2045","meditations","type-meditations","status-publish","has-post-thumbnail","hentry"],"_links":{"self":[{"href":"https:\/\/salve-corda.org\/pt\/wp-json\/wp\/v2\/meditations\/2045","targetHints":{"allow":["GET"]}}],"collection":[{"href":"https:\/\/salve-corda.org\/pt\/wp-json\/wp\/v2\/meditations"}],"about":[{"href":"https:\/\/salve-corda.org\/pt\/wp-json\/wp\/v2\/types\/meditations"}],"version-history":[{"count":0,"href":"https:\/\/salve-corda.org\/pt\/wp-json\/wp\/v2\/meditations\/2045\/revisions"}],"wp:featuredmedia":[{"embeddable":true,"href":"https:\/\/salve-corda.org\/pt\/wp-json\/wp\/v2\/media\/4645"}],"wp:attachment":[{"href":"https:\/\/salve-corda.org\/pt\/wp-json\/wp\/v2\/media?parent=2045"}],"curies":[{"name":"wp","href":"https:\/\/api.w.org\/{rel}","templated":true}]}}

<p class="has-medium-font-size wp-block-paragraph">Caros fiéis da Salve Corda,</p>



<p class="wp-block-paragraph" style="font-size:18px">É com profunda alegria que venho dar o meu apoio espiritual à grande Aliança em torno dos Corações de Jesus e de Maria que lançastes. No contexto de uma crise mundial sem precedentes, o vosso objetivo de responder de forma concreta ao seu apelo é totalmente atual.</p>



<p class="wp-block-paragraph" style="font-size:18px">Esta devoção aos Corações de Jesus e de Maria está a desenvolver-se muito hoje em dia, e é absolutamente essencial. Infelizmente, os pedidos precisos de Cristo e da Santíssima Virgem, que são inseparáveis desta devoção, são demasiadas vezes esquecidos. O grande mérito da Salve Corda é precisamente o de nos recordar a sua importância vital e basear a sua ação na sua realização.</p>



<p class="wp-block-paragraph" style="font-size:18px">Há também uma falta de unidade entre os fiéis de hoje. A abordagem Salve Corda responde a esta necessidade, sendo uma "Aliança" e não um novo movimento acrescentado a tantos outros. Sim, perante a adversidade do nosso mundo moderno, devemos unir-nos à volta da bandeira dos Corações de Jesus e de Maria e pôr em prática as suas exigências nas nossas vidas.</p>



<p class="wp-block-paragraph" style="font-size:18px">Recordemos as belas palavras de esperança de Santa Jacinta: "Nunca é tarde para recorrer aos Corações de Jesus e de Maria".</p>



<p class="wp-block-paragraph" style="font-size:18px">Da Catedral de Nossa Senhora de Fátima, no Cazaquistão, abençoo a Aliança Salve Corda e convido os fiéis a aderirem a ela. Que a vossa abordagem permaneça fundada na humildade, no espírito de obediência e na fé na vitória final da Santíssima Virgem.</p>



<p class="wp-block-paragraph" style="font-size:18px">Em Caná, Maria disse aos criados: "Fazei tudo o que ele vos disser". Os criados obedeceram e o milagre realizou-se.</p>



<p class="wp-block-paragraph" style="font-size:18px">Hoje é a mesma coisa: façamos o que Nossa Senhora nos pediu em Fátima e Deus concederá aos homens as graças da conversão e da paz de que o mundo tanto precisa.</p>



<p class="wp-block-paragraph" style="font-size:18px"><strong>+ Athanasius Schneider, Bispo Auxiliar da Arquidiocese de Santa Maria em Astana</strong></p>
