{"id":1654,"date":"2021-09-01T09:50:48","date_gmt":"2021-09-01T07:50:48","guid":{"rendered":"https:\/\/salve-corda.org\/?page_id=1654"},"modified":"2022-05-09T22:42:04","modified_gmt":"2022-05-09T20:42:04","slug":"etre-missionnaire-officiel","status":"publish","type":"page","link":"https:\/\/salve-corda.org\/pt\/etre-missionnaire-officiel\/","title":{"rendered":"Z \u00catre missionnaire officiel"},"content":{"rendered":"<div data-elementor-type=\"wp-page\" data-elementor-id=\"1654\" class=\"elementor elementor-1654\">\n\t\t\t\t\t\t<section class=\"elementor-section elementor-top-section elementor-element elementor-element-8fdd96d elementor-section-boxed elementor-section-height-default elementor-section-height-default\" data-id=\"8fdd96d\" data-element_type=\"section\" data-e-type=\"section\">\n\t\t\t\t\t\t<div class=\"elementor-container elementor-column-gap-default\">\n\t\t\t\t\t<div class=\"elementor-column elementor-col-100 elementor-top-column elementor-element elementor-element-eb97a79\" data-id=\"eb97a79\" data-element_type=\"column\" data-e-type=\"column\">\n\t\t\t<div class=\"elementor-widget-wrap elementor-element-populated\">\n\t\t\t\t\t\t<div class=\"elementor-element elementor-element-8d8b31d elementor-widget elementor-widget-spacer\" data-id=\"8d8b31d\" data-element_type=\"widget\" data-e-type=\"widget\" data-widget_type=\"spacer.default\">\n\t\t\t\t<div class=\"elementor-widget-container\">\n\t\t\t\t\t\t\t<div class=\"elementor-spacer\">\n\t\t\t<div class=\"elementor-spacer-inner\"><\/div>\n\t\t<\/div>\n\t\t\t\t\t\t<\/div>\n\t\t\t\t<\/div>\n\t\t\t\t\t<\/div>\n\t\t<\/div>\n\t\t\t\t\t<\/div>\n\t\t<\/section>\n\t\t\t\t<section class=\"elementor-section elementor-top-section elementor-element elementor-element-1e0b8e2 elementor-section-boxed elementor-section-height-default elementor-section-height-default\" data-id=\"1e0b8e2\" data-element_type=\"section\" data-e-type=\"section\">\n\t\t\t\t\t\t<div class=\"elementor-container elementor-column-gap-default\">\n\t\t\t\t\t<div class=\"elementor-column elementor-col-100 elementor-top-column elementor-element elementor-element-960900e\" data-id=\"960900e\" data-element_type=\"column\" data-e-type=\"column\">\n\t\t\t<div class=\"elementor-widget-wrap elementor-element-populated\">\n\t\t\t\t\t\t<div class=\"elementor-element elementor-element-2e70e94 elementor-widget elementor-widget-heading\" data-id=\"2e70e94\" data-element_type=\"widget\" data-e-type=\"widget\" data-widget_type=\"heading.default\">\n\t\t\t\t<div class=\"elementor-widget-container\">\n\t\t\t\t\t<h2 class=\"elementor-heading-title elementor-size-default\">ADERIR AO C\u00cdRCULO DE MISSION\u00c1RIOS SALVE CORDA<\/h2>\t\t\t\t<\/div>\n\t\t\t\t<\/div>\n\t\t\t\t\t<\/div>\n\t\t<\/div>\n\t\t\t\t\t<\/div>\n\t\t<\/section>\n\t\t\t\t<section class=\"elementor-section elementor-top-section elementor-element elementor-element-9398919 elementor-section-boxed elementor-section-height-default elementor-section-height-default\" data-id=\"9398919\" data-element_type=\"section\" data-e-type=\"section\">\n\t\t\t\t\t\t<div class=\"elementor-container elementor-column-gap-default\">\n\t\t\t\t\t<div class=\"elementor-column elementor-col-50 elementor-top-column elementor-element elementor-element-06a86bd\" data-id=\"06a86bd\" data-element_type=\"column\" data-e-type=\"column\">\n\t\t\t<div class=\"elementor-widget-wrap elementor-element-populated\">\n\t\t\t\t\t\t<div class=\"elementor-element elementor-element-bb05a77 elementor-widget elementor-widget-image\" data-id=\"bb05a77\" data-element_type=\"widget\" data-e-type=\"widget\" data-widget_type=\"image.default\">\n\t\t\t\t<div class=\"elementor-widget-container\">\n\t\t\t\t\t\t\t\t\t\t\t\t\t\t\t<img fetchpriority=\"high\" decoding=\"async\" width=\"342\" height=\"342\" src=\"https:\/\/salve-corda.org\/wp-content\/uploads\/2021\/09\/st-louis-M-grignon.png\" class=\"attachment-large size-large wp-image-2087\" alt=\"\" srcset=\"https:\/\/salve-corda.org\/wp-content\/uploads\/2021\/09\/st-louis-M-grignon.png 342w, https:\/\/salve-corda.org\/wp-content\/uploads\/2021\/09\/st-louis-M-grignon-300x300.png 300w, https:\/\/salve-corda.org\/wp-content\/uploads\/2021\/09\/st-louis-M-grignon-150x150.png 150w, https:\/\/salve-corda.org\/wp-content\/uploads\/2021\/09\/st-louis-M-grignon-100x100.png 100w\" sizes=\"(max-width: 342px) 100vw, 342px\" \/>\t\t\t\t\t\t\t\t\t\t\t\t\t\t\t<\/div>\n\t\t\t\t<\/div>\n\t\t\t\t\t<\/div>\n\t\t<\/div>\n\t\t\t\t<div class=\"elementor-column elementor-col-50 elementor-top-column elementor-element elementor-element-5c1fe19\" data-id=\"5c1fe19\" data-element_type=\"column\" data-e-type=\"column\">\n\t\t\t<div class=\"elementor-widget-wrap elementor-element-populated\">\n\t\t\t\t\t\t<div class=\"elementor-element elementor-element-5b75fc0 elementor-widget elementor-widget-text-editor\" data-id=\"5b75fc0\" data-element_type=\"widget\" data-e-type=\"widget\" data-widget_type=\"text-editor.default\">\n\t\t\t\t<div class=\"elementor-widget-container\">\n\t\t\t\t\t\t\t\t\t<p>Il est tr\u00e8s important de r\u00e9pandre le plus possible autour de soi la d\u00e9votion aux C\u0153urs de J\u00e9sus et Marie si l&#8217;on veut obtenir la conversion du monde et la paix.\u00a0En effet cette d\u00e9votion voulue par Dieu est tr\u00e8s souvent\u00a0 m\u00e9connue ou oubli\u00e9e. Lorsqu\u2019on en parle autour de soi, beaucoup de gens d\u00e9couvrent et disent: \u00ab\u00a0je n\u2019en avais pas entendu parler\u00a0\u00bb , \u00ab\u00a0c\u2019est extraordinaire\u00a0\u00bb \u00ab\u00a0pourquoi n\u2019avoir pas su cela plus t\u00f4t\u00a0\u00bb<\/p><p>\u00a0<\/p><p>Devemos, portanto, considerar que estamos em\u00a0<u><b>terra de miss\u00e3o<\/b><\/u><b>.\u00a0<\/b>\u00c9 claro que este esp\u00edrito mission\u00e1rio deve animar todos os membros da Salve Corda, mas tamb\u00e9m precisamos de pessoas que se dediquem mais especificamente a esta tarefa. Estas pessoas devem ter um m\u00ednimo de capacidade de comunica\u00e7\u00e3o e um certo carisma. Por isso, se te sentes preparado, torna-te um mission\u00e1rio oficial dos Cora\u00e7\u00f5es de Jesus e de Maria.<\/p>\t\t\t\t\t\t\t\t<\/div>\n\t\t\t\t<\/div>\n\t\t\t\t\t<\/div>\n\t\t<\/div>\n\t\t\t\t\t<\/div>\n\t\t<\/section>\n\t\t\t\t<section class=\"elementor-section elementor-top-section elementor-element elementor-element-2ebf9c9 elementor-section-boxed elementor-section-height-default elementor-section-height-default\" data-id=\"2ebf9c9\" data-element_type=\"section\" data-e-type=\"section\">\n\t\t\t\t\t\t<div class=\"elementor-container elementor-column-gap-default\">\n\t\t\t\t\t<div class=\"elementor-column elementor-col-100 elementor-top-column elementor-element elementor-element-d94470f\" data-id=\"d94470f\" data-element_type=\"column\" data-e-type=\"column\">\n\t\t\t<div class=\"elementor-widget-wrap elementor-element-populated\">\n\t\t\t\t\t\t<div class=\"elementor-element elementor-element-7c70bf4 elementor-widget elementor-widget-text-editor\" data-id=\"7c70bf4\" data-element_type=\"widget\" data-e-type=\"widget\" data-widget_type=\"text-editor.default\">\n\t\t\t\t<div class=\"elementor-widget-container\">\n\t\t\t\t\t\t\t\t\t<p><span style=\"color: var( --e-global-color-text ); font-family: var( --e-global-typography-text-font-family ), Sans-serif; font-size: var( --e-global-typography-text-font-size ); font-weight: var( --e-global-typography-text-font-weight );\"><br><\/span><\/p><p><span style=\"color: var( --e-global-color-text ); font-family: var( --e-global-typography-text-font-family ), Sans-serif; font-size: var( --e-global-typography-text-font-size ); font-weight: var( --e-global-typography-text-font-weight );\">Pour devenir missionnaires, contactez nous. Apr\u00e8s un entretien, vous serez r\u00e9f\u00e9renc\u00e9s et int\u00e9grerez le cercle des missionnaires qui permet d&#8217;\u00e9changer, de faire part des exp\u00e9riences, des succ\u00e8s ou \u00e9checs, etc.&nbsp;<\/span><span style=\"color: var( --e-global-color-text ); font-family: var( --e-global-typography-text-font-family ), Sans-serif; font-size: var( --e-global-typography-text-font-size ); font-weight: var( --e-global-typography-text-font-weight );\">Os mission\u00e1rios devem ser exemplos, \u00e9 claro, e por isso esfor\u00e7am-se por cumprir os pedidos da Sant\u00edssima Virgem e do Sagrado Cora\u00e7\u00e3o na sua pr\u00f3pria vida.<\/span><\/p>\t\t\t\t\t\t\t\t<\/div>\n\t\t\t\t<\/div>\n\t\t\t\t<div class=\"elementor-element elementor-element-c8df936 elementor-align-center elementor-widget elementor-widget-button\" data-id=\"c8df936\" data-element_type=\"widget\" data-e-type=\"widget\" data-widget_type=\"button.default\">\n\t\t\t\t<div class=\"elementor-widget-container\">\n\t\t\t\t\t\t\t\t\t<div class=\"elementor-button-wrapper\">\n\t\t\t\t\t<a class=\"elementor-button elementor-button-link elementor-size-sm\" href=\"https:\/\/salve-corda.org\/pt\/contact\/\">\n\t\t\t\t\t\t<span class=\"elementor-button-content-wrapper\">\n\t\t\t\t\t\t\t\t\t<span class=\"elementor-button-text\">Tornar-se mission\u00e1rio<\/span>\n\t\t\t\t\t<\/span>\n\t\t\t\t\t<\/a>\n\t\t\t\t<\/div>\n\t\t\t\t\t\t\t\t<\/div>\n\t\t\t\t<\/div>\n\t\t\t\t\t<\/div>\n\t\t<\/div>\n\t\t\t\t\t<\/div>\n\t\t<\/section>\n\t\t\t\t<section class=\"elementor-section elementor-top-section elementor-element elementor-element-f8d5249 elementor-section-boxed elementor-section-height-default elementor-section-height-default\" data-id=\"f8d5249\" data-element_type=\"section\" data-e-type=\"section\" data-settings=\"{&quot;background_background&quot;:&quot;classic&quot;}\">\n\t\t\t\t\t\t<div class=\"elementor-container elementor-column-gap-default\">\n\t\t\t\t\t<div class=\"elementor-column elementor-col-100 elementor-top-column elementor-element elementor-element-5f0dfed\" data-id=\"5f0dfed\" data-element_type=\"column\" data-e-type=\"column\">\n\t\t\t<div class=\"elementor-widget-wrap elementor-element-populated\">\n\t\t\t\t\t\t<div class=\"elementor-element elementor-element-dcc69af elementor-widget elementor-widget-heading\" data-id=\"dcc69af\" data-element_type=\"widget\" data-e-type=\"widget\" data-widget_type=\"heading.default\">\n\t\t\t\t<div class=\"elementor-widget-container\">\n\t\t\t\t\t<h3 class=\"elementor-heading-title elementor-size-default\">Alguns conselhos pr\u00e1ticos:<\/h3>\t\t\t\t<\/div>\n\t\t\t\t<\/div>\n\t\t\t\t<div class=\"elementor-element elementor-element-aea84a5 elementor-widget elementor-widget-text-editor\" data-id=\"aea84a5\" data-element_type=\"widget\" data-e-type=\"widget\" data-widget_type=\"text-editor.default\">\n\t\t\t\t<div class=\"elementor-widget-container\">\n\t\t\t\t\t\t\t\t\t<p>Embora seja uma boa ideia falar a toda a gente sobre a devo\u00e7\u00e3o ao Imaculado Cora\u00e7\u00e3o de Maria, tamb\u00e9m \u00e9 importante evitar perder tempo e dinheiro. <u><b>concentrar os nossos esfor\u00e7os <\/b><\/u>nas pessoas mais receptivas, humildes e piedosas. N\u00e3o percamos tempo a tentar convencer pessoas demasiado ocupadas ou que orgulhosamente julgam esta devo\u00e7\u00e3o in\u00fatil ou acabada. Rezemos para que a Sant\u00edssima Virgem os ilumine e, como no Evangelho, sacudamos o p\u00f3 das nossas sand\u00e1lias para passarmos rapidamente \u00e0 seguinte. O tempo est\u00e1 a esgotar-se para recolher este \"\u00a0<b>ex\u00e9rcito dos humildes\u00a0<\/b>\"\u00c9 disto que a Sant\u00edssima Virgem precisa para poder atuar e enviar o Papa que consagrar\u00e1 a R\u00fassia ao seu Imaculado Cora\u00e7\u00e3o e assim realizar a convers\u00e3o do mundo.<\/p><p>\u00a0<\/p><p>Para divulgar esta devo\u00e7\u00e3o, os mission\u00e1rios n\u00e3o devem hesitar em utilizar todos os meios dispon\u00edveis. Em primeiro lugar, os seus pr\u00f3prios livros de endere\u00e7os e redes sociais. Mas devem tamb\u00e9m comunicar em <b>vida quotidiana <\/b>com pessoas que n\u00e3o conhece necessariamente: pessoas piedosas que v\u00ea na missa, pessoas que encontra por acaso e que est\u00e3o \u00e0 procura de algo, etc. Em suma, todas as oportunidades s\u00e3o boas, e lembrem-se de que Cristo, no Evangelho, se queixou de que os bons n\u00e3o eram suficientemente bons. <b>eficaz e inventivo<\/b>.<\/p>\t\t\t\t\t\t\t\t<\/div>\n\t\t\t\t<\/div>\n\t\t\t\t\t<\/div>\n\t\t<\/div>\n\t\t\t\t\t<\/div>\n\t\t<\/section>\n\t\t\t\t<\/div>","protected":false},"excerpt":{"rendered":"<p>REJOINDRE LE CERCLE DES MISSIONNAIRES SALVE CORDA Il est tr\u00e8s important de r\u00e9pandre le plus possible autour de soi la d\u00e9votion aux C\u0153urs de J\u00e9sus et Marie si l&#8217;on veut obtenir la conversion [&hellip;]<\/p>","protected":false},"author":1,"featured_media":0,"parent":0,"menu_order":0,"comment_status":"closed","ping_status":"closed","template":"elementor_header_footer","meta":{"footnotes":""},"class_list":["post-1654","page","type-page","status-publish","hentry"],"_links":{"self":[{"href":"https:\/\/salve-corda.org\/pt\/wp-json\/wp\/v2\/pages\/1654","targetHints":{"allow":["GET"]}}],"collection":[{"href":"https:\/\/salve-corda.org\/pt\/wp-json\/wp\/v2\/pages"}],"about":[{"href":"https:\/\/salve-corda.org\/pt\/wp-json\/wp\/v2\/types\/page"}],"author":[{"embeddable":true,"href":"https:\/\/salve-corda.org\/pt\/wp-json\/wp\/v2\/users\/1"}],"replies":[{"embeddable":true,"href":"https:\/\/salve-corda.org\/pt\/wp-json\/wp\/v2\/comments?post=1654"}],"version-history":[{"count":26,"href":"https:\/\/salve-corda.org\/pt\/wp-json\/wp\/v2\/pages\/1654\/revisions"}],"predecessor-version":[{"id":5459,"href":"https:\/\/salve-corda.org\/pt\/wp-json\/wp\/v2\/pages\/1654\/revisions\/5459"}],"wp:attachment":[{"href":"https:\/\/salve-corda.org\/pt\/wp-json\/wp\/v2\/media?parent=1654"}],"curies":[{"name":"wp","href":"https:\/\/api.w.org\/{rel}","templated":true}]}}

Z Être missionnaire officiel

<div data-elementor-type="wp-page" data-elementor-id="1654" class="elementor elementor-1654">
						<section class="elementor-section elementor-top-section elementor-element elementor-element-8fdd96d elementor-section-boxed elementor-section-height-default elementor-section-height-default" data-id="8fdd96d" data-element_type="section" data-e-type="section">
						<div class="elementor-container elementor-column-gap-default">
					<div class="elementor-column elementor-col-100 elementor-top-column elementor-element elementor-element-eb97a79" data-id="eb97a79" data-element_type="column" data-e-type="column">
			<div class="elementor-widget-wrap elementor-element-populated">
						<div class="elementor-element elementor-element-8d8b31d elementor-widget elementor-widget-spacer" data-id="8d8b31d" data-element_type="widget" data-e-type="widget" data-widget_type="spacer.default">
				<div class="elementor-widget-container">
							<div class="elementor-spacer">
			<div class="elementor-spacer-inner"></div>
		</div>
						</div>
				</div>
					</div>
		</div>
					</div>
		</section>
				<section class="elementor-section elementor-top-section elementor-element elementor-element-1e0b8e2 elementor-section-boxed elementor-section-height-default elementor-section-height-default" data-id="1e0b8e2" data-element_type="section" data-e-type="section">
						<div class="elementor-container elementor-column-gap-default">
					<div class="elementor-column elementor-col-100 elementor-top-column elementor-element elementor-element-960900e" data-id="960900e" data-element_type="column" data-e-type="column">
			<div class="elementor-widget-wrap elementor-element-populated">
						<div class="elementor-element elementor-element-2e70e94 elementor-widget elementor-widget-heading" data-id="2e70e94" data-element_type="widget" data-e-type="widget" data-widget_type="heading.default">
				<div class="elementor-widget-container">
					<h2 class="elementor-heading-title elementor-size-default">ADERIR AO CÍRCULO DE MISSIONÁRIOS SALVE CORDA</h2>				</div>
				</div>
					</div>
		</div>
					</div>
		</section>
				<section class="elementor-section elementor-top-section elementor-element elementor-element-9398919 elementor-section-boxed elementor-section-height-default elementor-section-height-default" data-id="9398919" data-element_type="section" data-e-type="section">
						<div class="elementor-container elementor-column-gap-default">
					<div class="elementor-column elementor-col-50 elementor-top-column elementor-element elementor-element-06a86bd" data-id="06a86bd" data-element_type="column" data-e-type="column">
			<div class="elementor-widget-wrap elementor-element-populated">
						<div class="elementor-element elementor-element-bb05a77 elementor-widget elementor-widget-image" data-id="bb05a77" data-element_type="widget" data-e-type="widget" data-widget_type="image.default">
				<div class="elementor-widget-container">
															<img fetchpriority="high" decoding="async" width="342" height="342" src="https://salve-corda.org/wp-content/uploads/2021/09/st-louis-M-grignon.png" class="attachment-large size-large wp-image-2087" alt="" srcset="https://salve-corda.org/wp-content/uploads/2021/09/st-louis-M-grignon.png 342w, https://salve-corda.org/wp-content/uploads/2021/09/st-louis-M-grignon-300x300.png 300w, https://salve-corda.org/wp-content/uploads/2021/09/st-louis-M-grignon-150x150.png 150w, https://salve-corda.org/wp-content/uploads/2021/09/st-louis-M-grignon-100x100.png 100w" sizes="(max-width: 342px) 100vw, 342px" />															</div>
				</div>
					</div>
		</div>
				<div class="elementor-column elementor-col-50 elementor-top-column elementor-element elementor-element-5c1fe19" data-id="5c1fe19" data-element_type="column" data-e-type="column">
			<div class="elementor-widget-wrap elementor-element-populated">
						<div class="elementor-element elementor-element-5b75fc0 elementor-widget elementor-widget-text-editor" data-id="5b75fc0" data-element_type="widget" data-e-type="widget" data-widget_type="text-editor.default">
				<div class="elementor-widget-container">
									<p>Il est très important de répandre le plus possible autour de soi la dévotion aux Cœurs de Jésus et Marie si l&#8217;on veut obtenir la conversion du monde et la paix. En effet cette dévotion voulue par Dieu est très souvent  méconnue ou oubliée. Lorsqu’on en parle autour de soi, beaucoup de gens découvrent et disent: « je n’en avais pas entendu parler » , « c’est extraordinaire » « pourquoi n’avoir pas su cela plus tôt »</p><p> </p><p>Devemos, portanto, considerar que estamos em <u><b>terra de missão</b></u><b>. </b>É claro que este espírito missionário deve animar todos os membros da Salve Corda, mas também precisamos de pessoas que se dediquem mais especificamente a esta tarefa. Estas pessoas devem ter um mínimo de capacidade de comunicação e um certo carisma. Por isso, se te sentes preparado, torna-te um missionário oficial dos Corações de Jesus e de Maria.</p>								</div>
				</div>
					</div>
		</div>
					</div>
		</section>
				<section class="elementor-section elementor-top-section elementor-element elementor-element-2ebf9c9 elementor-section-boxed elementor-section-height-default elementor-section-height-default" data-id="2ebf9c9" data-element_type="section" data-e-type="section">
						<div class="elementor-container elementor-column-gap-default">
					<div class="elementor-column elementor-col-100 elementor-top-column elementor-element elementor-element-d94470f" data-id="d94470f" data-element_type="column" data-e-type="column">
			<div class="elementor-widget-wrap elementor-element-populated">
						<div class="elementor-element elementor-element-7c70bf4 elementor-widget elementor-widget-text-editor" data-id="7c70bf4" data-element_type="widget" data-e-type="widget" data-widget_type="text-editor.default">
				<div class="elementor-widget-container">
									<p><span style="color: var( --e-global-color-text ); font-family: var( --e-global-typography-text-font-family ), Sans-serif; font-size: var( --e-global-typography-text-font-size ); font-weight: var( --e-global-typography-text-font-weight );"><br></span></p><p><span style="color: var( --e-global-color-text ); font-family: var( --e-global-typography-text-font-family ), Sans-serif; font-size: var( --e-global-typography-text-font-size ); font-weight: var( --e-global-typography-text-font-weight );">Pour devenir missionnaires, contactez nous. Après un entretien, vous serez référencés et intégrerez le cercle des missionnaires qui permet d&#8217;échanger, de faire part des expériences, des succès ou échecs, etc.&nbsp;</span><span style="color: var( --e-global-color-text ); font-family: var( --e-global-typography-text-font-family ), Sans-serif; font-size: var( --e-global-typography-text-font-size ); font-weight: var( --e-global-typography-text-font-weight );">Os missionários devem ser exemplos, é claro, e por isso esforçam-se por cumprir os pedidos da Santíssima Virgem e do Sagrado Coração na sua própria vida.</span></p>								</div>
				</div>
				<div class="elementor-element elementor-element-c8df936 elementor-align-center elementor-widget elementor-widget-button" data-id="c8df936" data-element_type="widget" data-e-type="widget" data-widget_type="button.default">
				<div class="elementor-widget-container">
									<div class="elementor-button-wrapper">
					<a class="elementor-button elementor-button-link elementor-size-sm" href="https://salve-corda.org/pt/contact/">
						<span class="elementor-button-content-wrapper">
									<span class="elementor-button-text">Tornar-se missionário</span>
					</span>
					</a>
				</div>
								</div>
				</div>
					</div>
		</div>
					</div>
		</section>
				<section class="elementor-section elementor-top-section elementor-element elementor-element-f8d5249 elementor-section-boxed elementor-section-height-default elementor-section-height-default" data-id="f8d5249" data-element_type="section" data-e-type="section" data-settings="{&quot;background_background&quot;:&quot;classic&quot;}">
						<div class="elementor-container elementor-column-gap-default">
					<div class="elementor-column elementor-col-100 elementor-top-column elementor-element elementor-element-5f0dfed" data-id="5f0dfed" data-element_type="column" data-e-type="column">
			<div class="elementor-widget-wrap elementor-element-populated">
						<div class="elementor-element elementor-element-dcc69af elementor-widget elementor-widget-heading" data-id="dcc69af" data-element_type="widget" data-e-type="widget" data-widget_type="heading.default">
				<div class="elementor-widget-container">
					<h3 class="elementor-heading-title elementor-size-default">Alguns conselhos práticos:</h3>				</div>
				</div>
				<div class="elementor-element elementor-element-aea84a5 elementor-widget elementor-widget-text-editor" data-id="aea84a5" data-element_type="widget" data-e-type="widget" data-widget_type="text-editor.default">
				<div class="elementor-widget-container">
									<p>Embora seja uma boa ideia falar a toda a gente sobre a devoção ao Imaculado Coração de Maria, também é importante evitar perder tempo e dinheiro. <u><b>concentrar os nossos esforços </b></u>nas pessoas mais receptivas, humildes e piedosas. Não percamos tempo a tentar convencer pessoas demasiado ocupadas ou que orgulhosamente julgam esta devoção inútil ou acabada. Rezemos para que a Santíssima Virgem os ilumine e, como no Evangelho, sacudamos o pó das nossas sandálias para passarmos rapidamente à seguinte. O tempo está a esgotar-se para recolher este " <b>exército dos humildes </b>"É disto que a Santíssima Virgem precisa para poder atuar e enviar o Papa que consagrará a Rússia ao seu Imaculado Coração e assim realizar a conversão do mundo.</p><p> </p><p>Para divulgar esta devoção, os missionários não devem hesitar em utilizar todos os meios disponíveis. Em primeiro lugar, os seus próprios livros de endereços e redes sociais. Mas devem também comunicar em <b>vida quotidiana </b>com pessoas que não conhece necessariamente: pessoas piedosas que vê na missa, pessoas que encontra por acaso e que estão à procura de algo, etc. Em suma, todas as oportunidades são boas, e lembrem-se de que Cristo, no Evangelho, se queixou de que os bons não eram suficientemente bons. <b>eficaz e inventivo</b>.</p>								</div>
				</div>
					</div>
		</div>
					</div>
		</section>
				</div>

<p>REJOINDRE LE CERCLE DES MISSIONNAIRES SALVE CORDA Il est très important de répandre le plus possible autour de soi la dévotion aux Cœurs de Jésus et Marie si l&#8217;on veut obtenir la conversion [&hellip;]</p>
