{"id":1660,"date":"2021-09-01T09:54:56","date_gmt":"2021-09-01T07:54:56","guid":{"rendered":"https:\/\/salve-corda.org\/?page_id=1660"},"modified":"2022-04-08T19:44:03","modified_gmt":"2022-04-08T17:44:03","slug":"participer-a-lechelon-central","status":"publish","type":"page","link":"https:\/\/salve-corda.org\/pt\/participer-a-lechelon-central\/","title":{"rendered":"Z Participer \u00e0 l&#8217;\u00e9chelon central old"},"content":{"rendered":"<div data-elementor-type=\"wp-page\" data-elementor-id=\"1660\" class=\"elementor elementor-1660\">\n\t\t\t\t\t\t<section class=\"elementor-section elementor-top-section elementor-element elementor-element-998ad30 elementor-section-boxed elementor-section-height-default elementor-section-height-default\" data-id=\"998ad30\" data-element_type=\"section\" data-e-type=\"section\">\n\t\t\t\t\t\t<div class=\"elementor-container elementor-column-gap-default\">\n\t\t\t\t\t<div class=\"elementor-column elementor-col-100 elementor-top-column elementor-element elementor-element-291200f\" data-id=\"291200f\" data-element_type=\"column\" data-e-type=\"column\">\n\t\t\t<div class=\"elementor-widget-wrap elementor-element-populated\">\n\t\t\t\t\t\t<div class=\"elementor-element elementor-element-51f0efc elementor-widget elementor-widget-spacer\" data-id=\"51f0efc\" data-element_type=\"widget\" data-e-type=\"widget\" data-widget_type=\"spacer.default\">\n\t\t\t\t<div class=\"elementor-widget-container\">\n\t\t\t\t\t\t\t<div class=\"elementor-spacer\">\n\t\t\t<div class=\"elementor-spacer-inner\"><\/div>\n\t\t<\/div>\n\t\t\t\t\t\t<\/div>\n\t\t\t\t<\/div>\n\t\t\t\t\t<\/div>\n\t\t<\/div>\n\t\t\t\t\t<\/div>\n\t\t<\/section>\n\t\t\t\t<section class=\"elementor-section elementor-top-section elementor-element elementor-element-7598261 elementor-section-boxed elementor-section-height-default elementor-section-height-default\" data-id=\"7598261\" data-element_type=\"section\" data-e-type=\"section\">\n\t\t\t\t\t\t<div class=\"elementor-container elementor-column-gap-default\">\n\t\t\t\t\t<div class=\"elementor-column elementor-col-100 elementor-top-column elementor-element elementor-element-02d3f24\" data-id=\"02d3f24\" data-element_type=\"column\" data-e-type=\"column\">\n\t\t\t<div class=\"elementor-widget-wrap elementor-element-populated\">\n\t\t\t\t\t\t<div class=\"elementor-element elementor-element-8e6531f elementor-widget elementor-widget-heading\" data-id=\"8e6531f\" data-element_type=\"widget\" data-e-type=\"widget\" data-widget_type=\"heading.default\">\n\t\t\t\t<div class=\"elementor-widget-container\">\n\t\t\t\t\t<h2 class=\"elementor-heading-title elementor-size-default\">Disponibilizar conhecimentos especializados a n\u00edvel central<\/h2>\t\t\t\t<\/div>\n\t\t\t\t<\/div>\n\t\t\t\t\t<\/div>\n\t\t<\/div>\n\t\t\t\t\t<\/div>\n\t\t<\/section>\n\t\t\t\t<section class=\"elementor-section elementor-top-section elementor-element elementor-element-5001a5b elementor-section-boxed elementor-section-height-default elementor-section-height-default\" data-id=\"5001a5b\" data-element_type=\"section\" data-e-type=\"section\">\n\t\t\t\t\t\t<div class=\"elementor-container elementor-column-gap-default\">\n\t\t\t\t\t<div class=\"elementor-column elementor-col-50 elementor-top-column elementor-element elementor-element-a590eaf\" data-id=\"a590eaf\" data-element_type=\"column\" data-e-type=\"column\">\n\t\t\t<div class=\"elementor-widget-wrap elementor-element-populated\">\n\t\t\t\t\t\t<div class=\"elementor-element elementor-element-f03af73 elementor-widget elementor-widget-image\" data-id=\"f03af73\" data-element_type=\"widget\" data-e-type=\"widget\" data-widget_type=\"image.default\">\n\t\t\t\t<div class=\"elementor-widget-container\">\n\t\t\t\t\t\t\t\t\t\t\t\t\t\t\t<img fetchpriority=\"high\" decoding=\"async\" width=\"376\" height=\"376\" src=\"https:\/\/salve-corda.org\/wp-content\/uploads\/2021\/07\/salve-corda-e1631624806880.png\" class=\"attachment-large size-large wp-image-837\" alt=\"\" \/>\t\t\t\t\t\t\t\t\t\t\t\t\t\t\t<\/div>\n\t\t\t\t<\/div>\n\t\t\t\t\t<\/div>\n\t\t<\/div>\n\t\t\t\t<div class=\"elementor-column elementor-col-50 elementor-top-column elementor-element elementor-element-905e32c\" data-id=\"905e32c\" data-element_type=\"column\" data-e-type=\"column\">\n\t\t\t<div class=\"elementor-widget-wrap elementor-element-populated\">\n\t\t\t\t\t\t<div class=\"elementor-element elementor-element-f9cced9 elementor-widget elementor-widget-text-editor\" data-id=\"f9cced9\" data-element_type=\"widget\" data-e-type=\"widget\" data-widget_type=\"text-editor.default\">\n\t\t\t\t<div class=\"elementor-widget-container\">\n\t\t\t\t\t\t\t\t\t<p>Salve Corda tem um \u00f3rg\u00e3o central de coordena\u00e7\u00e3o para assegurar uma boa coordena\u00e7\u00e3o geral, manter a federa\u00e7\u00e3o viva, ajudar as cidades e desenvolver a devo\u00e7\u00e3o aos Cora\u00e7\u00f5es de Jesus e Maria em Fran\u00e7a e a n\u00edvel internacional.<\/p><p>\u00a0<\/p><p>Estamos \u00e0 procura de volunt\u00e1rios com compet\u00eancias que satisfa\u00e7am as nossas necessidades e que possam dar um certo n\u00famero de horas ou mesmo alguns dias por m\u00eas numa base regular. As compet\u00eancias que procuramos incluem, mas n\u00e3o se limitam a, as seguintes<\/p>\t\t\t\t\t\t\t\t<\/div>\n\t\t\t\t<\/div>\n\t\t\t\t\t<\/div>\n\t\t<\/div>\n\t\t\t\t\t<\/div>\n\t\t<\/section>\n\t\t\t\t<section class=\"elementor-section elementor-top-section elementor-element elementor-element-404d7d2 elementor-section-boxed elementor-section-height-default elementor-section-height-default\" data-id=\"404d7d2\" data-element_type=\"section\" data-e-type=\"section\">\n\t\t\t\t\t\t<div class=\"elementor-container elementor-column-gap-default\">\n\t\t\t\t\t<div class=\"elementor-column elementor-col-100 elementor-top-column elementor-element elementor-element-2a533c6\" data-id=\"2a533c6\" data-element_type=\"column\" data-e-type=\"column\">\n\t\t\t<div class=\"elementor-widget-wrap elementor-element-populated\">\n\t\t\t\t\t\t<div class=\"elementor-element elementor-element-231af89 elementor-widget elementor-widget-text-editor\" data-id=\"231af89\" data-element_type=\"widget\" data-e-type=\"widget\" data-widget_type=\"text-editor.default\">\n\t\t\t\t<div class=\"elementor-widget-container\">\n\t\t\t\t\t\t\t\t\t<ul><li>gestores regionais em Fran\u00e7a para desenvolver as Cidades Salve Corda e assegurar a liga\u00e7\u00e3o entre as Cidades da regi\u00e3o e o n\u00edvel central de Salve Corda<\/li><\/ul><p>\u00a0<\/p><ul><li>gestores em pa\u00edses estrangeiros ou (\u00e1reas lingu\u00edsticas) para desenvolver a Salve Corda e manter liga\u00e7\u00f5es com esses pa\u00edses<\/li><\/ul><p>\u00a0<\/p><ul><li>pessoas totalmente bilingues para traduzir as cartas mensais no primeiro s\u00e1bado para ingl\u00eas, espanhol, alem\u00e3o, italiano, portugu\u00eas e russo<\/li><\/ul><p>\u00a0<\/p><ul><li>Respons\u00e1veis de comunica\u00e7\u00e3o para responder a perguntas e ajudar na cria\u00e7\u00e3o de novos cites (responder a e-mails, explicar o que \u00e9 Salve Corda, etc.).<\/li><\/ul><p>\u00a0<\/p><p>L\u2019engagement d\u2019un b\u00e9n\u00e9vole dans l&#8217;\u00e9chelon central doit \u00eatre v\u00e9cu de fa\u00e7on professionnelle. Une dur\u00e9e minimum d\u2019engagement de 6 mois renouvelable est n\u00e9cessaire pour avoir une certaine stabilit\u00e9. Le nombre d\u2019heures ou de journ\u00e9es mensuelles pouvant \u00eatre donn\u00e9 \u00e0 Salve Corda doit \u00eatre respect\u00e9. L\u2019int\u00e9gration dans une hi\u00e9rarchie doit \u00eatre prise en compte pour des raisons \u00e9videntes d&#8217;organisation. Il faut donner le meilleur de nous-m\u00eame car on travaille ici pour le roi et la reine du ciel.<\/p>\t\t\t\t\t\t\t\t<\/div>\n\t\t\t\t<\/div>\n\t\t\t\t<div class=\"elementor-element elementor-element-471e969 elementor-align-center elementor-widget elementor-widget-button\" data-id=\"471e969\" data-element_type=\"widget\" data-e-type=\"widget\" data-widget_type=\"button.default\">\n\t\t\t\t<div class=\"elementor-widget-container\">\n\t\t\t\t\t\t\t\t\t<div class=\"elementor-button-wrapper\">\n\t\t\t\t\t<a class=\"elementor-button elementor-button-link elementor-size-sm\" href=\"https:\/\/salve-corda.org\/pt\/contact\/\">\n\t\t\t\t\t\t<span class=\"elementor-button-content-wrapper\">\n\t\t\t\t\t\t\t\t\t<span class=\"elementor-button-text\">Apresentar a sua candidatura<\/span>\n\t\t\t\t\t<\/span>\n\t\t\t\t\t<\/a>\n\t\t\t\t<\/div>\n\t\t\t\t\t\t\t\t<\/div>\n\t\t\t\t<\/div>\n\t\t\t\t\t<\/div>\n\t\t<\/div>\n\t\t\t\t\t<\/div>\n\t\t<\/section>\n\t\t\t\t<\/div>","protected":false},"excerpt":{"rendered":"<p>Apporter ses comp\u00e9tences \u00e0 l\u2019\u00e9chelon central Pour assurer une bonne coordination d\u2019ensemble, faire vivre la f\u00e9d\u00e9ration, aider les Cit\u00e9s, d\u00e9velopper en France et \u00e0 l\u2019internationale la d\u00e9votion aux C\u0153urs de J\u00e9sus et Marie, [&hellip;]<\/p>","protected":false},"author":1,"featured_media":0,"parent":0,"menu_order":0,"comment_status":"closed","ping_status":"closed","template":"elementor_header_footer","meta":{"footnotes":""},"class_list":["post-1660","page","type-page","status-publish","hentry"],"_links":{"self":[{"href":"https:\/\/salve-corda.org\/pt\/wp-json\/wp\/v2\/pages\/1660","targetHints":{"allow":["GET"]}}],"collection":[{"href":"https:\/\/salve-corda.org\/pt\/wp-json\/wp\/v2\/pages"}],"about":[{"href":"https:\/\/salve-corda.org\/pt\/wp-json\/wp\/v2\/types\/page"}],"author":[{"embeddable":true,"href":"https:\/\/salve-corda.org\/pt\/wp-json\/wp\/v2\/users\/1"}],"replies":[{"embeddable":true,"href":"https:\/\/salve-corda.org\/pt\/wp-json\/wp\/v2\/comments?post=1660"}],"version-history":[{"count":20,"href":"https:\/\/salve-corda.org\/pt\/wp-json\/wp\/v2\/pages\/1660\/revisions"}],"predecessor-version":[{"id":5329,"href":"https:\/\/salve-corda.org\/pt\/wp-json\/wp\/v2\/pages\/1660\/revisions\/5329"}],"wp:attachment":[{"href":"https:\/\/salve-corda.org\/pt\/wp-json\/wp\/v2\/media?parent=1660"}],"curies":[{"name":"wp","href":"https:\/\/api.w.org\/{rel}","templated":true}]}}

Z Participer à l&#8217;échelon central old

<div data-elementor-type="wp-page" data-elementor-id="1660" class="elementor elementor-1660">
						<section class="elementor-section elementor-top-section elementor-element elementor-element-998ad30 elementor-section-boxed elementor-section-height-default elementor-section-height-default" data-id="998ad30" data-element_type="section" data-e-type="section">
						<div class="elementor-container elementor-column-gap-default">
					<div class="elementor-column elementor-col-100 elementor-top-column elementor-element elementor-element-291200f" data-id="291200f" data-element_type="column" data-e-type="column">
			<div class="elementor-widget-wrap elementor-element-populated">
						<div class="elementor-element elementor-element-51f0efc elementor-widget elementor-widget-spacer" data-id="51f0efc" data-element_type="widget" data-e-type="widget" data-widget_type="spacer.default">
				<div class="elementor-widget-container">
							<div class="elementor-spacer">
			<div class="elementor-spacer-inner"></div>
		</div>
						</div>
				</div>
					</div>
		</div>
					</div>
		</section>
				<section class="elementor-section elementor-top-section elementor-element elementor-element-7598261 elementor-section-boxed elementor-section-height-default elementor-section-height-default" data-id="7598261" data-element_type="section" data-e-type="section">
						<div class="elementor-container elementor-column-gap-default">
					<div class="elementor-column elementor-col-100 elementor-top-column elementor-element elementor-element-02d3f24" data-id="02d3f24" data-element_type="column" data-e-type="column">
			<div class="elementor-widget-wrap elementor-element-populated">
						<div class="elementor-element elementor-element-8e6531f elementor-widget elementor-widget-heading" data-id="8e6531f" data-element_type="widget" data-e-type="widget" data-widget_type="heading.default">
				<div class="elementor-widget-container">
					<h2 class="elementor-heading-title elementor-size-default">Disponibilizar conhecimentos especializados a nível central</h2>				</div>
				</div>
					</div>
		</div>
					</div>
		</section>
				<section class="elementor-section elementor-top-section elementor-element elementor-element-5001a5b elementor-section-boxed elementor-section-height-default elementor-section-height-default" data-id="5001a5b" data-element_type="section" data-e-type="section">
						<div class="elementor-container elementor-column-gap-default">
					<div class="elementor-column elementor-col-50 elementor-top-column elementor-element elementor-element-a590eaf" data-id="a590eaf" data-element_type="column" data-e-type="column">
			<div class="elementor-widget-wrap elementor-element-populated">
						<div class="elementor-element elementor-element-f03af73 elementor-widget elementor-widget-image" data-id="f03af73" data-element_type="widget" data-e-type="widget" data-widget_type="image.default">
				<div class="elementor-widget-container">
															<img fetchpriority="high" decoding="async" width="376" height="376" src="https://salve-corda.org/wp-content/uploads/2021/07/salve-corda-e1631624806880.png" class="attachment-large size-large wp-image-837" alt="" />															</div>
				</div>
					</div>
		</div>
				<div class="elementor-column elementor-col-50 elementor-top-column elementor-element elementor-element-905e32c" data-id="905e32c" data-element_type="column" data-e-type="column">
			<div class="elementor-widget-wrap elementor-element-populated">
						<div class="elementor-element elementor-element-f9cced9 elementor-widget elementor-widget-text-editor" data-id="f9cced9" data-element_type="widget" data-e-type="widget" data-widget_type="text-editor.default">
				<div class="elementor-widget-container">
									<p>Salve Corda tem um órgão central de coordenação para assegurar uma boa coordenação geral, manter a federação viva, ajudar as cidades e desenvolver a devoção aos Corações de Jesus e Maria em França e a nível internacional.</p><p> </p><p>Estamos à procura de voluntários com competências que satisfaçam as nossas necessidades e que possam dar um certo número de horas ou mesmo alguns dias por mês numa base regular. As competências que procuramos incluem, mas não se limitam a, as seguintes</p>								</div>
				</div>
					</div>
		</div>
					</div>
		</section>
				<section class="elementor-section elementor-top-section elementor-element elementor-element-404d7d2 elementor-section-boxed elementor-section-height-default elementor-section-height-default" data-id="404d7d2" data-element_type="section" data-e-type="section">
						<div class="elementor-container elementor-column-gap-default">
					<div class="elementor-column elementor-col-100 elementor-top-column elementor-element elementor-element-2a533c6" data-id="2a533c6" data-element_type="column" data-e-type="column">
			<div class="elementor-widget-wrap elementor-element-populated">
						<div class="elementor-element elementor-element-231af89 elementor-widget elementor-widget-text-editor" data-id="231af89" data-element_type="widget" data-e-type="widget" data-widget_type="text-editor.default">
				<div class="elementor-widget-container">
									<ul><li>gestores regionais em França para desenvolver as Cidades Salve Corda e assegurar a ligação entre as Cidades da região e o nível central de Salve Corda</li></ul><p> </p><ul><li>gestores em países estrangeiros ou (áreas linguísticas) para desenvolver a Salve Corda e manter ligações com esses países</li></ul><p> </p><ul><li>pessoas totalmente bilingues para traduzir as cartas mensais no primeiro sábado para inglês, espanhol, alemão, italiano, português e russo</li></ul><p> </p><ul><li>Responsáveis de comunicação para responder a perguntas e ajudar na criação de novos cites (responder a e-mails, explicar o que é Salve Corda, etc.).</li></ul><p> </p><p>L’engagement d’un bénévole dans l&#8217;échelon central doit être vécu de façon professionnelle. Une durée minimum d’engagement de 6 mois renouvelable est nécessaire pour avoir une certaine stabilité. Le nombre d’heures ou de journées mensuelles pouvant être donné à Salve Corda doit être respecté. L’intégration dans une hiérarchie doit être prise en compte pour des raisons évidentes d&#8217;organisation. Il faut donner le meilleur de nous-même car on travaille ici pour le roi et la reine du ciel.</p>								</div>
				</div>
				<div class="elementor-element elementor-element-471e969 elementor-align-center elementor-widget elementor-widget-button" data-id="471e969" data-element_type="widget" data-e-type="widget" data-widget_type="button.default">
				<div class="elementor-widget-container">
									<div class="elementor-button-wrapper">
					<a class="elementor-button elementor-button-link elementor-size-sm" href="https://salve-corda.org/pt/contact/">
						<span class="elementor-button-content-wrapper">
									<span class="elementor-button-text">Apresentar a sua candidatura</span>
					</span>
					</a>
				</div>
								</div>
				</div>
					</div>
		</div>
					</div>
		</section>
				</div>

<p>Apporter ses compétences à l’échelon central Pour assurer une bonne coordination d’ensemble, faire vivre la fédération, aider les Cités, développer en France et à l’internationale la dévotion aux Cœurs de Jésus et Marie, [&hellip;]</p>
