{"id":8845,"date":"2024-03-26T10:34:07","date_gmt":"2024-03-26T09:34:07","guid":{"rendered":"https:\/\/salve-corda.org\/?page_id=8845"},"modified":"2024-04-28T15:01:01","modified_gmt":"2024-04-28T13:01:01","slug":"mention-legales","status":"publish","type":"page","link":"https:\/\/salve-corda.org\/pt\/mention-legales\/","title":{"rendered":"Aviso legal"},"content":{"rendered":"<div data-elementor-type=\"wp-page\" data-elementor-id=\"8845\" class=\"elementor elementor-8845\">\n\t\t\t\t\t\t<section class=\"elementor-section elementor-top-section elementor-element elementor-element-b856bc0 elementor-section-boxed elementor-section-height-default elementor-section-height-default\" data-id=\"b856bc0\" data-element_type=\"section\" data-e-type=\"section\">\n\t\t\t\t\t\t<div class=\"elementor-container elementor-column-gap-default\">\n\t\t\t\t\t<div class=\"elementor-column elementor-col-100 elementor-top-column elementor-element elementor-element-f8ef477\" data-id=\"f8ef477\" data-element_type=\"column\" data-e-type=\"column\">\n\t\t\t<div class=\"elementor-widget-wrap elementor-element-populated\">\n\t\t\t\t\t\t<div class=\"elementor-element elementor-element-0eba749 elementor-widget elementor-widget-spacer\" data-id=\"0eba749\" data-element_type=\"widget\" data-e-type=\"widget\" data-widget_type=\"spacer.default\">\n\t\t\t\t<div class=\"elementor-widget-container\">\n\t\t\t\t\t\t\t<div class=\"elementor-spacer\">\n\t\t\t<div class=\"elementor-spacer-inner\"><\/div>\n\t\t<\/div>\n\t\t\t\t\t\t<\/div>\n\t\t\t\t<\/div>\n\t\t\t\t\t<\/div>\n\t\t<\/div>\n\t\t\t\t\t<\/div>\n\t\t<\/section>\n\t\t\t\t<section class=\"elementor-section elementor-top-section elementor-element elementor-element-d808c5b elementor-section-boxed elementor-section-height-default elementor-section-height-default\" data-id=\"d808c5b\" data-element_type=\"section\" data-e-type=\"section\">\n\t\t\t\t\t\t<div class=\"elementor-container elementor-column-gap-default\">\n\t\t\t\t\t<div class=\"elementor-column elementor-col-100 elementor-top-column elementor-element elementor-element-e8b4ce5\" data-id=\"e8b4ce5\" data-element_type=\"column\" data-e-type=\"column\">\n\t\t\t<div class=\"elementor-widget-wrap elementor-element-populated\">\n\t\t\t\t\t\t<div class=\"elementor-element elementor-element-448478e elementor-widget elementor-widget-heading\" data-id=\"448478e\" data-element_type=\"widget\" data-e-type=\"widget\" data-widget_type=\"heading.default\">\n\t\t\t\t<div class=\"elementor-widget-container\">\n\t\t\t\t\t<h2 class=\"elementor-heading-title elementor-size-default\">DECLARA\u00c7\u00c3O DE PROTEC\u00c7\u00c3O DE DADOS<\/h2>\t\t\t\t<\/div>\n\t\t\t\t<\/div>\n\t\t\t\t\t<\/div>\n\t\t<\/div>\n\t\t\t\t\t<\/div>\n\t\t<\/section>\n\t\t\t\t<section class=\"elementor-section elementor-top-section elementor-element elementor-element-a3eb121 elementor-section-boxed elementor-section-height-default elementor-section-height-default\" data-id=\"a3eb121\" data-element_type=\"section\" data-e-type=\"section\" data-settings=\"{&quot;background_background&quot;:&quot;classic&quot;}\">\n\t\t\t\t\t\t<div class=\"elementor-container elementor-column-gap-default\">\n\t\t\t\t\t<div class=\"elementor-column elementor-col-100 elementor-top-column elementor-element elementor-element-ca6451b\" data-id=\"ca6451b\" data-element_type=\"column\" data-e-type=\"column\">\n\t\t\t<div class=\"elementor-widget-wrap elementor-element-populated\">\n\t\t\t\t\t\t<div class=\"elementor-element elementor-element-aa49358 elementor-widget elementor-widget-text-editor\" data-id=\"aa49358\" data-element_type=\"widget\" data-e-type=\"widget\" data-widget_type=\"text-editor.default\">\n\t\t\t\t<div class=\"elementor-widget-container\">\n\t\t\t\t\t\t\t\t\t<h3>&nbsp;<\/h3>\n<p>A Alian\u00e7a Salve Corda atribui grande import\u00e2ncia \u00e0 privacidade e \u00e0 prote\u00e7\u00e3o de dados. Recolhe e utiliza os seus dados pessoais de acordo com o conte\u00fado destas disposi\u00e7\u00f5es de prote\u00e7\u00e3o de dados e os regulamentos de prote\u00e7\u00e3o de dados aplic\u00e1veis, em particular a Lei de Prote\u00e7\u00e3o de Dados (DPA) e o RGPD europeu.<\/p><p><br><\/p>\n<p><\/p>\n<p>&nbsp; &nbsp; 1. <span style=\"font-weight: bold;\">Objet de l&#8217;Alliance<\/span><\/p>\n<p>L\u2019Alliance Salve corda est une \u0153uvre cultuelle catholique. Son site salve-corda.org est un service d&#8217;information en ligne cultuel \u00e9dit\u00e9 \u00e0 titre non professionnel.<\/p>\n<p><br><\/p>\n<p><\/p>\n<ol start=\"2\">\n<li><strong>Descri\u00e7\u00e3o e \u00e2mbito do tratamento de dados<\/strong><\/li>\n<\/ol>\n<p><em>Recolha de dados<\/em><\/p>\n<p>O s\u00edtio n\u00e3o recolhe quaisquer dados pessoais para al\u00e9m de um simples e-mail. Em particular, o s\u00edtio n\u00e3o recolhe nomes, endere\u00e7os postais, n\u00fameros de telefone, datas de nascimento, etc. Quando uma pessoa ou organiza\u00e7\u00e3o contacta a Alliance por correio eletr\u00f3nico, os dados trocados posteriormente no \u00e2mbito de discuss\u00f5es s\u00e3o de natureza estritamente privada e n\u00e3o s\u00e3o objeto de qualquer tipo de tratamento. Estas discuss\u00f5es est\u00e3o sujeitas a um compromisso m\u00fatuo de total confidencialidade de ambas as partes.<\/p><p><br><\/p>\n<p><em>Utiliza\u00e7\u00e3o do s\u00edtio<\/em><\/p>\n<p>O s\u00edtio n\u00e3o recolhe quaisquer informa\u00e7\u00f5es sobre a sua utiliza\u00e7\u00e3o do s\u00edtio. Al\u00e9m disso, foi exclu\u00edda qualquer utiliza\u00e7\u00e3o de plug-ins de redes sociais e de ferramentas de an\u00e1lise da Web, como o Google Analytics, uma vez que exigem que os s\u00edtios recolham informa\u00e7\u00f5es pessoais.<\/p><p><br><\/p>\n<p><\/p>\n<ol start=\"3\">\n<li><strong>Princ\u00edpios do tratamento de dados<\/strong><\/li>\n<\/ol>\n<p>Vos emails ne sont ni vendus ni communiqu\u00e9s \u00e0 des tiers en dehors de nos deux sous-traitants wordpress (logiciel d&#8217;\u00e9dition de site) et Brevo (logiciel d&#8217;envoi de mails) et dans le cadre exclusif de leurs services.<\/p>\n<p>A Alliance n\u00e3o \"processa\" os seus dados. Os seus dados, os seus e-mails, s\u00f3 ser\u00e3o utilizados para os seguintes fins:<\/p>\n<ul>\n<li>Enviar automaticamente uma medita\u00e7\u00e3o todos os meses<\/li>\n<li>Para fornecer informa\u00e7\u00f5es sobre eventos especiais numa base ad hoc.<\/li>\n<li>Responder \u00e0s suas mensagens e discutir a nossa atividade em privado<\/li>\n<\/ul>\n<p>Os e-mails ser\u00e3o mantidos por um per\u00edodo de 5 anos, a menos que uma pessoa pe\u00e7a para ser removida da lista antes disso. Para o fazer, basta escrever \u00e0 Alian\u00e7a pedindo para ser retirado da lista utilizando o seguinte endere\u00e7o de correio eletr\u00f3nico: contact (at) salve-corda.org<\/p><p><br><\/p>\n<p><\/p>\n<ol start=\"4\">\n<li><strong>Biscoitos<\/strong><\/li>\n<\/ol>\n<p>O s\u00edtio n\u00e3o utiliza cookies. No entanto, utiliza os servi\u00e7os dos subcontratantes acima indicados. Estas empresas podem utilizar principalmente cookies t\u00e9cnicos sob a sua exclusiva responsabilidade. Se desejar bloquear estes cookies, pode configurar o seu navegador para que n\u00e3o aceite cookies.<\/p><p><br><\/p>\n<p><\/p>\n<ol start=\"5\">\n<li><strong>Seguran\u00e7a dos dados<\/strong><\/li>\n<\/ol>\n<p>O correio eletr\u00f3nico que nos envia \u00e9 armazenado em servidores localizados na Su\u00ed\u00e7a. Utilizamos o sistema de encripta\u00e7\u00e3o SSL (Secure Socket Layer) para encriptar os nossos interc\u00e2mbios.<\/p><p><br><\/p>\n<p><\/p>\n<ol start=\"6\">\n<li><strong>Alojamento<\/strong><\/li>\n<\/ol>\n<p>O s\u00edtio web salve-corda est\u00e1 alojado em Kreativmedia Gmbh , Hoschgasse 45, CH-8008 Zurique, Tel : 0800 550 660<\/p><p><br><\/p>\n<p><\/p>\n<ol start=\"7\">\n<li><strong>Altera\u00e7\u00f5es a esta pol\u00edtica de prote\u00e7\u00e3o de dados<\/strong><\/li>\n<\/ol>\n<p>Reservamo-nos o direito de alterar esta pol\u00edtica de privacidade em qualquer altura, com efeitos para o futuro. Uma vers\u00e3o actualizada est\u00e1 dispon\u00edvel no s\u00edtio Web. Convidamo-lo a consultar regularmente o s\u00edtio Web e a informar-se sobre a pol\u00edtica de prote\u00e7\u00e3o de dados em vigor.<\/p><p><br><\/p>\n<p><\/p>\n<ol start=\"8\">\n<li><strong>Os seus direitos<\/strong><\/li>\n<\/ol>\n<p>O utilizador tem o direito de solicitar informa\u00e7\u00f5es sobre os seus dados pessoais. Em particular, pode solicitar informa\u00e7\u00f5es sobre os dados pessoais em si, como s\u00e3o utilizados, durante quanto tempo s\u00e3o conservados e qual a sua origem. Tem tamb\u00e9m o direito de revogar, em qualquer altura, qualquer consentimento que tenha dado para a utiliza\u00e7\u00e3o dos seus dados pessoais. Pode fazer valer os seus direitos supracitados junto da nossa empresa em qualquer altura. Para nos contactar relativamente \u00e0 prote\u00e7\u00e3o dos seus dados, por favor contacte a pessoa respons\u00e1vel pela prote\u00e7\u00e3o de dados na Alian\u00e7a: dpo (at) salve-corda.org<\/p>\n<p><em>Declara\u00e7\u00e3o de dados - 01\/01\/2024<\/em><\/p>\n<p style=\"text-align: right;\">\n<\/p>\t\t\t\t\t\t\t\t<\/div>\n\t\t\t\t<\/div>\n\t\t\t\t\t<\/div>\n\t\t<\/div>\n\t\t\t\t\t<\/div>\n\t\t<\/section>\n\t\t\t\t<\/div>","protected":false},"excerpt":{"rendered":"<p>DECLARA\u00c7\u00c3O DE PROTEC\u00c7\u00c3O DE DADOS A Salve Corda Alliance est\u00e1 empenhada em respeitar a privacidade e a prote\u00e7\u00e3o de dados. Recolhe e utiliza os seus dados pessoais em conformidade com a [...]<\/p>","protected":false},"author":1,"featured_media":0,"parent":0,"menu_order":0,"comment_status":"closed","ping_status":"closed","template":"elementor_header_footer","meta":{"footnotes":""},"class_list":["post-8845","page","type-page","status-publish","hentry"],"_links":{"self":[{"href":"https:\/\/salve-corda.org\/pt\/wp-json\/wp\/v2\/pages\/8845","targetHints":{"allow":["GET"]}}],"collection":[{"href":"https:\/\/salve-corda.org\/pt\/wp-json\/wp\/v2\/pages"}],"about":[{"href":"https:\/\/salve-corda.org\/pt\/wp-json\/wp\/v2\/types\/page"}],"author":[{"embeddable":true,"href":"https:\/\/salve-corda.org\/pt\/wp-json\/wp\/v2\/users\/1"}],"replies":[{"embeddable":true,"href":"https:\/\/salve-corda.org\/pt\/wp-json\/wp\/v2\/comments?post=8845"}],"version-history":[{"count":25,"href":"https:\/\/salve-corda.org\/pt\/wp-json\/wp\/v2\/pages\/8845\/revisions"}],"predecessor-version":[{"id":12136,"href":"https:\/\/salve-corda.org\/pt\/wp-json\/wp\/v2\/pages\/8845\/revisions\/12136"}],"wp:attachment":[{"href":"https:\/\/salve-corda.org\/pt\/wp-json\/wp\/v2\/media?parent=8845"}],"curies":[{"name":"wp","href":"https:\/\/api.w.org\/{rel}","templated":true}]}}

<div data-elementor-type="wp-page" data-elementor-id="8845" class="elementor elementor-8845">
						<section class="elementor-section elementor-top-section elementor-element elementor-element-b856bc0 elementor-section-boxed elementor-section-height-default elementor-section-height-default" data-id="b856bc0" data-element_type="section" data-e-type="section">
						<div class="elementor-container elementor-column-gap-default">
					<div class="elementor-column elementor-col-100 elementor-top-column elementor-element elementor-element-f8ef477" data-id="f8ef477" data-element_type="column" data-e-type="column">
			<div class="elementor-widget-wrap elementor-element-populated">
						<div class="elementor-element elementor-element-0eba749 elementor-widget elementor-widget-spacer" data-id="0eba749" data-element_type="widget" data-e-type="widget" data-widget_type="spacer.default">
				<div class="elementor-widget-container">
							<div class="elementor-spacer">
			<div class="elementor-spacer-inner"></div>
		</div>
						</div>
				</div>
					</div>
		</div>
					</div>
		</section>
				<section class="elementor-section elementor-top-section elementor-element elementor-element-d808c5b elementor-section-boxed elementor-section-height-default elementor-section-height-default" data-id="d808c5b" data-element_type="section" data-e-type="section">
						<div class="elementor-container elementor-column-gap-default">
					<div class="elementor-column elementor-col-100 elementor-top-column elementor-element elementor-element-e8b4ce5" data-id="e8b4ce5" data-element_type="column" data-e-type="column">
			<div class="elementor-widget-wrap elementor-element-populated">
						<div class="elementor-element elementor-element-448478e elementor-widget elementor-widget-heading" data-id="448478e" data-element_type="widget" data-e-type="widget" data-widget_type="heading.default">
				<div class="elementor-widget-container">
					<h2 class="elementor-heading-title elementor-size-default">DECLARAÇÃO DE PROTECÇÃO DE DADOS</h2>				</div>
				</div>
					</div>
		</div>
					</div>
		</section>
				<section class="elementor-section elementor-top-section elementor-element elementor-element-a3eb121 elementor-section-boxed elementor-section-height-default elementor-section-height-default" data-id="a3eb121" data-element_type="section" data-e-type="section" data-settings="{&quot;background_background&quot;:&quot;classic&quot;}">
						<div class="elementor-container elementor-column-gap-default">
					<div class="elementor-column elementor-col-100 elementor-top-column elementor-element elementor-element-ca6451b" data-id="ca6451b" data-element_type="column" data-e-type="column">
			<div class="elementor-widget-wrap elementor-element-populated">
						<div class="elementor-element elementor-element-aa49358 elementor-widget elementor-widget-text-editor" data-id="aa49358" data-element_type="widget" data-e-type="widget" data-widget_type="text-editor.default">
				<div class="elementor-widget-container">
									<h3>&nbsp;</h3>
<p>A Aliança Salve Corda atribui grande importância à privacidade e à proteção de dados. Recolhe e utiliza os seus dados pessoais de acordo com o conteúdo destas disposições de proteção de dados e os regulamentos de proteção de dados aplicáveis, em particular a Lei de Proteção de Dados (DPA) e o RGPD europeu.</p><p><br></p>
<p></p>
<p>&nbsp; &nbsp; 1. <span style="font-weight: bold;">Objet de l&#8217;Alliance</span></p>
<p>L’Alliance Salve corda est une œuvre cultuelle catholique. Son site salve-corda.org est un service d&#8217;information en ligne cultuel édité à titre non professionnel.</p>
<p><br></p>
<p></p>
<ol start="2">
<li><strong>Descrição e âmbito do tratamento de dados</strong></li>
</ol>
<p><em>Recolha de dados</em></p>
<p>O sítio não recolhe quaisquer dados pessoais para além de um simples e-mail. Em particular, o sítio não recolhe nomes, endereços postais, números de telefone, datas de nascimento, etc. Quando uma pessoa ou organização contacta a Alliance por correio eletrónico, os dados trocados posteriormente no âmbito de discussões são de natureza estritamente privada e não são objeto de qualquer tipo de tratamento. Estas discussões estão sujeitas a um compromisso mútuo de total confidencialidade de ambas as partes.</p><p><br></p>
<p><em>Utilização do sítio</em></p>
<p>O sítio não recolhe quaisquer informações sobre a sua utilização do sítio. Além disso, foi excluída qualquer utilização de plug-ins de redes sociais e de ferramentas de análise da Web, como o Google Analytics, uma vez que exigem que os sítios recolham informações pessoais.</p><p><br></p>
<p></p>
<ol start="3">
<li><strong>Princípios do tratamento de dados</strong></li>
</ol>
<p>Vos emails ne sont ni vendus ni communiqués à des tiers en dehors de nos deux sous-traitants wordpress (logiciel d&#8217;édition de site) et Brevo (logiciel d&#8217;envoi de mails) et dans le cadre exclusif de leurs services.</p>
<p>A Alliance não "processa" os seus dados. Os seus dados, os seus e-mails, só serão utilizados para os seguintes fins:</p>
<ul>
<li>Enviar automaticamente uma meditação todos os meses</li>
<li>Para fornecer informações sobre eventos especiais numa base ad hoc.</li>
<li>Responder às suas mensagens e discutir a nossa atividade em privado</li>
</ul>
<p>Os e-mails serão mantidos por um período de 5 anos, a menos que uma pessoa peça para ser removida da lista antes disso. Para o fazer, basta escrever à Aliança pedindo para ser retirado da lista utilizando o seguinte endereço de correio eletrónico: contact (at) salve-corda.org</p><p><br></p>
<p></p>
<ol start="4">
<li><strong>Biscoitos</strong></li>
</ol>
<p>O sítio não utiliza cookies. No entanto, utiliza os serviços dos subcontratantes acima indicados. Estas empresas podem utilizar principalmente cookies técnicos sob a sua exclusiva responsabilidade. Se desejar bloquear estes cookies, pode configurar o seu navegador para que não aceite cookies.</p><p><br></p>
<p></p>
<ol start="5">
<li><strong>Segurança dos dados</strong></li>
</ol>
<p>O correio eletrónico que nos envia é armazenado em servidores localizados na Suíça. Utilizamos o sistema de encriptação SSL (Secure Socket Layer) para encriptar os nossos intercâmbios.</p><p><br></p>
<p></p>
<ol start="6">
<li><strong>Alojamento</strong></li>
</ol>
<p>O sítio web salve-corda está alojado em Kreativmedia Gmbh , Hoschgasse 45, CH-8008 Zurique, Tel : 0800 550 660</p><p><br></p>
<p></p>
<ol start="7">
<li><strong>Alterações a esta política de proteção de dados</strong></li>
</ol>
<p>Reservamo-nos o direito de alterar esta política de privacidade em qualquer altura, com efeitos para o futuro. Uma versão actualizada está disponível no sítio Web. Convidamo-lo a consultar regularmente o sítio Web e a informar-se sobre a política de proteção de dados em vigor.</p><p><br></p>
<p></p>
<ol start="8">
<li><strong>Os seus direitos</strong></li>
</ol>
<p>O utilizador tem o direito de solicitar informações sobre os seus dados pessoais. Em particular, pode solicitar informações sobre os dados pessoais em si, como são utilizados, durante quanto tempo são conservados e qual a sua origem. Tem também o direito de revogar, em qualquer altura, qualquer consentimento que tenha dado para a utilização dos seus dados pessoais. Pode fazer valer os seus direitos supracitados junto da nossa empresa em qualquer altura. Para nos contactar relativamente à proteção dos seus dados, por favor contacte a pessoa responsável pela proteção de dados na Aliança: dpo (at) salve-corda.org</p>
<p><em>Declaração de dados - 01/01/2024</em></p>
<p style="text-align: right;">
</p>								</div>
				</div>
					</div>
		</div>
					</div>
		</section>
				</div>

<p>DECLARAÇÃO DE PROTECÇÃO DE DADOS A Salve Corda Alliance está empenhada em respeitar a privacidade e a proteção de dados. Recolhe e utiliza os seus dados pessoais em conformidade com a [...]</p>
