{"id":2042,"date":"2021-06-10T12:56:20","date_gmt":"2021-06-10T10:56:20","guid":{"rendered":"https:\/\/salve-corda.org\/?post_type=prieres&#038;p=2042"},"modified":"2024-03-05T17:33:06","modified_gmt":"2024-03-05T16:33:06","slug":"une-autre-priere-a-la-sainte-vierge","status":"publish","type":"prieres","link":"https:\/\/salve-corda.org\/pt\/prieres\/une-autre-priere-a-la-sainte-vierge\/","title":{"rendered":"Ora\u00e7\u00f5es escritas por santos"},"content":{"rendered":"<p class=\"has-medium-font-size wp-block-paragraph\">S\u00e3o Lu\u00eds Maria Grignon de Montfort<\/p>\n\n\n\n<p class=\"has-medium-font-size wp-block-paragraph\"><mark style=\"background-color:rgba(0, 0, 0, 0);color:#006984\" class=\"has-inline-color\">Em louvor deste ador\u00e1vel Cora\u00e7\u00e3o,<br>Alugo com propor\u00e7\u00e3o<br>O Cora\u00e7\u00e3o da sua admir\u00e1vel M\u00e3e,<br>T\u00e3o grande \u00e9 a sua uni\u00e3o.<\/mark><br><br><mark style=\"background-color:rgba(0, 0, 0, 0);color:#006984\" class=\"has-inline-color\">Ce n\u2019est que vous seul que j&#8217;adore,<br>Cora\u00e7\u00e3o do meu Deus, Cora\u00e7\u00e3o glorioso,<br>Mas ao adorar-te, eu honro<br>O cora\u00e7\u00e3o da Rainha do C\u00e9u.<\/mark><br><br><mark style=\"background-color:rgba(0, 0, 0, 0);color:#006984\" class=\"has-inline-color\">Crist\u00e3o, pelo Cora\u00e7\u00e3o de Maria<br>N\u00f3s amamos o Cora\u00e7\u00e3o de Jesus,<br>Porque Jesus tomou a vida no seu Cora\u00e7\u00e3o e nas suas virtudes.<\/mark><br><br><mark style=\"background-color:rgba(0, 0, 0, 0);color:#006984\" class=\"has-inline-color\">Do sangue do seu cora\u00e7\u00e3o flamejante<br>O Cora\u00e7\u00e3o de Jesus \u00e9 formado ;<br>Ils n&#8217;ont qu&#8217;un c\u0153ur,<br>Ils n\u2019ont qu&#8217;une \u00e2me,<br>L&#8217;un et I&#8217;autre doit \u00eatre aim\u00e9.<br>Alma, perde-te sem partilhar<br>Nestes dois cora\u00e7\u00f5es milagrosos,<br>Est\u00e3o comprometidos um com o outro<br>A n&#8217;en voir qu\u2019un seul dans les deux.<br><br>Querida alma, sobe \u00e0s escondidas<br>Por este Cora\u00e7\u00e3o terno do Alt\u00edssimo<br>Em breve ser\u00e1s perfeito<br>Amando este Cora\u00e7\u00e3o como ele deve ser amado.<\/mark><\/p>\n\n\n\n<p class=\"wp-block-paragraph\">S\u00e3o Lu\u00eds Maria Grignon de Montfort<\/p>","protected":false},"featured_media":6656,"template":"","class_list":["post-2042","prieres","type-prieres","status-publish","has-post-thumbnail","hentry"],"_links":{"self":[{"href":"https:\/\/salve-corda.org\/pt\/wp-json\/wp\/v2\/prieres\/2042","targetHints":{"allow":["GET"]}}],"collection":[{"href":"https:\/\/salve-corda.org\/pt\/wp-json\/wp\/v2\/prieres"}],"about":[{"href":"https:\/\/salve-corda.org\/pt\/wp-json\/wp\/v2\/types\/prieres"}],"version-history":[{"count":1,"href":"https:\/\/salve-corda.org\/pt\/wp-json\/wp\/v2\/prieres\/2042\/revisions"}],"predecessor-version":[{"id":6655,"href":"https:\/\/salve-corda.org\/pt\/wp-json\/wp\/v2\/prieres\/2042\/revisions\/6655"}],"wp:featuredmedia":[{"embeddable":true,"href":"https:\/\/salve-corda.org\/pt\/wp-json\/wp\/v2\/media\/6656"}],"wp:attachment":[{"href":"https:\/\/salve-corda.org\/pt\/wp-json\/wp\/v2\/media?parent=2042"}],"curies":[{"name":"wp","href":"https:\/\/api.w.org\/{rel}","templated":true}]}}

Orações escritas por santos

<p class="has-medium-font-size wp-block-paragraph">São Luís Maria Grignon de Montfort</p>



<p class="has-medium-font-size wp-block-paragraph"><mark style="background-color:rgba(0, 0, 0, 0);color:#006984" class="has-inline-color">Em louvor deste adorável Coração,<br>Alugo com proporção<br>O Coração da sua admirável Mãe,<br>Tão grande é a sua união.</mark><br><br><mark style="background-color:rgba(0, 0, 0, 0);color:#006984" class="has-inline-color">Ce n’est que vous seul que j&#8217;adore,<br>Coração do meu Deus, Coração glorioso,<br>Mas ao adorar-te, eu honro<br>O coração da Rainha do Céu.</mark><br><br><mark style="background-color:rgba(0, 0, 0, 0);color:#006984" class="has-inline-color">Cristão, pelo Coração de Maria<br>Nós amamos o Coração de Jesus,<br>Porque Jesus tomou a vida no seu Coração e nas suas virtudes.</mark><br><br><mark style="background-color:rgba(0, 0, 0, 0);color:#006984" class="has-inline-color">Do sangue do seu coração flamejante<br>O Coração de Jesus é formado ;<br>Ils n&#8217;ont qu&#8217;un cœur,<br>Ils n’ont qu&#8217;une âme,<br>L&#8217;un et I&#8217;autre doit être aimé.<br>Alma, perde-te sem partilhar<br>Nestes dois corações milagrosos,<br>Estão comprometidos um com o outro<br>A n&#8217;en voir qu’un seul dans les deux.<br><br>Querida alma, sobe às escondidas<br>Por este Coração terno do Altíssimo<br>Em breve serás perfeito<br>Amando este Coração como ele deve ser amado.</mark></p>



<p class="wp-block-paragraph">São Luís Maria Grignon de Montfort</p>
