{"id":2076,"date":"2021-09-14T16:01:49","date_gmt":"2021-09-14T14:01:49","guid":{"rendered":"https:\/\/salve-corda.org\/?post_type=prieres&#038;p=2076"},"modified":"2021-09-23T23:30:56","modified_gmt":"2021-09-23T21:30:56","slug":"prieres-fatima","status":"publish","type":"prieres","link":"https:\/\/salve-corda.org\/pt\/prieres\/prieres-fatima\/","title":{"rendered":"Rezar durante o dia"},"content":{"rendered":"<p class=\"wp-block-paragraph\"><\/p>\n\n\n\n<p class=\"has-medium-font-size wp-block-paragraph\"><strong><u>Oferta da manh\u00e3 aos Cora\u00e7\u00f5es de Jesus e de Maria<\/u><\/strong><\/p>\n\n\n\n<p class=\"has-medium-font-size wp-block-paragraph\"><span style=\"color:#0c54d0\" class=\"has-inline-color\">\"Divino Cora\u00e7\u00e3o de Jesus, ofere\u00e7o-Vos, pelo Cora\u00e7\u00e3o Imaculado de Maria, as ora\u00e7\u00f5es, os trabalhos e os sofrimentos deste dia, em repara\u00e7\u00e3o das nossas ofensas e por todas as inten\u00e7\u00f5es pelas quais V\u00f3s Vos imolais continuamente no Altar. Ofere\u00e7o-Vos em particular pelo nosso Santo Padre o Papa, pela vinda do Papa que consagrar\u00e1 a R\u00fassia, pela Fran\u00e7a e pela Igreja, pelos bons e santos sacerdotes, pela convers\u00e3o dos pecadores e das almas do Purgat\u00f3rio.<\/span><\/p>\n\n\n\n<p class=\"has-medium-font-size wp-block-paragraph\"><em>Nota: acrescent\u00e1mos o pedido da vinda do Papa que consagrar\u00e1 a R\u00fassia. Este pedido \u00e9 fundamental para obter a convers\u00e3o do mundo e deve ser feito a Deus regularmente.<\/em><\/p>\n\n\n\n<p class=\"wp-block-paragraph\"><\/p>\n\n\n\n<p class=\"wp-block-paragraph\"><\/p>\n\n\n\n<p class=\"has-medium-font-size wp-block-paragraph\"><strong><u>Ora\u00e7\u00e3o para oferecer as dificuldades do seu dever de Estado<\/u><\/strong><br><meta charset=\"utf-8\"><em>Ora\u00e7\u00e3o feita pela pr\u00f3pria Nossa Senhora em F\u00e1tima, a 13 de julho de 1917\u00a0<\/em><\/p>\n\n\n\n<p class=\"has-medium-font-size wp-block-paragraph\"><span style=\"color:#0c54d0\" class=\"has-inline-color\">\u00ab&nbsp;J\u00e9sus, c&#8217;est par amour pour Vous, pour la conversion des p\u00e9cheurs et en r\u00e9paration des p\u00e9ch\u00e9s commis contre le C\u0153ur Immacul\u00e9 de Marie \u00bb.<\/span><\/p>\n\n\n\n<p class=\"has-medium-font-size wp-block-paragraph\"><\/p>\n\n\n\n<p class=\"wp-block-paragraph\"><\/p>\n\n\n\n<p class=\"has-medium-font-size wp-block-paragraph\"><strong><u>Oferecer quando confrontado com o mal ou com os pecadores durante o dia<\/u><\/strong><br><meta charset=\"utf-8\"><em>Ora\u00e7\u00e3o dada pelo anjo em F\u00e1tima na primavera de 1916<\/em><\/p>\n\n\n\n<p class=\"has-medium-font-size wp-block-paragraph\"><span style=\"color:#0c54d0\" class=\"has-inline-color\">\u00ab&nbsp;Mon Dieu, je crois, j&#8217;adore, j&#8217;esp\u00e8re et je Vous aime&nbsp;! Je Vous demande pardon pour ceux qui ne croient pas, qui n&#8217;adorent pas, qui n&#8217;esp\u00e8rent pas, qui ne Vous aiment pas&nbsp;!&nbsp;\u00bb<\/span><\/p>\n\n\n\n<p class=\"wp-block-paragraph\"><\/p>\n\n\n\n<p class=\"has-medium-font-size wp-block-paragraph\"><strong><u>Oferta de comunh\u00e3o<\/u><\/strong><br><meta charset=\"utf-8\"><em>Ora\u00e7\u00e3o dada pelo anjo em F\u00e1tima na primavera de 1916<\/em><\/p>\n\n\n\n<p class=\"has-medium-font-size wp-block-paragraph\"><span style=\"color:#0c54d0\" class=\"has-inline-color\">\"Sant\u00edssima Trindade, Pai, Filho e Esp\u00edrito Santo, adoro-Vos profundamente e ofere\u00e7o-Vos o precios\u00edssimo Corpo, Sangue, Alma e Divindade de Jesus Cristo, presente em todos os Sacr\u00e1rios da terra, em repara\u00e7\u00e3o dos ultrajes, sacril\u00e9gios e indiferen\u00e7as com que Ele pr\u00f3prio \u00e9 ofendido. Pelos m\u00e9ritos infinitos do Seu Sacrat\u00edssimo Cora\u00e7\u00e3o e do Imaculado Cora\u00e7\u00e3o de Maria, pe\u00e7o-Vos a convers\u00e3o dos pobres. <\/span><em><span style=\"color:#0c54d0\" class=\"has-inline-color\">pecadores \"<\/span><\/em><\/p>","protected":false},"featured_media":2078,"template":"","class_list":["post-2076","prieres","type-prieres","status-publish","has-post-thumbnail","hentry"],"_links":{"self":[{"href":"https:\/\/salve-corda.org\/pt\/wp-json\/wp\/v2\/prieres\/2076","targetHints":{"allow":["GET"]}}],"collection":[{"href":"https:\/\/salve-corda.org\/pt\/wp-json\/wp\/v2\/prieres"}],"about":[{"href":"https:\/\/salve-corda.org\/pt\/wp-json\/wp\/v2\/types\/prieres"}],"version-history":[{"count":1,"href":"https:\/\/salve-corda.org\/pt\/wp-json\/wp\/v2\/prieres\/2076\/revisions"}],"predecessor-version":[{"id":6812,"href":"https:\/\/salve-corda.org\/pt\/wp-json\/wp\/v2\/prieres\/2076\/revisions\/6812"}],"wp:featuredmedia":[{"embeddable":true,"href":"https:\/\/salve-corda.org\/pt\/wp-json\/wp\/v2\/media\/2078"}],"wp:attachment":[{"href":"https:\/\/salve-corda.org\/pt\/wp-json\/wp\/v2\/media?parent=2076"}],"curies":[{"name":"wp","href":"https:\/\/api.w.org\/{rel}","templated":true}]}}

<p class="wp-block-paragraph"></p>



<p class="has-medium-font-size wp-block-paragraph"><strong><u>Oferta da manhã aos Corações de Jesus e de Maria</u></strong></p>



<p class="has-medium-font-size wp-block-paragraph"><span style="color:#0c54d0" class="has-inline-color">"Divino Coração de Jesus, ofereço-Vos, pelo Coração Imaculado de Maria, as orações, os trabalhos e os sofrimentos deste dia, em reparação das nossas ofensas e por todas as intenções pelas quais Vós Vos imolais continuamente no Altar. Ofereço-Vos em particular pelo nosso Santo Padre o Papa, pela vinda do Papa que consagrará a Rússia, pela França e pela Igreja, pelos bons e santos sacerdotes, pela conversão dos pecadores e das almas do Purgatório.</span></p>



<p class="has-medium-font-size wp-block-paragraph"><em>Nota: acrescentámos o pedido da vinda do Papa que consagrará a Rússia. Este pedido é fundamental para obter a conversão do mundo e deve ser feito a Deus regularmente.</em></p>



<p class="wp-block-paragraph"></p>



<p class="wp-block-paragraph"></p>



<p class="has-medium-font-size wp-block-paragraph"><strong><u>Oração para oferecer as dificuldades do seu dever de Estado</u></strong><br><meta charset="utf-8"><em>Oração feita pela própria Nossa Senhora em Fátima, a 13 de julho de 1917 </em></p>



<p class="has-medium-font-size wp-block-paragraph"><span style="color:#0c54d0" class="has-inline-color">«&nbsp;Jésus, c&#8217;est par amour pour Vous, pour la conversion des pécheurs et en réparation des péchés commis contre le Cœur Immaculé de Marie ».</span></p>



<p class="has-medium-font-size wp-block-paragraph"></p>



<p class="wp-block-paragraph"></p>



<p class="has-medium-font-size wp-block-paragraph"><strong><u>Oferecer quando confrontado com o mal ou com os pecadores durante o dia</u></strong><br><meta charset="utf-8"><em>Oração dada pelo anjo em Fátima na primavera de 1916</em></p>



<p class="has-medium-font-size wp-block-paragraph"><span style="color:#0c54d0" class="has-inline-color">«&nbsp;Mon Dieu, je crois, j&#8217;adore, j&#8217;espère et je Vous aime&nbsp;! Je Vous demande pardon pour ceux qui ne croient pas, qui n&#8217;adorent pas, qui n&#8217;espèrent pas, qui ne Vous aiment pas&nbsp;!&nbsp;»</span></p>



<p class="wp-block-paragraph"></p>



<p class="has-medium-font-size wp-block-paragraph"><strong><u>Oferta de comunhão</u></strong><br><meta charset="utf-8"><em>Oração dada pelo anjo em Fátima na primavera de 1916</em></p>



<p class="has-medium-font-size wp-block-paragraph"><span style="color:#0c54d0" class="has-inline-color">"Santíssima Trindade, Pai, Filho e Espírito Santo, adoro-Vos profundamente e ofereço-Vos o preciosíssimo Corpo, Sangue, Alma e Divindade de Jesus Cristo, presente em todos os Sacrários da terra, em reparação dos ultrajes, sacrilégios e indiferenças com que Ele próprio é ofendido. Pelos méritos infinitos do Seu Sacratíssimo Coração e do Imaculado Coração de Maria, peço-Vos a conversão dos pobres. </span><em><span style="color:#0c54d0" class="has-inline-color">pecadores "</span></em></p>
