{"id":2089,"date":"2021-09-13T17:47:24","date_gmt":"2021-09-13T15:47:24","guid":{"rendered":"https:\/\/salve-corda.org\/?post_type=prieres&#038;p=2089"},"modified":"2021-09-14T20:44:23","modified_gmt":"2021-09-14T18:44:23","slug":"litanie-du-sacre-coeur","status":"publish","type":"prieres","link":"https:\/\/salve-corda.org\/pt\/prieres\/litanie-du-sacre-coeur\/","title":{"rendered":"Ladainha do Sagrado Cora\u00e7\u00e3o"},"content":{"rendered":"<p class=\"has-medium-font-size wp-block-paragraph\"><strong><u>Ladainha do Sagrado Cora\u00e7\u00e3o<\/u><\/strong><\/p>\n\n\n\n<p class=\"has-medium-font-size wp-block-paragraph\"><span style=\"color:#006984\" class=\"has-inline-color\">Senhor, tem piedade de n\u00f3s.<br>Jesus Cristo, tem piedade de n\u00f3s.<br>Senhor, tem piedade de n\u00f3s.<br>Jesus Cristo, ouve-nos.<br>Jesus Cristo, ouve-nos.<br><br>Pai do C\u00e9u, tem piedade de n\u00f3s.<br>Filho, Redentor do mundo, que sois Deus, tende piedade de n\u00f3s.<br>Esp\u00edrito Santo, que sois Deus, tende piedade de n\u00f3s.<br>Sant\u00edssima Trindade, sois um s\u00f3 Deus, tende piedade de n\u00f3s.<br>Cora\u00e7\u00e3o de Jesus, Filho do Pai eterno, tende piedade de n\u00f3s.<br>Cora\u00e7\u00e3o de Jesus, formado pelo Esp\u00edrito Santo no seio da Virgem M\u00e3e,<br>                                                                                                                   tem piedade de n\u00f3s.<br>Cora\u00e7\u00e3o de Jesus, unido substancialmente \u00e0 Palavra de Deus, tende piedade de n\u00f3s.<br>Cora\u00e7\u00e3o de Jesus, de infinita majestade, tende piedade de n\u00f3s.<br>Cora\u00e7\u00e3o de Jesus, templo santo de Deus, tende piedade de n\u00f3s.<br>Cora\u00e7\u00e3o de Jesus, tabern\u00e1culo do Alt\u00edssimo, tende piedade de n\u00f3s.<br>Cora\u00e7\u00e3o de Jesus, casa de Deus e porta do c\u00e9u, tende piedade de n\u00f3s.<br>Cora\u00e7\u00e3o de Jesus, fornalha ardente de caridade, tende piedade de n\u00f3s.<br>Cora\u00e7\u00e3o de Jesus, santu\u00e1rio de justi\u00e7a e de amor, tende piedade de n\u00f3s.<br>Cora\u00e7\u00e3o de Jesus, cheio de amor e de bondade, tende piedade de n\u00f3s.<\/span><br><span style=\"color:#006984\" class=\"has-inline-color\">Cora\u00e7\u00e3o de Jesus, abismo de todas as virtudes, tende piedade de n\u00f3s.<br>Cora\u00e7\u00e3o de Jesus, dign\u00edssimo de todo o louvor, tende piedade de n\u00f3s.<br>Cora\u00e7\u00e3o de Jesus, rei e centro de todos os cora\u00e7\u00f5es, tende piedade de n\u00f3s.<br>Cora\u00e7\u00e3o de Jesus, no qual se encontram todos os tesouros da sabedoria e da ci\u00eancia,<br>                                                                                                                    tem piedade de n\u00f3s.<\/span><br><span style=\"color:#0071a1\" class=\"has-inline-color\">Cora\u00e7\u00e3o de Jesus, em quem habita toda a plenitude da Divindade, tende piedade de n\u00f3s.<br>Cora\u00e7\u00e3o de Jesus, objeto das indulg\u00eancias do Pai, tende piedade de n\u00f3s.<br>Cora\u00e7\u00e3o de Jesus, cuja plenitude se derrama sobre todos n\u00f3s, tende piedade de n\u00f3s.<br>Cora\u00e7\u00e3o de Jesus, desejado nas colinas eternas, tende piedade de n\u00f3s.<br>Cora\u00e7\u00e3o de Jesus, paciente e misericordioso, tende piedade de n\u00f3s.<br>Cora\u00e7\u00e3o de Jesus, liberal para com todos os que vos invocam, tende piedade de n\u00f3s.<br>Cora\u00e7\u00e3o de Jesus, fonte de vida e de santidade, tende piedade de n\u00f3s.<br>Cora\u00e7\u00e3o de Jesus, propicia\u00e7\u00e3o pelos nossos pecados, tende piedade de n\u00f3s.<br>Cora\u00e7\u00e3o de Jesus, cheio de opr\u00f3brio, tende piedade de n\u00f3s.<br>Cora\u00e7\u00e3o de Jesus, esmagado por causa dos nossos crimes, tende piedade de n\u00f3s.<br>Cora\u00e7\u00e3o de Jesus, obediente at\u00e9 \u00e0 morte, tende piedade de n\u00f3s.<br>Cora\u00e7\u00e3o de Jesus, trespassado pela lan\u00e7a, tende piedade de n\u00f3s.<br>Cora\u00e7\u00e3o de Jesus, fonte de toda a consola\u00e7\u00e3o, tende piedade de n\u00f3s.<br>Cora\u00e7\u00e3o de Jesus, nossa vida e ressurrei\u00e7\u00e3o, tende piedade de n\u00f3s.<br>Cora\u00e7\u00e3o de Jesus, nossa paz e reconcilia\u00e7\u00e3o, tende piedade de n\u00f3s.<br>Cora\u00e7\u00e3o de Jesus, v\u00edtima dos pecadores, tende piedade de n\u00f3s.<br>Cora\u00e7\u00e3o de Jesus, salva\u00e7\u00e3o dos que esperam em V\u00f3s, tende piedade de n\u00f3s.<br>Cora\u00e7\u00e3o de Jesus, esperan\u00e7a dos que morrem em ti, tem piedade de n\u00f3s.<br>Cora\u00e7\u00e3o de Jesus, del\u00edcia de todos os santos, tende piedade de n\u00f3s.<br><br>Cordeiro de Deus, que tirais os pecados do mundo, perdoai-nos, Senhor.<br>Cordeiro de Deus, que tirais os pecados do mundo, ouvi-nos, Senhor.<br>Cordeiro de Deus, que tirais os pecados do mundo, tende piedade de n\u00f3s, Senhor.<br><br>R. Jesus, manso e humilde de cora\u00e7\u00e3o<br>V. Fazei os nossos cora\u00e7\u00f5es como os vossos.<br><\/span><br><span style=\"color:#006984\" class=\"has-inline-color\"><strong>Oremos.<\/strong><br>Deus omnipotente e eterno, considerai o Cora\u00e7\u00e3o do vosso amado Filho e os louvores e satisfa\u00e7\u00f5es que ele vos ofereceu em favor dos pecadores: \u00e0queles que imploram a vossa miseric\u00f3rdia, concedei o perd\u00e3o em nome deste mesmo Jesus Cristo, vosso Filho, nosso Senhor e nosso Deus, que convosco reina, na unidade do Esp\u00edrito Santo, pelos s\u00e9culos dos s\u00e9culos.<\/span><\/p>","protected":false},"featured_media":2090,"template":"","class_list":["post-2089","prieres","type-prieres","status-publish","has-post-thumbnail","hentry"],"_links":{"self":[{"href":"https:\/\/salve-corda.org\/pt\/wp-json\/wp\/v2\/prieres\/2089","targetHints":{"allow":["GET"]}}],"collection":[{"href":"https:\/\/salve-corda.org\/pt\/wp-json\/wp\/v2\/prieres"}],"about":[{"href":"https:\/\/salve-corda.org\/pt\/wp-json\/wp\/v2\/types\/prieres"}],"version-history":[{"count":0,"href":"https:\/\/salve-corda.org\/pt\/wp-json\/wp\/v2\/prieres\/2089\/revisions"}],"wp:featuredmedia":[{"embeddable":true,"href":"https:\/\/salve-corda.org\/pt\/wp-json\/wp\/v2\/media\/2090"}],"wp:attachment":[{"href":"https:\/\/salve-corda.org\/pt\/wp-json\/wp\/v2\/media?parent=2089"}],"curies":[{"name":"wp","href":"https:\/\/api.w.org\/{rel}","templated":true}]}}

Ladainha do Sagrado Coração

<p class="has-medium-font-size wp-block-paragraph"><strong><u>Ladainha do Sagrado Coração</u></strong></p>



<p class="has-medium-font-size wp-block-paragraph"><span style="color:#006984" class="has-inline-color">Senhor, tem piedade de nós.<br>Jesus Cristo, tem piedade de nós.<br>Senhor, tem piedade de nós.<br>Jesus Cristo, ouve-nos.<br>Jesus Cristo, ouve-nos.<br><br>Pai do Céu, tem piedade de nós.<br>Filho, Redentor do mundo, que sois Deus, tende piedade de nós.<br>Espírito Santo, que sois Deus, tende piedade de nós.<br>Santíssima Trindade, sois um só Deus, tende piedade de nós.<br>Coração de Jesus, Filho do Pai eterno, tende piedade de nós.<br>Coração de Jesus, formado pelo Espírito Santo no seio da Virgem Mãe,<br>                                                                                                                   tem piedade de nós.<br>Coração de Jesus, unido substancialmente à Palavra de Deus, tende piedade de nós.<br>Coração de Jesus, de infinita majestade, tende piedade de nós.<br>Coração de Jesus, templo santo de Deus, tende piedade de nós.<br>Coração de Jesus, tabernáculo do Altíssimo, tende piedade de nós.<br>Coração de Jesus, casa de Deus e porta do céu, tende piedade de nós.<br>Coração de Jesus, fornalha ardente de caridade, tende piedade de nós.<br>Coração de Jesus, santuário de justiça e de amor, tende piedade de nós.<br>Coração de Jesus, cheio de amor e de bondade, tende piedade de nós.</span><br><span style="color:#006984" class="has-inline-color">Coração de Jesus, abismo de todas as virtudes, tende piedade de nós.<br>Coração de Jesus, digníssimo de todo o louvor, tende piedade de nós.<br>Coração de Jesus, rei e centro de todos os corações, tende piedade de nós.<br>Coração de Jesus, no qual se encontram todos os tesouros da sabedoria e da ciência,<br>                                                                                                                    tem piedade de nós.</span><br><span style="color:#0071a1" class="has-inline-color">Coração de Jesus, em quem habita toda a plenitude da Divindade, tende piedade de nós.<br>Coração de Jesus, objeto das indulgências do Pai, tende piedade de nós.<br>Coração de Jesus, cuja plenitude se derrama sobre todos nós, tende piedade de nós.<br>Coração de Jesus, desejado nas colinas eternas, tende piedade de nós.<br>Coração de Jesus, paciente e misericordioso, tende piedade de nós.<br>Coração de Jesus, liberal para com todos os que vos invocam, tende piedade de nós.<br>Coração de Jesus, fonte de vida e de santidade, tende piedade de nós.<br>Coração de Jesus, propiciação pelos nossos pecados, tende piedade de nós.<br>Coração de Jesus, cheio de opróbrio, tende piedade de nós.<br>Coração de Jesus, esmagado por causa dos nossos crimes, tende piedade de nós.<br>Coração de Jesus, obediente até à morte, tende piedade de nós.<br>Coração de Jesus, trespassado pela lança, tende piedade de nós.<br>Coração de Jesus, fonte de toda a consolação, tende piedade de nós.<br>Coração de Jesus, nossa vida e ressurreição, tende piedade de nós.<br>Coração de Jesus, nossa paz e reconciliação, tende piedade de nós.<br>Coração de Jesus, vítima dos pecadores, tende piedade de nós.<br>Coração de Jesus, salvação dos que esperam em Vós, tende piedade de nós.<br>Coração de Jesus, esperança dos que morrem em ti, tem piedade de nós.<br>Coração de Jesus, delícia de todos os santos, tende piedade de nós.<br><br>Cordeiro de Deus, que tirais os pecados do mundo, perdoai-nos, Senhor.<br>Cordeiro de Deus, que tirais os pecados do mundo, ouvi-nos, Senhor.<br>Cordeiro de Deus, que tirais os pecados do mundo, tende piedade de nós, Senhor.<br><br>R. Jesus, manso e humilde de coração<br>V. Fazei os nossos corações como os vossos.<br></span><br><span style="color:#006984" class="has-inline-color"><strong>Oremos.</strong><br>Deus omnipotente e eterno, considerai o Coração do vosso amado Filho e os louvores e satisfações que ele vos ofereceu em favor dos pecadores: àqueles que imploram a vossa misericórdia, concedei o perdão em nome deste mesmo Jesus Cristo, vosso Filho, nosso Senhor e nosso Deus, que convosco reina, na unidade do Espírito Santo, pelos séculos dos séculos.</span></p>
