{"id":2119,"date":"2021-06-14T23:54:04","date_gmt":"2021-06-14T21:54:04","guid":{"rendered":"https:\/\/salve-corda.org\/?post_type=sites-livres&#038;p=2119"},"modified":"2023-06-17T22:29:28","modified_gmt":"2023-06-17T20:29:28","slug":"livre-la-force-des-1ers-samedis","status":"publish","type":"sites-livres","link":"https:\/\/salve-corda.org\/pt\/sites-livres\/livre-la-force-des-1ers-samedis\/","title":{"rendered":"A for\u00e7a dos primeiros s\u00e1bados"},"content":{"rendered":"<p class=\"has-medium-font-size wp-block-paragraph\">Autor : Isabel Greck<\/p>\n\n\n\n<p class=\"has-medium-font-size wp-block-paragraph\">Ce livre explique une des grandes demandes de la Sainte Vierge \u00e0 Fatima: :les 1ers samedis du mois. Il r\u00e9pond \u00e0 la question: &#8220;Que va pouvoir faire un petit groupe de fid\u00e8les face \u00e0 ce qui est devenu une trag\u00e9die plan\u00e9taire?&#8221; (p 39) Et il pose la question: &#8220;Quand nous emparerons-nous de cette arme de paix que sont les premiers samedis, comme les puissants de ce monde s&#8217;emparent des armes de guerre?&#8221;<\/p>\n\n\n\n<p class=\"has-medium-font-size wp-block-paragraph\">Como comprar<\/p>\n\n\n\n<p class=\"has-vivid-cyan-blue-color has-text-color wp-block-paragraph\"><a rel=\"noreferrer noopener\" href=\"http:\/\/www.chire.fr\/A-202307-la-force-des-premiers-samedis.aspx\" data-type=\"URL\" data-id=\"http:\/\/www.chire.fr\/A-202307-la-force-des-premiers-samedis.aspx\" target=\"_blank\">http:\/\/www.chire.fr\/A-202307-la-force-des-premiers-samedis.aspx<\/a><\/p>\n\n\n\n<p class=\"has-vivid-cyan-blue-color has-text-color wp-block-paragraph\"><a rel=\"noreferrer noopener\" href=\"https:\/\/www.librairietequi.com\/A-59127-la-force-des-premiers-samedis.aspx\" data-type=\"URL\" data-id=\"https:\/\/www.librairietequi.com\/A-59127-la-force-des-premiers-samedis.aspx\" target=\"_blank\">https:\/\/www.librairietequi.com\/A-59127-la-force-des-premiers-samedis.aspx<\/a><\/p>","protected":false},"featured_media":6067,"template":"","class_list":["post-2119","sites-livres","type-sites-livres","status-publish","has-post-thumbnail","hentry"],"_links":{"self":[{"href":"https:\/\/salve-corda.org\/pt\/wp-json\/wp\/v2\/sites-livres\/2119","targetHints":{"allow":["GET"]}}],"collection":[{"href":"https:\/\/salve-corda.org\/pt\/wp-json\/wp\/v2\/sites-livres"}],"about":[{"href":"https:\/\/salve-corda.org\/pt\/wp-json\/wp\/v2\/types\/sites-livres"}],"version-history":[{"count":0,"href":"https:\/\/salve-corda.org\/pt\/wp-json\/wp\/v2\/sites-livres\/2119\/revisions"}],"wp:featuredmedia":[{"embeddable":true,"href":"https:\/\/salve-corda.org\/pt\/wp-json\/wp\/v2\/media\/6067"}],"wp:attachment":[{"href":"https:\/\/salve-corda.org\/pt\/wp-json\/wp\/v2\/media?parent=2119"}],"curies":[{"name":"wp","href":"https:\/\/api.w.org\/{rel}","templated":true}]}}

A força dos primeiros sábados

<p class="has-medium-font-size wp-block-paragraph">Autor : Isabel Greck</p>



<p class="has-medium-font-size wp-block-paragraph">Ce livre explique une des grandes demandes de la Sainte Vierge à Fatima: :les 1ers samedis du mois. Il répond à la question: &#8220;Que va pouvoir faire un petit groupe de fidèles face à ce qui est devenu une tragédie planétaire?&#8221; (p 39) Et il pose la question: &#8220;Quand nous emparerons-nous de cette arme de paix que sont les premiers samedis, comme les puissants de ce monde s&#8217;emparent des armes de guerre?&#8221;</p>



<p class="has-medium-font-size wp-block-paragraph">Como comprar</p>



<p class="has-vivid-cyan-blue-color has-text-color wp-block-paragraph"><a rel="noreferrer noopener" href="http://www.chire.fr/A-202307-la-force-des-premiers-samedis.aspx" data-type="URL" data-id="http://www.chire.fr/A-202307-la-force-des-premiers-samedis.aspx" target="_blank">http://www.chire.fr/A-202307-la-force-des-premiers-samedis.aspx</a></p>



<p class="has-vivid-cyan-blue-color has-text-color wp-block-paragraph"><a rel="noreferrer noopener" href="https://www.librairietequi.com/A-59127-la-force-des-premiers-samedis.aspx" data-type="URL" data-id="https://www.librairietequi.com/A-59127-la-force-des-premiers-samedis.aspx" target="_blank">https://www.librairietequi.com/A-59127-la-force-des-premiers-samedis.aspx</a></p>
