{"id":2122,"date":"2021-05-15T00:16:26","date_gmt":"2021-05-14T22:16:26","guid":{"rendered":"https:\/\/salve-corda.org\/?post_type=sites-livres&#038;p=2122"},"modified":"2021-09-30T03:26:41","modified_gmt":"2021-09-30T01:26:41","slug":"christus-vincit","status":"publish","type":"sites-livres","link":"https:\/\/salve-corda.org\/pt\/sites-livres\/christus-vincit\/","title":{"rendered":"Christus Vincit por Mons. Schneider"},"content":{"rendered":"<p class=\"has-medium-font-size wp-block-paragraph\">Autor: Monsenhor Athanasius Schneider<\/p>\n\n\n\n<p class=\"has-medium-font-size wp-block-paragraph\">Monsenhor Schneider \u00e9 bispo de <meta charset=\"utf-8\">Kazakhstan. Il a v\u00e9cu dans sa jeunesse en Russie sous la dictature communiste. Le message de Fatima l&#8217;a particuli\u00e8rement touch\u00e9 car il sait ce qu&#8217;est un r\u00e9gime totalitaire que la Sainte Vierge veut nous \u00e9viter. Devenu \u00e9v\u00eaque au Kazakhstan sur d\u00e9cision personnelle de Benoit XVI,  il a fait b\u00e2tir en 2012 une immense cath\u00e9drale de Fatima dans un beau style n\u00e9ogothique. En 2020 il d\u00e9cide d&#8217;\u00e9crire un livre sur sa vie et la situation du monde moderne. <br><span style=\"color:#0371a0\" class=\"has-inline-color\"><em>\u201cCe livre sera d&#8217;une aide puissante pour les fid\u00e8les et pour tous les hommes de bonne volont\u00e9, en leur donnant une orientation juste en ces temps o\u00f9 dominent de graves confusions, les divisions et l&#8217;erreur.\u201c<\/em><\/span>  Cardeal Raymond Burke.<\/p>\n\n\n\n<p class=\"has-medium-font-size wp-block-paragraph\">Para comprar o livro<\/p>\n\n\n\n<p class=\"has-vivid-cyan-blue-color has-text-color wp-block-paragraph\"><a rel=\"noreferrer noopener\" href=\"http:\/\/www.chire.fr\/A-220440-christus-vincit-le-triomphe-du-christ-sur-les-tenebres-de-notre-temps.aspx\" data-type=\"URL\" data-id=\"http:\/\/www.chire.fr\/A-220440-christus-vincit-le-triomphe-du-christ-sur-les-tenebres-de-notre-temps.aspx\" target=\"_blank\"><span class=\"has-inline-color has-vivid-cyan-blue-color\">http:\/\/www.chire.fr\/A-220440-christus-vincit-le-triomphe-du-christ-sur-les-tenebres-de-notre-temps.aspx<\/span><\/a><\/p>\n\n\n\n<p class=\"has-vivid-cyan-blue-color has-text-color has-normal-font-size wp-block-paragraph\"><a rel=\"noreferrer noopener\" href=\"https:\/\/www.livresenfamille.fr\/crise-dans-l-eglise\/19773-mgr-athanasius-schneider-christus-vincit-le-triomphe-du-christ-sur-les-tenebres-de-notre-temps.html\" data-type=\"URL\" data-id=\"https:\/\/www.livresenfamille.fr\/crise-dans-l-eglise\/19773-mgr-athanasius-schneider-christus-vincit-le-triomphe-du-christ-sur-les-tenebres-de-notre-temps.html\" target=\"_blank\">https:\/\/www.livresenfamille.fr\/crise-dans-l-eglise\/19773-mgr-athanasius-schneider-christus-vincit-le-triomphe-du-christ-sur-les-tenebres-de-notre-temps.html<\/a><\/p>","protected":false},"featured_media":2126,"template":"","class_list":["post-2122","sites-livres","type-sites-livres","status-publish","has-post-thumbnail","hentry"],"_links":{"self":[{"href":"https:\/\/salve-corda.org\/pt\/wp-json\/wp\/v2\/sites-livres\/2122","targetHints":{"allow":["GET"]}}],"collection":[{"href":"https:\/\/salve-corda.org\/pt\/wp-json\/wp\/v2\/sites-livres"}],"about":[{"href":"https:\/\/salve-corda.org\/pt\/wp-json\/wp\/v2\/types\/sites-livres"}],"version-history":[{"count":0,"href":"https:\/\/salve-corda.org\/pt\/wp-json\/wp\/v2\/sites-livres\/2122\/revisions"}],"wp:featuredmedia":[{"embeddable":true,"href":"https:\/\/salve-corda.org\/pt\/wp-json\/wp\/v2\/media\/2126"}],"wp:attachment":[{"href":"https:\/\/salve-corda.org\/pt\/wp-json\/wp\/v2\/media?parent=2122"}],"curies":[{"name":"wp","href":"https:\/\/api.w.org\/{rel}","templated":true}]}}

<p class="has-medium-font-size wp-block-paragraph">Autor: Monsenhor Athanasius Schneider</p>



<p class="has-medium-font-size wp-block-paragraph">Monsenhor Schneider é bispo de <meta charset="utf-8">Kazakhstan. Il a vécu dans sa jeunesse en Russie sous la dictature communiste. Le message de Fatima l&#8217;a particulièrement touché car il sait ce qu&#8217;est un régime totalitaire que la Sainte Vierge veut nous éviter. Devenu évêque au Kazakhstan sur décision personnelle de Benoit XVI,  il a fait bâtir en 2012 une immense cathédrale de Fatima dans un beau style néogothique. En 2020 il décide d&#8217;écrire un livre sur sa vie et la situation du monde moderne. <br><span style="color:#0371a0" class="has-inline-color"><em>“Ce livre sera d&#8217;une aide puissante pour les fidèles et pour tous les hommes de bonne volonté, en leur donnant une orientation juste en ces temps où dominent de graves confusions, les divisions et l&#8217;erreur.“</em></span>  Cardeal Raymond Burke.</p>



<p class="has-medium-font-size wp-block-paragraph">Para comprar o livro</p>



<p class="has-vivid-cyan-blue-color has-text-color wp-block-paragraph"><a rel="noreferrer noopener" href="http://www.chire.fr/A-220440-christus-vincit-le-triomphe-du-christ-sur-les-tenebres-de-notre-temps.aspx" data-type="URL" data-id="http://www.chire.fr/A-220440-christus-vincit-le-triomphe-du-christ-sur-les-tenebres-de-notre-temps.aspx" target="_blank"><span class="has-inline-color has-vivid-cyan-blue-color">http://www.chire.fr/A-220440-christus-vincit-le-triomphe-du-christ-sur-les-tenebres-de-notre-temps.aspx</span></a></p>



<p class="has-vivid-cyan-blue-color has-text-color has-normal-font-size wp-block-paragraph"><a rel="noreferrer noopener" href="https://www.livresenfamille.fr/crise-dans-l-eglise/19773-mgr-athanasius-schneider-christus-vincit-le-triomphe-du-christ-sur-les-tenebres-de-notre-temps.html" data-type="URL" data-id="https://www.livresenfamille.fr/crise-dans-l-eglise/19773-mgr-athanasius-schneider-christus-vincit-le-triomphe-du-christ-sur-les-tenebres-de-notre-temps.html" target="_blank">https://www.livresenfamille.fr/crise-dans-l-eglise/19773-mgr-athanasius-schneider-christus-vincit-le-triomphe-du-christ-sur-les-tenebres-de-notre-temps.html</a></p>
